000
CXUS53 KGID 011242
CF6HDE
PRELIMINARY LOCAL CLIMATOLOGICAL DATA (WS FORM: F-6)
STATION: HOLDREGE
MONTH: JUNE
YEAR: 2020
LATITUDE: 40 27 N
LONGITUDE: 99 20 W
TEMPERATURE IN F: :PCPN: SNOW: WIND :SUNSHINE: SKY :PK WND
================================================================================
1 2 3 4 5 6A 6B 7 8 9 10 11 12 13 14 15 16 17 18
12Z AVG MX 2MIN
DY MAX MIN AVG DEP HDD CDD WTR SNW DPTH SPD SPD DIR MIN PSBL S-S WX SPD DR
================================================================================
1 95 68 82 17 0 17 0.00 M M 18.3 23 200 M M 0 32 200
2 95 65 80 14 0 15 0.65 M M 11.4 28 360 M M 1 3 36 360
3 90 62 76 10 0 11 T M M 8.2 20 10 M M 1 3 25 230
4 94 60 77 11 0 12 T M M 5.9 12 200 M M 1 3 16 170
5 92 64 78 11 0 13 0.00 M M 6.9 14 110 M M 0 M M
6 97 71 84 17 0 19 0.00 M M 14.3 27 180 M M 1 3 35 160
7 93 74 84 16 0 19 0.00 M M 24.2 31 170 M M 0 44 160
8 92 72 82 14 0 17 0.00 M M 21.6 27 160 M M 3 36 160
9 76 53 65 -3 0 0 0.44 M M 24.0 35 350 M M 8 3 53 350
10 76 51 64 -4 1 0 0.00 M M 12.1 21 320 M M 0 30 330
11 87 57 72 3 0 7 0.00 M M 7.5 15 270 M M 0 16 260
12 90 56 73 4 0 8 0.00 M M 7.5 14 130 M M 0 8 21 130
13 92 57 75 5 0 10 0.00 M M 11.7 18 130 M M 0 27 130
14 92 68 80 10 0 15 0.00 M M 17.9 25 200 M M 0 37 190
15 92 73 83 13 0 18 0.00 M M 20.2 28 180 M M 0 38 180
16 92 68 80 10 0 15 0.00 M M 20.2 28 160 M M 0 40 180
17 94 71 83 12 0 18 0.00 M M 21.5 32 180 M M 0 41 180
18 78 60 69 -2 0 4 0.00 M M 13.9 23 10 M M 4 28 10
19 69 58 64 -7 1 0 0.48 M M 7.8 14 60 M M 8 3 M M
20 83 61 72 0 0 7 0.02 M M 4.3 13 150 M M 5 138 M M
21 82 64 73 1 0 8 0.08 M M 11.4 21 180 M M 1 3 28 180
22 83 58 71 -1 0 6 T M M 6.6 22 20 M M 3 1 27 20
23 82 56 69 -3 0 4 0.00 M M 6.4 12 40 M M 1 18 320
24 88 57 73 0 0 8 0.00 M M 8.3 17 120 M M 1 21 120
25 94 62 78 5 0 13 T M M 10.7 16 170 M M 0 21 170
26 88 68 78 5 0 13 0.00 M M 6.3 12 40 M M 0 M M
27 89 68 79 6 0 14 0.01 M M 9.2 15 200 M M 2 3 25 170
28 90 64 77 3 0 12 0.06 M M 10.3 17 110 M M 2 3 28 280
29 92 74 83 9 0 18 0.00 M M 15.2 22 140 M M 3 31 140
30 93 70 82 8 0 17 0.00 M M 11.5 18 330 M M 3 3 29 330
================================================================================
SM 2650 1910 2 338 1.74 M 375.3 M 48
================================================================================
AV 88.3 63.7 12.5 FASTST M M 2 MAX(MPH)
MISC ----> # 35 350 # M M
================================================================================
NOTES:
# LAST OF SEVERAL OCCURRENCES
COLUMN 17 PEAK WIND IN M.P.H.
PRELIMINARY LOCAL CLIMATOLOGICAL DATA (WS FORM: F-6) , PAGE 2
STATION: HOLDREGE
MONTH: JUNE
YEAR: 2020
LATITUDE: 40 27 N
LONGITUDE: 99 20 W
[TEMPERATURE DATA] [PRECIPITATION DATA] SYMBOLS USED IN COLUMN 16
AVERAGE MONTHLY: 76.0 TOTAL FOR MONTH: 1.74 1 = FOG OR MIST
DPTR FM NORMAL: 5.9 DPTR FM NORMAL: -2.21 2 = FOG REDUCING VISIBILITY
HIGHEST: 97 ON 6 GRTST 24HR 0.65 ON 2- 2 TO 1/4 MILE OR LESS
LOWEST: 51 ON 10 3 = THUNDER
SNOW, ICE PELLETS, HAIL 4 = ICE PELLETS
TOTAL MONTH: M 5 = HAIL
GRTST 24HR M ON M 6 = FREEZING RAIN OR DRIZZLE
GRTST DEPTH: M ON M 7 = DUSTSTORM OR SANDSTORM:
VSBY 1/2 MILE OR LESS
8 = SMOKE OR HAZE
[NO. OF DAYS WITH] [WEATHER - DAYS WITH] 9 = BLOWING SNOW
X = TORNADO
MAX 32 OR BELOW: 0 0.01 INCH OR MORE: 7
MAX 90 OR ABOVE: 18 0.10 INCH OR MORE: 3
MIN 32 OR BELOW: 0 0.50 INCH OR MORE: 1
MIN 0 OR BELOW: 0 1.00 INCH OR MORE: 0
[HDD (BASE 65) ]
TOTAL THIS MO. 2 CLEAR (SCALE 0-3) 25
DPTR FM NORMAL -30 PTCLDY (SCALE 4-7) 4
TOTAL FM JUL 1 5793 CLOUDY (SCALE 8-10) 1
DPTR FM NORMAL -476
[CDD (BASE 65) ]
TOTAL THIS MO. 338
DPTR FM NORMAL 153 [PRESSURE DATA]
TOTAL FM JAN 1 363 HIGHEST SLP M ON M
DPTR FM NORMAL 128 LOWEST SLP M ON M
[REMARKS]
#FINAL-06-20#