000
CXUS54 KEWX 011010
CF6HDO
PRELIMINARY LOCAL CLIMATOLOGICAL DATA (WS FORM: F-6)
STATION: HONDO
MONTH: SEPTEMBER
YEAR: 2021
LATITUDE: 29 21 N
LONGITUDE: 99 10 W
TEMPERATURE IN F: :PCPN: SNOW: WIND :SUNSHINE: SKY :PK WND
================================================================================
1 2 3 4 5 6A 6B 7 8 9 10 11 12 13 14 15 16 17 18
12Z AVG MX 2MIN
DY MAX MIN AVG DEP HDD CDD WTR SNW DPTH SPD SPD DIR MIN PSBL S-S WX SPD DR
================================================================================
1 98 77 88 5 0 23 0.00 M M 9.6 20 140 M M 4 18 27 140
2 99 75 87 5 0 22 0.00 M M 10.2 18 130 M M 3 27 150
3 98 78 88 6 0 23 0.00 M M 9.4 17 130 M M 3 24 130
4 98 77 88 6 0 23 0.00 M M 9.1 21 150 M M 4 30 160
5 99 69 84 2 0 19 0.00 M M 5.4 12 150 M M 0 16 170
6 101 71 86 4 0 21 0.12 M M 7.4 40 20 M M 2 38 55 20
7 98 70 84 3 0 19 0.00 M M 5.3 13 70 M M 1 16 80
8 100 70 85 4 0 20 0.00 M M 7.1 17 70 M M 0 25 30
9 98 66 82 1 0 17 0.00 M M 7.6 16 80 M M 0 23 40
10 97 62 80 -1 0 15 M M M 6.9 15 80 M M 0 21 50
11 93 64 79 -2 0 14 0.00 M M 6.4 15 120 M M 1 20 110
12 94 68 81 1 0 16 0.00 M M 7.1 22 150 M M 4 30 170
13 89 72 81 1 0 16 0.00 M M 9.2 25 110 M M 6 31 110
14 98 65 82 2 0 17 0.00 M M 8.2 17 80 M M 1 26 10
15 92 66 79 -1 0 14 0.00 M M 7.5 15 60 M M 2 25 90
16 94 66 80 0 0 15 0.00 M M 5.3 12 140 M M 1 15 140
17 99 69 84 5 0 19 0.00 M M 5.9 12 130 M M 0 16 140
18 96 72 84 5 0 19 0.34 M M 5.9 22 320 M M 2 31 140
19 98 69 84 5 0 19 0.00 M M 5.8 14 150 M M 1 19 150
20 101 70 86 7 0 21 0.00 M M 7.2 16 150 M M 0 23 160
21 99 76 88 10 0 23 0.01 M M 9.1 23 40 M M 4 13 33 40
22 89 56 73 -5 0 8 0.00 M M 10.2 23 40 M M 3 32 40
23 89 50 70 -8 0 5 0.00 M M 6.7 13 130 M M 0 17 120
24 89 51 70 -8 0 5 0.00 M M 7.0 13 130 M M 0 21 80
25 89 56 73 -4 0 8 0.00 M M 6.2 16 110 M M 0 21 110
26 90 54 72 -5 0 7 0.00 M M 6.9 14 150 M M 0 20 140
27 93 64 79 2 0 14 0.00 M M 6.5 16 140 M M 1 24 160
28 97 74 86 9 0 21 T M M 7.4 16 40 M M 5 3 23 200
29 89 67 78 2 0 13 0.40 M M 9.3 22 60 M M 5 138 30 90
30 94 72 83 7 0 18 0.00 M M 8.1 24 110 M M 5 1 31 110
================================================================================
SM 2858 2016 0 494 0.87 M 223.9 M 58
================================================================================
AV 95.3 67.2 7.5 FASTST M M 2 MAX(MPH)
MISC ----> 40 20 55 20
================================================================================
NOTES:
# LAST OF SEVERAL OCCURRENCES
COLUMN 17 PEAK WIND IN M.P.H.
PRELIMINARY LOCAL CLIMATOLOGICAL DATA (WS FORM: F-6) , PAGE 2
STATION: HONDO
MONTH: SEPTEMBER
YEAR: 2021
LATITUDE: 29 21 N
LONGITUDE: 99 10 W
[TEMPERATURE DATA] [PRECIPITATION DATA] SYMBOLS USED IN COLUMN 16
AVERAGE MONTHLY: 81.2 TOTAL FOR MONTH: 0.87 1 = FOG OR MIST
DPTR FM NORMAL: 1.6 DPTR FM NORMAL: -1.89 2 = FOG REDUCING VISIBILITY
HIGHEST: 101 ON 20, 6 GRTST 24HR 0.40 ON 28-29 TO 1/4 MILE OR LESS
LOWEST: 50 ON 23 3 = THUNDER
SNOW, ICE PELLETS, HAIL 4 = ICE PELLETS
TOTAL MONTH: M 5 = HAIL
GRTST 24HR M ON M 6 = FREEZING RAIN OR DRIZZLE
GRTST DEPTH: M ON M 7 = DUSTSTORM OR SANDSTORM:
VSBY 1/2 MILE OR LESS
8 = SMOKE OR HAZE
[NO. OF DAYS WITH] [WEATHER - DAYS WITH] 9 = BLOWING SNOW
X = TORNADO
MAX 32 OR BELOW: 0 0.01 INCH OR MORE: 4
MAX 90 OR ABOVE: 24 0.10 INCH OR MORE: 3
MIN 32 OR BELOW: 0 0.50 INCH OR MORE: 0
MIN 0 OR BELOW: 0 1.00 INCH OR MORE: 0
[HDD (BASE 65) ]
TOTAL THIS MO. 0 CLEAR (SCALE 0-3) 20
DPTR FM NORMAL -1 PTCLDY (SCALE 4-7) 10
TOTAL FM JUL 1 0 CLOUDY (SCALE 8-10) 0
DPTR FM NORMAL 0
[CDD (BASE 65) ]
TOTAL THIS MO. 494
DPTR FM NORMAL 57 [PRESSURE DATA]
TOTAL FM JAN 1 2727 HIGHEST SLP 30.31 ON 22
DPTR FM NORMAL -124 LOWEST SLP 29.67 ON 28
[REMARKS]
#FINAL-09-21#