000
CXUS53 KBIS 010930
CF6HEI
PRELIMINARY LOCAL CLIMATOLOGICAL DATA (WS FORM: F-6)
STATION: HETTINGER ND
MONTH: NOVEMBER
YEAR: 2023
LATITUDE: 46 0 N
LONGITUDE: 102 39 W
TEMPERATURE IN F: :PCPN: SNOW: WIND :SUNSHINE: SKY :PK WND
================================================================================
1 2 3 4 5 6A 6B 7 8 9 10 11 12 13 14 15 16 17 18
12Z AVG MX 2MIN
DY MAX MIN AVG DEP HDD CDD WTR SNW DPTH SPD SPD DIR MIN PSBL S-S WX SPD DR
================================================================================
1 42 20 31 -4 34 0 0.00 M M 6.4 14 290 M M 0 1 18 290
2 52 18 35 0 30 0 0.00 M M 4.4 12 210 M M 3 12 14 250
3 46 33 40 5 25 0 0.00 M M 3.7 9 210 M M 8 13 340
4 61 30 46 12 19 0 0.00 M M 5.8 15 280 M M 1 20 270
5 62 34 48 14 17 0 T M M 7.5 18 280 M M 4 24 310
6 58 31 45 12 20 0 0.00 M M 8.0 17 120 M M 2 1 24 110
7 59 30 45 12 20 0 0.00 M M 8.3 21 300 M M 4 12 26 300
8 49 27 38 6 27 0 0.00 M M 15.3 33 300 M M 1 49 300
9 34 16 25 -7 40 0 M M M 12.2 32 310 M M 6 12 42 310
10 43 14 29 -3 36 0 0.00 M M 6.7 15 130 M M 3 20 140
11 55 18 37 6 28 0 0.00 M M 6.7 14 150 M M 1 1 19 160
12 58 21 40 9 25 0 0.00 M M 9.9 30 300 M M 1 45 310
13 57 22 40 10 25 0 0.00 M M 6.2 18 120 M M 0 26 100
14 57 21 39 9 26 0 0.00 M M 7.3 23 330 M M 0 31 330
15 64 22 43 13 22 0 0.00 M M 2.9 13 230 M M 0 17 230
16 45 18 32 3 33 0 0.00 M M 9.4 32 310 M M 2 45 350
17 57 22 40 11 25 0 0.00 M M 7.5 22 290 M M 0 27 270
18 60 22 41 13 24 0 0.00 M M 1.1 7 70 M M 0 10 110
19 48 20 34 6 31 0 0.00 M M 2.8 9 290 M M 3 12 140
20 51 29 40 12 25 0 0.00 M M 13.4 28 320 M M 4 42 320
21 52 17 35 8 30 0 0.00 M M 6.8 15 260 M M 0 20 260
22 56 26 41 14 24 0 0.00 M M 12.2 26 290 M M 3 44 300
23 29 1 15 -11 50 0 0.00 M M 8.1 15 360 M M 5 19 20
24 26 -2 12 -14 53 0 0.00 M M 4.6 13 180 M M 0 18 190
25 37 6 22 -4 43 0 T M M 12.0 30 310 M M 4 1 43 320
26 30 9 20 -5 45 0 M M M 16.4 32 310 M M 6 1 43 320
27 36 16 26 1 39 0 M M M 8.4 21 300 M M 5 1 25 300
28 51 20 36 12 29 0 0.00 M M 10.8 25 280 M M 0 31 270
29 52 10 31 7 34 0 0.00 M M 6.6 21 290 M M 0 25 280
30 35 11 23 -1 42 0 0.00 M M 3.4 12 310 M M 0 15 310
================================================================================
SM 1462 582 921 0 T M 234.8 M 66
================================================================================
AV 48.7 19.4 7.8 FASTST M M 2 MAX(MPH)
MISC ----> 33 300 49 300
================================================================================
NOTES:
# LAST OF SEVERAL OCCURRENCES
COLUMN 17 PEAK WIND IN M.P.H.
PRELIMINARY LOCAL CLIMATOLOGICAL DATA (WS FORM: F-6) , PAGE 2
STATION: HETTINGER ND
MONTH: NOVEMBER
YEAR: 2023
LATITUDE: 46 0 N
LONGITUDE: 102 39 W
[TEMPERATURE DATA] [PRECIPITATION DATA] SYMBOLS USED IN COLUMN 16
AVERAGE MONTHLY: 34.1 TOTAL FOR MONTH: T 1 = FOG OR MIST
DPTR FM NORMAL: 4.7 DPTR FM NORMAL: -0.54 2 = FOG REDUCING VISIBILITY
HIGHEST: 64 ON 15 GRTST 24HR T ON 3- 3 TO 1/4 MILE OR LESS
LOWEST: -2 ON 24 3 = THUNDER
SNOW, ICE PELLETS, HAIL 4 = ICE PELLETS
TOTAL MONTH: M 5 = HAIL
GRTST 24HR M ON M 6 = FREEZING RAIN OR DRIZZLE
GRTST DEPTH: M ON M 7 = DUSTSTORM OR SANDSTORM:
VSBY 1/2 MILE OR LESS
8 = SMOKE OR HAZE
[NO. OF DAYS WITH] [WEATHER - DAYS WITH] 9 = BLOWING SNOW
X = TORNADO
MAX 32 OR BELOW: 3 0.01 INCH OR MORE: 0
MAX 90 OR ABOVE: 0 0.10 INCH OR MORE: 0
MIN 32 OR BELOW: 28 0.50 INCH OR MORE: 0
MIN 0 OR BELOW: 1 1.00 INCH OR MORE: 0
[HDD (BASE 65) ]
TOTAL THIS MO. 921 CLEAR (SCALE 0-3) 20
DPTR FM NORMAL -145 PTCLDY (SCALE 4-7) 10
TOTAL FM JUL 1 1811 CLOUDY (SCALE 8-10) 0
DPTR FM NORMAL -263
[CDD (BASE 65) ]
TOTAL THIS MO. 0
DPTR FM NORMAL 0 [PRESSURE DATA]
TOTAL FM JAN 1 434 HIGHEST SLP 30.75 ON 24
DPTR FM NORMAL 47 LOWEST SLP 29.56 ON 16
[REMARKS]
#FINAL-11-23#