000
CXUS51 KLWX 011434
CF6HGR
PRELIMINARY LOCAL CLIMATOLOGICAL DATA (WS FORM: F-6)
STATION: HAGERSTOWN MD
MONTH: SEPTEMBER
YEAR: 2021
LATITUDE: 39 42 N
LONGITUDE: 77 43 W
TEMPERATURE IN F: :PCPN: SNOW: WIND :SUNSHINE: SKY :PK WND
================================================================================
1 2 3 4 5 6A 6B 7 8 9 10 11 12 13 14 15 16 17 18
12Z AVG MX 2MIN
DY MAX MIN AVG DEP HDD CDD WTR SNW DPTH SPD SPD DIR MIN PSBL S-S WX SPD DR
================================================================================
1 71 64 68 -5 0 3 3.90 M M 10.3 25 10 M M 10 1 35 20
2 78 56 67 -6 0 2 0.00 M M 8.8 21 320 M M 0 27 310
3 77 52 65 -7 0 0 0.00 M M 3.5 13 20 M M 1 17 350
4 79 59 69 -3 0 4 0.00 M M 4.8 14 150 M M 2 16 150
5 73 65 69 -3 0 4 0.11 M M 5.4 12 190 M M 9 1 16 200
6 83 65 74 2 0 9 T M M 7.2 21 280 M M 4 26 280
7 86 55 71 0 0 6 0.00 M M 5.4 15 180 M M 1 17 190
8 88 66 77 6 0 12 0.20 M M 8.4 17 320 M M 3 13 30 320
9 77 61 69 -2 0 4 0.33 M M 4.9 15 310 M M 6 13 15 310
10 82 58 70 0 0 5 0.00 M M 6.7 17 330 M M 1 22 320
11 78 55 67 -3 0 2 0.00 M M 5.9 15 180 M M 1 19 190
12 87 63 75 5 0 10 0.00 M M 8.3 17 220 M M 0 24 220
13 84 72 78 8 0 13 0.00 M M 5.7 15 280 M M 1 19 270
14 85 67 76 7 0 11 0.00 M M 4.1 12 170 M M 2 18 14 180
15 87 69 78 9 0 13 0.25 M M 6.3 18 180 M M 3 13 25 180
16 80 68 74 6 0 9 0.08 M M 4.7 14 120 M M 7 18 18 130
17 81 70 76 8 0 11 T M M 4.5 10 80 M M 7 18 14 50
18 87 67 77 9 0 12 0.00 M M 3.3 15 330 M M 4 12 18 320
19 81 61 71 4 0 6 0.00 M M 4.3 10 30 M M 2 1 14 40
20 77 58 68 1 0 3 0.00 M M 6.3 13 130 M M 6 17 150
21 77 60 69 2 0 4 0.01 M M 5.0 12 150 M M 8 14 150
22 78 63 71 5 0 6 0.56 M M 12.4 24 150 M M 9 18 34 160
23 71 52 62 -4 3 0 0.80 M M 6.3 23 280 M M 7 13 29 290
24 72 49 61 -4 4 0 0.00 M M 4.0 12 290 M M 0 16 260
25 73 50 62 -3 3 0 T M M 4.3 12 280 M M 1 16 270
26 74 53 64 -1 1 0 0.00 M M 7.5 22 280 M M 0 29 300
27 80 55 68 4 0 3 0.00 M M 8.1 17 190 M M 1 22 180
28 76 62 69 5 0 4 0.01 M M 6.5 16 270 M M 3 22 260
29 71 54 63 0 2 0 0.00 M M 5.7 13 340 M M 1 17 320
30 70 49 60 -3 5 0 0.00 M M 5.3 15 340 M M 1 22 10
================================================================================
SM 2363 1798 18 156 6.25 M 183.9 M 101
================================================================================
AV 78.8 59.9 6.1 FASTST M M 3 MAX(MPH)
MISC ----> 25 10 35 20
================================================================================
NOTES:
# LAST OF SEVERAL OCCURRENCES
COLUMN 17 PEAK WIND IN M.P.H.
PRELIMINARY LOCAL CLIMATOLOGICAL DATA (WS FORM: F-6) , PAGE 2
STATION: HAGERSTOWN MD
MONTH: SEPTEMBER
YEAR: 2021
LATITUDE: 39 42 N
LONGITUDE: 77 43 W
[TEMPERATURE DATA] [PRECIPITATION DATA] SYMBOLS USED IN COLUMN 16
AVERAGE MONTHLY: 69.4 TOTAL FOR MONTH: 6.25 1 = FOG OR MIST
DPTR FM NORMAL: 1.0 DPTR FM NORMAL: 2.42 2 = FOG REDUCING VISIBILITY
HIGHEST: 88 ON 8 GRTST 24HR 3.91 ON 31- 1 TO 1/4 MILE OR LESS
LOWEST: 49 ON 30,24 3 = THUNDER
SNOW, ICE PELLETS, HAIL 4 = ICE PELLETS
TOTAL MONTH: M 5 = HAIL
GRTST 24HR M ON M 6 = FREEZING RAIN OR DRIZZLE
GRTST DEPTH: M ON M 7 = DUSTSTORM OR SANDSTORM:
VSBY 1/2 MILE OR LESS
8 = SMOKE OR HAZE
[NO. OF DAYS WITH] [WEATHER - DAYS WITH] 9 = BLOWING SNOW
X = TORNADO
MAX 32 OR BELOW: 0 0.01 INCH OR MORE: 10
MAX 90 OR ABOVE: 0 0.10 INCH OR MORE: 7
MIN 32 OR BELOW: 0 0.50 INCH OR MORE: 3
MIN 0 OR BELOW: 0 1.00 INCH OR MORE: 1
[HDD (BASE 65) ]
TOTAL THIS MO. 18 CLEAR (SCALE 0-3) 18
DPTR FM NORMAL -26 PTCLDY (SCALE 4-7) 9
TOTAL FM JUL 1 18 CLOUDY (SCALE 8-10) 3
DPTR FM NORMAL -27
[CDD (BASE 65) ]
TOTAL THIS MO. 156
DPTR FM NORMAL 11 [PRESSURE DATA]
TOTAL FM JAN 1 1381 HIGHEST SLP 30.32 ON 21
DPTR FM NORMAL 155 LOWEST SLP 29.57 ON 1
[REMARKS]
#FINAL-09-21#