000
CXUS54 KHGX 012238
CF6HGX
PRELIMINARY LOCAL CLIMATOLOGICAL DATA (WS FORM: F-6)
STATION: DICKINSON WFO
MONTH: AUGUST
YEAR: 2023
LATITUDE: 29 28 N
LONGITUDE: 95 5 W
TEMPERATURE IN F: :PCPN: SNOW: WIND :SUNSHINE: SKY :PK WND
================================================================================
1 2 3 4 5 6A 6B 7 8 9 10 11 12 13 14 15 16 17 18
12Z AVG MX 2MIN
DY MAX MIN AVG DEP HDD CDD WTR SNW DPTH SPD SPD DIR MIN PSBL S-S WX SPD DR
================================================================================
1 99 80 90 6 0 25 0.00 0.0 0 M M M M M M M M
2 98 77 88 4 0 23 0.00 0.0 0 M M M M M M M M
3 96 79 88 4 0 23 0.00 0.0 0 M M M M M M M M
4 98 81 90 5 0 25 0.00 0.0 0 M M M M M M M M
5 98 80 89 4 0 24 0.00 0.0 0 M M M M M M M M
6 97 81 89 4 0 24 0.00 0.0 0 M M M M M M M M
7 98 80 89 4 0 24 0.00 0.0 0 M M M M M M M M
8 98 81 90 5 0 25 0.00 0.0 0 M M M M M M M M
9 96 82 89 4 0 24 0.00 0.0 0 M M M M M M M M
10 97 82 90 6 0 25 0.00 0.0 0 M M M M M M M M
11 97 82 90 6 0 25 0.00 0.0 0 M M M M M M M M
12 98 82 90 6 0 25 0.00 0.0 0 M M M M M M M M
13 98 78 88 4 0 23 0.00 0.0 0 M M M M M M M M
14 100 78 89 5 0 24 0.00 0.0 0 M M M M M M M M
15 103 81 92 8 0 27 T 0.0 0 M M M M M M M M
16 96 77 87 3 0 22 0.00 0.0 0 M M M M M M M M
17 100 75 88 4 0 23 0.00 0.0 0 M M M M M M 1 M M
18 99 79 89 5 0 24 0.00 0.0 0 M M M M M M M M
19 100 76 88 4 0 23 0.00 0.0 0 M M M M M M M M
20 105 80 93 9 0 28 0.00 0.0 0 M M M M M M M M
21 97 79 88 4 0 23 0.00 0.0 0 M M M M M M M M
22 92 78 85 1 0 20 0.56 0.0 0 M M M M M M 3 M M
23 98 77 88 4 0 23 0.00 0.0 0 M M M M M M M M
24 105 79 92 8 0 27 0.00 0.0 0 M M M M M M M M
25 98 77 88 4 0 23 0.00 0.0 0 M M M M M M M M
26 100 77 89 5 0 24 0.00 0.0 0 M M M M M M M M
27 107 77 92 9 0 27 0.00 0.0 0 M M M M M M M M
28 97 76 87 4 0 22 0.19 0.0 0 M M M M M M 3 M M
29 97 76 87 4 0 22 0.00 0.0 0 M M M M M M M M
30 99 74 87 4 0 22 0.00 0.0 0 M M M M M M M M
31 97 72 85 2 0 20 0.00 0.0 0 M M M M M M M M
================================================================================
SM 3058 2433 0 739 0.75 0.0 M M M
================================================================================
AV 98.6 78.5 M FASTST M M M MAX(MPH)
MISC ----> M M M M
================================================================================
NOTES:
# LAST OF SEVERAL OCCURRENCES
COLUMN 17 PEAK WIND IN M.P.H.
PRELIMINARY LOCAL CLIMATOLOGICAL DATA (WS FORM: F-6) , PAGE 2
STATION: DICKINSON WFO
MONTH: AUGUST
YEAR: 2023
LATITUDE: 29 28 N
LONGITUDE: 95 5 W
[TEMPERATURE DATA] [PRECIPITATION DATA] SYMBOLS USED IN COLUMN 16
AVERAGE MONTHLY: 88.6 TOTAL FOR MONTH: 0.75 1 = FOG OR MIST
DPTR FM NORMAL: 4.5 DPTR FM NORMAL: -5.89 2 = FOG REDUCING VISIBILITY
HIGHEST: 107 ON 27 GRTST 24HR 0.56 ON 22-22 TO 1/4 MILE OR LESS
LOWEST: 72 ON 31 3 = THUNDER
SNOW, ICE PELLETS, HAIL 4 = ICE PELLETS
TOTAL MONTH: 0.0 INCH 5 = HAIL
GRTST 24HR 0.0 6 = FREEZING RAIN OR DRIZZLE
GRTST DEPTH: 0 7 = DUSTSTORM OR SANDSTORM:
VSBY 1/2 MILE OR LESS
8 = SMOKE OR HAZE
[NO. OF DAYS WITH] [WEATHER - DAYS WITH] 9 = BLOWING SNOW
X = TORNADO
MAX 32 OR BELOW: 0 0.01 INCH OR MORE: 2
MAX 90 OR ABOVE: 31 0.10 INCH OR MORE: 2
MIN 32 OR BELOW: 0 0.50 INCH OR MORE: 1
MIN 0 OR BELOW: 0 1.00 INCH OR MORE: 0
[HDD (BASE 65) ]
TOTAL THIS MO. 0 CLEAR (SCALE 0-3) 0
DPTR FM NORMAL 0 PTCLDY (SCALE 4-7) 0
TOTAL FM JUL 1 0 CLOUDY (SCALE 8-10) 31
DPTR FM NORMAL 0
[CDD (BASE 65) ]
TOTAL THIS MO. 739
DPTR FM NORMAL 147 [PRESSURE DATA]
TOTAL FM JAN 1 2794 HIGHEST SLP M ON M
DPTR FM NORMAL 406 LOWEST SLP M ON M
[REMARKS]
#FINAL-08-23#