000
CXUS56 KHNX 011146
CF6HJO
PRELIMINARY LOCAL CLIMATOLOGICAL DATA (WS FORM: F-6)
STATION: HANFORD CA AIRPORT
MONTH: AUGUST
YEAR: 2020
LATITUDE: 36 19 N
LONGITUDE: 119 38 W
TEMPERATURE IN F: :PCPN: SNOW: WIND :SUNSHINE: SKY :PK WND
================================================================================
1 2 3 4 5 6A 6B 7 8 9 10 11 12 13 14 15 16 17 18
12Z AVG MX 2MIN
DY MAX MIN AVG DEP HDD CDD WTR SNW DPTH SPD SPD DIR MIN PSBL S-S WX SPD DR
================================================================================
1 101 60 81 1 0 16 0.00 0.0 0 6.4 15 330 M M 2 17 320
2 102 60 81 1 0 16 0.00 0.0 0 6.0 15 320 M M 2 17 310
3 100 60 80 1 0 15 0.00 0.0 0 7.4 16 320 M M 3 8 20 320
4 99 61 80 1 0 15 0.00 0.0 0 5.5 16 330 M M 2 20 320
5 93 62 78 -1 0 13 0.00 0.0 0 6.7 20 320 M M 1 26 320
6 89 61 75 -4 0 10 0.00 0.0 0 6.6 14 340 M M 0 19 330
7 94 61 78 -1 0 13 0.00 0.0 0 3.9 10 320 M M 1 12 320
8 99 66 83 4 0 18 0.00 0.0 0 5.3 12 330 M M 3 14 320
9 103 65 84 5 0 19 0.00 0.0 0 5.5 12 320 M M 3 8 15 310
10 102 67 85 6 0 20 0.00 0.0 0 6.9 14 330 M M 3 20 330
11 101 63 82 3 0 17 0.00 0.0 0 5.1 15 310 M M 3 19 320
12 103 63 83 4 0 18 0.00 0.0 0 4.4 12 310 M M 3 17 310
13 97 67 82 3 0 17 0.00 0.0 0 4.9 10 300 M M 1 8 14 10
14 105 69 87 9 0 22 0.00 0.0 0 2.4 9 320 M M 3 13 320
15 104 69 87 9 0 22 0.00 0.0 0 3.6 12 310 M M 3 16 310
16 109 74 92 14 0 27 0.00 0.0 0 6.8 16 320 M M 4 21 300
17 106 79 93 15 0 28 0.00 0.0 0 9.4 21 320 M M 5 26 320
18 105 77 91 13 0 26 0.00 0.0 0 6.1 14 330 M M 5 8 17 310
19 101 77 89 11 0 24 0.00 0.0 0 9.2 23 320 M M 5 8 27 320
20 96 67 82 4 0 17 0.00 0.0 0 6.4 13 320 M M 7 8 17 310
21 98 69 84 6 0 19 0.00 0.0 0 6.2 16 310 M M 10 8 20 320
22 97 66 82 4 0 17 0.00 0.0 0 3.5 10 310 M M 10 18 14 310
23 95 68 82 4 0 17 0.00 0.0 0 2.3 8 300 M M 10 18 10 300
24 101 70 86 8 0 21 0.00 0.0 0 4.6 15 300 M M 10 18 17 310
25 99 72 86 9 0 21 0.00 0.0 0 6.3 15 310 M M 1 8 19 320
26 99 70 85 8 0 20 0.00 0.0 0 6.9 15 320 M M 0 8 20 320
27 99 70 85 8 0 20 0.00 0.0 0 7.4 16 320 M M 0 8 19 310
28 100 62 81 4 0 16 0.00 0.0 0 4.6 10 330 M M 0 8 14 300
29 101 61 81 4 0 16 0.00 0.0 0 5.5 15 320 M M 0 18 21 310
30 96 61 79 2 0 14 0.00 0.0 0 4.3 14 320 M M 0 8 17 320
31 98 62 80 3 0 15 0.00 0.0 0 5.1 13 330 M M 0 8 16 320
================================================================================
SM 3092 2059 0 569 0.00 0.0 175.2 M 100
================================================================================
AV 99.7 66.4 5.7 FASTST M M 3 MAX(MPH)
MISC ----> # 23 320 # 27 320
================================================================================
NOTES:
# LAST OF SEVERAL OCCURRENCES
COLUMN 17 PEAK WIND IN M.P.H.
PRELIMINARY LOCAL CLIMATOLOGICAL DATA (WS FORM: F-6) , PAGE 2
STATION: HANFORD CA AIRPORT
MONTH: AUGUST
YEAR: 2020
LATITUDE: 36 19 N
LONGITUDE: 119 38 W
[TEMPERATURE DATA] [PRECIPITATION DATA] SYMBOLS USED IN COLUMN 16
AVERAGE MONTHLY: 83.1 TOTAL FOR MONTH: 0.00 1 = FOG OR MIST
DPTR FM NORMAL: 4.9 DPTR FM NORMAL: -0.02 2 = FOG REDUCING VISIBILITY
HIGHEST: 109 ON 16 GRTST 24HR 0.00 ON 31-31 TO 1/4 MILE OR LESS
LOWEST: 60 ON 3, 2 3 = THUNDER
SNOW, ICE PELLETS, HAIL 4 = ICE PELLETS
TOTAL MONTH: 0.0 INCH 5 = HAIL
GRTST 24HR 0.0 6 = FREEZING RAIN OR DRIZZLE
GRTST DEPTH: 0 7 = DUSTSTORM OR SANDSTORM:
VSBY 1/2 MILE OR LESS
8 = SMOKE OR HAZE
[NO. OF DAYS WITH] [WEATHER - DAYS WITH] 9 = BLOWING SNOW
X = TORNADO
MAX 32 OR BELOW: 0 0.01 INCH OR MORE: 0
MAX 90 OR ABOVE: 30 0.10 INCH OR MORE: 0
MIN 32 OR BELOW: 0 0.50 INCH OR MORE: 0
MIN 0 OR BELOW: 0 1.00 INCH OR MORE: 0
[HDD (BASE 65) ]
TOTAL THIS MO. 0 CLEAR (SCALE 0-3) 19
DPTR FM NORMAL 0 PTCLDY (SCALE 4-7) 8
TOTAL FM JUL 1 0 CLOUDY (SCALE 8-10) 4
DPTR FM NORMAL 0
[CDD (BASE 65) ]
TOTAL THIS MO. 569
DPTR FM NORMAL 158 [PRESSURE DATA]
TOTAL FM JAN 1 1732 HIGHEST SLP M ON M
DPTR FM NORMAL 401 LOWEST SLP 29.66 ON 27
[REMARKS]
#FINAL-08-20#