000
CXUS56 KHNX 012243
CF6HJO
PRELIMINARY LOCAL CLIMATOLOGICAL DATA (WS FORM: F-6)
STATION: HANFORD CA AIRPORT
MONTH: MARCH
YEAR: 2020
LATITUDE: 36 19 N
LONGITUDE: 119 38 W
TEMPERATURE IN F: :PCPN: SNOW: WIND :SUNSHINE: SKY :PK WND
================================================================================
1 2 3 4 5 6A 6B 7 8 9 10 11 12 13 14 15 16 17 18
12Z AVG MX 2MIN
DY MAX MIN AVG DEP HDD CDD WTR SNW DPTH SPD SPD DIR MIN PSBL S-S WX SPD DR
================================================================================
1 61 44 53 0 12 0 0.00 0.0 0 7.2 21 330 M M 5 8 28 320
2 65 35 50 -4 15 0 0.00 0.0 0 2.8 8 310 M M 0 1 11 340
3 73 36 55 1 10 0 0.00 0.0 0 2.2 7 100 M M 0 18 10 150
4 79 39 59 5 6 0 0.00 0.0 0 2.0 8 320 M M 0 18 9 330
5 82 42 62 8 3 0 0.00 0.0 0 2.5 10 260 M M 0 18 12 260
6 79 48 64 10 1 0 0.00 0.0 0 4.6 16 300 M M 1 18 19 300
7 63 47 55 1 10 0 T 0.0 0 4.4 12 310 M M 6 8 15 310
8 65 38 52 -2 13 0 0.00 0.0 0 4.2 10 150 M M 2 128 15 150
9 68 42 55 0 10 0 0.00 0.0 0 2.9 9 330 M M 2 13 330
10 70 46 58 3 7 0 0.27 0.0 0 5.3 14 200 M M 3 1 20 210
11 72 50 61 6 4 0 0.01 0.0 0 2.0 8 180 M M 5 18 12 170
12 74 44 59 4 6 0 0.00 0.0 0 3.0 12 150 M M 3 28 16 150
13 73 53 63 8 2 0 0.00 0.0 0 7.9 18 160 M M 2 18 24 200
14 65 49 57 2 8 0 0.01 0.0 0 6.0 15 160 M M 8 19 160
15 64 46 55 0 10 0 0.05 0.0 0 7.2 20 210 M M 8 1 27 200
16 55 38 47 -9 18 0 0.77 0.0 0 5.2 18 310 M M 9 1 24 320
17 58 33 46 -10 19 0 0.00 0.0 0 3.2 10 260 M M 3 12 15 230
18 61 37 49 -7 16 0 0.00 0.0 0 5.8 13 310 M M 3 1 15 310
19 60 40 50 -6 15 0 0.01 0.0 0 4.6 14 330 M M 7 1 17 320
20 66 39 53 -3 12 0 0.03 0.0 0 3.3 20 170 M M 3 1 24 170
21 63 48 56 0 9 0 0.07 0.0 0 6.5 14 320 M M 6 1 17 320
22 69 44 57 1 8 0 0.51 0.0 0 2.9 23 160 M M 5 1 29 180
23 66 50 58 2 7 0 0.18 0.0 0 5.1 17 320 M M 6 18 21 330
24 60 48 54 -2 11 0 0.04 0.0 0 4.2 13 330 M M 8 17 330
25 60 43 52 -4 13 0 0.13 0.0 0 6.0 24 330 M M 8 1 28 330
26 59 37 48 -9 17 0 0.00 0.0 0 4.1 15 330 M M 3 1 17 320
27 63 37 50 -7 15 0 0.00 0.0 0 4.0 13 330 M M 3 1 15 320
28 63 41 52 -5 13 0 T 0.0 0 4.7 12 320 M M 3 1 16 310
29 64 46 55 -2 10 0 0.16 0.0 0 3.1 13 320 M M 7 1 15 320
30 70 42 56 -1 9 0 0.00 0.0 0 2.8 7 320 M M 1 1 M M
31 74 47 61 4 4 0 0.00 0.0 0 6.5 13 330 M M 0 16 320
================================================================================
SM 2064 1329 313 0 2.24 0.0 136.2 M 120
================================================================================
AV 66.6 42.9 4.4 FASTST M M 4 MAX(MPH)
MISC ----> # 24 330 # 29 180
================================================================================
NOTES:
# LAST OF SEVERAL OCCURRENCES
COLUMN 17 PEAK WIND IN M.P.H.
PRELIMINARY LOCAL CLIMATOLOGICAL DATA (WS FORM: F-6) , PAGE 2
STATION: HANFORD CA AIRPORT
MONTH: MARCH
YEAR: 2020
LATITUDE: 36 19 N
LONGITUDE: 119 38 W
[TEMPERATURE DATA] [PRECIPITATION DATA] SYMBOLS USED IN COLUMN 16
AVERAGE MONTHLY: 54.7 TOTAL FOR MONTH: 2.24 1 = FOG OR MIST
DPTR FM NORMAL: -0.7 DPTR FM NORMAL: 0.61 2 = FOG REDUCING VISIBILITY
HIGHEST: 82 ON 5 GRTST 24HR 0.77 ON 16-16 TO 1/4 MILE OR LESS
LOWEST: 33 ON 17 3 = THUNDER
SNOW, ICE PELLETS, HAIL 4 = ICE PELLETS
TOTAL MONTH: 0.0 INCH 5 = HAIL
GRTST 24HR 0.0 6 = FREEZING RAIN OR DRIZZLE
GRTST DEPTH: 0 7 = DUSTSTORM OR SANDSTORM:
VSBY 1/2 MILE OR LESS
8 = SMOKE OR HAZE
[NO. OF DAYS WITH] [WEATHER - DAYS WITH] 9 = BLOWING SNOW
X = TORNADO
MAX 32 OR BELOW: 0 0.01 INCH OR MORE: 13
MAX 90 OR ABOVE: 0 0.10 INCH OR MORE: 6
MIN 32 OR BELOW: 0 0.50 INCH OR MORE: 2
MIN 0 OR BELOW: 0 1.00 INCH OR MORE: 0
[HDD (BASE 65) ]
TOTAL THIS MO. 313 CLEAR (SCALE 0-3) 15
DPTR FM NORMAL 13 PTCLDY (SCALE 4-7) 14
TOTAL FM JUL 1 2037 CLOUDY (SCALE 8-10) 2
DPTR FM NORMAL -418
[CDD (BASE 65) ]
TOTAL THIS MO. 0
DPTR FM NORMAL -4 [PRESSURE DATA]
TOTAL FM JAN 1 0 HIGHEST SLP 30.33 ON 30
DPTR FM NORMAL -4 LOWEST SLP 29.68 ON 13
[REMARKS]
#FINAL-03-20#