000
CXUS52 KGSP 010817
CF6HKY
PRELIMINARY LOCAL CLIMATOLOGICAL DATA (WS FORM: F-6)
STATION: HICKORY NC
MONTH: JUNE
YEAR: 2021
LATITUDE: 35 45 N
LONGITUDE: 81 23 W
TEMPERATURE IN F: :PCPN: SNOW: WIND :SUNSHINE: SKY :PK WND
================================================================================
1 2 3 4 5 6A 6B 7 8 9 10 11 12 13 14 15 16 17 18
12Z AVG MX 2MIN
DY MAX MIN AVG DEP HDD CDD WTR SNW DPTH SPD SPD DIR MIN PSBL S-S WX SPD DR
================================================================================
1 77 55 66 -5 0 1 0.00 M M 2.0 10 190 M M 2 15 200
2 79 60 70 -1 0 5 T M M 2.5 10 230 M M 5 15 230
3 81 63 72 1 0 7 0.08 M M 2.5 10 280 M M 5 3 14 190
4 86 65 76 4 0 11 0.00 M M 2.5 12 200 M M 3 16 190
5 88 64 76 4 0 11 0.00 M M 4.2 16 220 M M 2 22 200
6 86 68 77 5 0 12 0.00 M M 2.5 10 200 M M 3 13 18 180
7 85 69 77 5 0 12 0.35 M M 3.6 21 250 M M 7 13 26 250
8 85 68 77 4 0 12 0.04 M M 4.6 13 230 M M 6 13 17 200
9 83 67 75 2 0 10 0.02 M M 2.7 13 320 M M 5 123 17 310
10 86 69 78 5 0 13 0.32 M M 4.2 16 260 M M 8 123 21 200
11 86 70 78 4 0 13 0.04 M M 3.8 13 330 M M 4 138 18 320
12 82 67 75 1 0 10 0.65 M M 2.8 15 300 M M 4 138 19 300
13 83 65 74 0 0 9 0.11 M M 3.2 18 50 M M 5 25 50
14 91 65 78 4 0 13 0.00 M M 3.0 12 300 M M 2 13 15 310
15 85 65 75 1 0 10 0.00 M M 5.2 13 10 M M 2 18 10
16 84 60 72 -3 0 7 0.00 M M 3.2 13 310 M M 4 19 290
17 82 56 69 -6 0 4 0.00 M M 2.9 12 10 M M 0 15 20
18 89 58 74 -1 0 9 0.00 M M 4.9 15 220 M M 0 20 190
19 90 67 79 4 0 14 0.00 M M 7.8 18 220 M M 0 28 210
20 82 68 75 -1 0 10 0.05 M M 3.3 9 190 M M 7 1 12 190
21 91 65 78 2 0 13 T M M 8.0 20 200 M M 1 13 28 190
22 81 60 71 -5 0 6 0.03 M M 6.1 15 300 M M 3 1 23 320
23 79 58 69 -7 0 4 0.00 M M 3.0 12 50 M M 7 15 50
24 81 62 72 -4 0 7 0.00 M M 4.0 10 80 M M 6 15 70
25 83 59 71 -5 0 6 0.00 M M 2.5 10 300 M M 3 1 13 300
26 86 62 74 -3 0 9 0.00 M M 3.0 10 220 M M 5 12 15 200
27 90 70 80 3 0 15 0.00 M M 2.7 12 200 M M 5 16 180
28 91 69 80 3 0 15 0.01 M M 3.5 13 60 M M 4 18 100
29 87 71 79 2 0 14 0.03 M M 4.7 12 200 M M 6 1 15 200
30 94 66 80 3 0 15 0.00 M M 4.9 15 200 M M 2 12 19 190
================================================================================
SM 2553 1931 0 297 1.73 M 113.8 M 116
================================================================================
AV 85.1 64.4 3.8 FASTST M M 4 MAX(MPH)
MISC ----> 21 250 # 28 210
================================================================================
NOTES:
# LAST OF SEVERAL OCCURRENCES
COLUMN 17 PEAK WIND IN M.P.H.
PRELIMINARY LOCAL CLIMATOLOGICAL DATA (WS FORM: F-6) , PAGE 2
STATION: HICKORY NC
MONTH: JUNE
YEAR: 2021
LATITUDE: 35 45 N
LONGITUDE: 81 23 W
[TEMPERATURE DATA] [PRECIPITATION DATA] SYMBOLS USED IN COLUMN 16
AVERAGE MONTHLY: 74.7 TOTAL FOR MONTH: 1.73 1 = FOG OR MIST
DPTR FM NORMAL: 0.4 DPTR FM NORMAL: -2.62 2 = FOG REDUCING VISIBILITY
HIGHEST: 94 ON 30 GRTST 24HR 0.65 ON 12-12 TO 1/4 MILE OR LESS
LOWEST: 55 ON 1 3 = THUNDER
SNOW, ICE PELLETS, HAIL 4 = ICE PELLETS
TOTAL MONTH: M 5 = HAIL
GRTST 24HR M ON M 6 = FREEZING RAIN OR DRIZZLE
GRTST DEPTH: M ON M 7 = DUSTSTORM OR SANDSTORM:
VSBY 1/2 MILE OR LESS
8 = SMOKE OR HAZE
[NO. OF DAYS WITH] [WEATHER - DAYS WITH] 9 = BLOWING SNOW
X = TORNADO
MAX 32 OR BELOW: 0 0.01 INCH OR MORE: 12
MAX 90 OR ABOVE: 6 0.10 INCH OR MORE: 4
MIN 32 OR BELOW: 0 0.50 INCH OR MORE: 1
MIN 0 OR BELOW: 0 1.00 INCH OR MORE: 0
[HDD (BASE 65) ]
TOTAL THIS MO. 0 CLEAR (SCALE 0-3) 10
DPTR FM NORMAL -5 PTCLDY (SCALE 4-7) 20
TOTAL FM JUL 1 3335 CLOUDY (SCALE 8-10) 0
DPTR FM NORMAL -209
[CDD (BASE 65) ]
TOTAL THIS MO. 297
DPTR FM NORMAL 12 [PRESSURE DATA]
TOTAL FM JAN 1 434 HIGHEST SLP 30.30 ON 24
DPTR FM NORMAL 1 LOWEST SLP 29.70 ON 11
[REMARKS]
#FINAL-06-21#