000
CXUS53 KGLD 010800
CF6HLC
PRELIMINARY LOCAL CLIMATOLOGICAL DATA (WS FORM: F-6)
STATION: HILL CITY KS
MONTH: NOVEMBER
YEAR: 2022
LATITUDE: 39 22 N
LONGITUDE: 99 50 W
TEMPERATURE IN F: :PCPN: SNOW: WIND :SUNSHINE: SKY :PK WND
================================================================================
1 2 3 4 5 6A 6B 7 8 9 10 11 12 13 14 15 16 17 18
12Z AVG MX 2MIN
DY MAX MIN AVG DEP HDD CDD WTR SNW DPTH SPD SPD DIR MIN PSBL S-S WX SPD DR
================================================================================
1 80 33 57 10 8 0 0.00 M M 9.9 25 180 M M 0 39 190
2 83 58 71 24 0 6 0.00 M M 19.4 28 180 M M 0 42 180
3 71 39 55 9 10 0 T M M 13.7 23 360 M M 3 3 33 180
4 44 27 36 -10 29 0 T M M 10.7 20 360 M M 6 27 350
5 70 22 46 0 19 0 0.00 M M 10.0 21 200 M M 0 31 190
6 63 37 50 5 15 0 0.00 M M 8.5 17 10 M M 0 23 360
7 59 25 42 -3 23 0 0.00 M M 9.6 23 140 M M 3 33 110
8 78 53 66 22 0 1 0.00 M M 15.7 29 190 M M 7 1 43 190
9 76 63 70 26 0 5 0.00 M M 23.0 36 180 M M 3 53 170
10 67 24 46 3 19 0 T M M 12.9 26 310 M M 2 44 190
11 38 13 26 -17 39 0 0.00 M M 9.0 20 330 M M 2 27 350
12 43 8 26 -16 39 0 0.00 M M 3.8 8 80 M M 0 11 190
13 59 16 38 -4 27 0 0.00 M M 10.2 25 180 M M 0 35 210
14 37 19 28 -14 37 0 0.00 M M 11.8 28 350 M M 5 8 37 340
15 44 16 30 -11 35 0 0.00 M M 8.9 20 340 M M 4 28 290
16 41 13 27 -14 38 0 0.00 M M 7.4 21 330 M M 3 28 340
17 38 12 25 -15 40 0 T M M 9.3 29 20 M M 8 39 10
18 30 7 19 -21 46 0 0.00 M M 8.7 17 280 M M 1 24 320
19 41 13 27 -13 38 0 0.00 M M 8.3 17 340 M M 0 23 320
20 59 11 35 -4 30 0 0.00 M M 5.8 13 230 M M 0 8 22 220
21 59 20 40 1 25 0 0.00 M M 5.9 15 340 M M 0 19 340
22 63 14 39 1 26 0 0.00 M M 3.9 9 210 M M 0 13 190
23 63 20 42 4 23 0 0.00 M M 4.6 14 130 M M 0 8 20 130
24 54 24 39 1 26 0 0.00 M M 12.8 29 360 M M 0 37 360
25 61 19 40 3 25 0 0.00 M M 7.5 13 280 M M 0 17 280
26 60 30 45 8 20 0 0.00 M M 7.9 29 360 M M 2 42 350
27 48 30 39 3 26 0 0.00 M M 9.2 26 360 M M 2 37 10
28 55 18 37 1 28 0 0.00 M M 6.6 16 40 M M 0 8 22 30
29 40 14 27 -9 38 0 T M M 16.0 32 20 M M 7 168 45 30
30 40 7 24 -11 41 0 0.00 M M 6.3 16 170 M M 0 23 180
================================================================================
SM 1664 705 770 12 T M 297.3 M 58
================================================================================
AV 55.5 23.5 9.9 FASTST M M 2 MAX(MPH)
MISC ----> 36 180 53 170
================================================================================
NOTES:
# LAST OF SEVERAL OCCURRENCES
COLUMN 17 PEAK WIND IN M.P.H.
PRELIMINARY LOCAL CLIMATOLOGICAL DATA (WS FORM: F-6) , PAGE 2
STATION: HILL CITY KS
MONTH: NOVEMBER
YEAR: 2022
LATITUDE: 39 22 N
LONGITUDE: 99 50 W
[TEMPERATURE DATA] [PRECIPITATION DATA] SYMBOLS USED IN COLUMN 16
AVERAGE MONTHLY: 39.5 TOTAL FOR MONTH: T 1 = FOG OR MIST
DPTR FM NORMAL: -1.6 DPTR FM NORMAL: -0.66 2 = FOG REDUCING VISIBILITY
HIGHEST: 83 ON 2 GRTST 24HR T ON 3- 3 TO 1/4 MILE OR LESS
LOWEST: 7 ON 30,18 3 = THUNDER
SNOW, ICE PELLETS, HAIL 4 = ICE PELLETS
TOTAL MONTH: M 5 = HAIL
GRTST 24HR M ON M 6 = FREEZING RAIN OR DRIZZLE
GRTST DEPTH: M ON M 7 = DUSTSTORM OR SANDSTORM:
VSBY 1/2 MILE OR LESS
8 = SMOKE OR HAZE
[NO. OF DAYS WITH] [WEATHER - DAYS WITH] 9 = BLOWING SNOW
X = TORNADO
MAX 32 OR BELOW: 1 0.01 INCH OR MORE: 0
MAX 90 OR ABOVE: 0 0.10 INCH OR MORE: 0
MIN 32 OR BELOW: 24 0.50 INCH OR MORE: 0
MIN 0 OR BELOW: 0 1.00 INCH OR MORE: 0
[HDD (BASE 65) ]
TOTAL THIS MO. 770 CLEAR (SCALE 0-3) 21
DPTR FM NORMAL 53 PTCLDY (SCALE 4-7) 8
TOTAL FM JUL 1 1072 CLOUDY (SCALE 8-10) 1
DPTR FM NORMAL -61
[CDD (BASE 65) ]
TOTAL THIS MO. 12
DPTR FM NORMAL 12 [PRESSURE DATA]
TOTAL FM JAN 1 1804 HIGHEST SLP M ON M
DPTR FM NORMAL 411 LOWEST SLP 29.43 ON 28
[REMARKS]
#FINAL-11-22#