000
CXUS53 KFSD 012039
CF6HON
PRELIMINARY LOCAL CLIMATOLOGICAL DATA (WS FORM: F-6)
STATION: HURON
MONTH: JANUARY
YEAR: 2021
LATITUDE: 44 22 N
LONGITUDE: 98 13 W
TEMPERATURE IN F: :PCPN: SNOW: WIND :SUNSHINE: SKY :PK WND
================================================================================
1 2 3 4 5 6A 6B 7 8 9 10 11 12 13 14 15 16 17 18
12Z AVG MX 2MIN
DY MAX MIN AVG DEP HDD CDD WTR SNW DPTH SPD SPD DIR MIN PSBL S-S WX SPD DR
================================================================================
1 26 3 15 -2 50 0 0.00 0.0 5 4.2 10 170 M M 2 12 13 180
2 31 8 20 4 45 0 0.00 0.0 4 9.2 16 160 M M 0 1 24 170
3 32 7 20 4 45 0 0.00 0.0 3 6.4 15 160 M M 0 1 21 150
4 40 18 29 13 36 0 0.00 0.0 3 10.0 22 300 M M 1 29 310
5 39 16 28 12 37 0 T 0.0 3 11.2 21 130 M M 5 30 130
6 36 33 35 19 30 0 0.13 T 3 5.4 10 140 M M 10 1 15 160
7 34 30 32 16 33 0 0.00 0.0 2 7.4 13 140 M M 10 1 17 150
8 32 30 31 15 34 0 T T 2 5.2 13 140 M M 10 1 16 120
9 34 31 33 17 32 0 0.02 0.5 2 2.6 7 350 M M 10 12 9 350
10 34 25 30 14 35 0 0.00 0.0 3 7.3 13 180 M M 8 1 19 230
11 40 22 31 15 34 0 0.00 0.0 2 7.4 20 310 M M 0 28 310
12 44 18 31 15 34 0 0.00 0.0 1 5.0 9 200 M M 0 13 200
13 49 28 39 23 26 0 0.05 0.0 T 5.9 26 300 M M 3 1 36 300
14 42 31 37 21 28 0 0.06 T T 30.9 47 330 M M 10 62 330
15 32 25 29 13 36 0 T T T 27.0 41 340 M M 10 1 56 330
16 32 22 27 11 38 0 0.00 0.0 T 9.8 20 330 M M 10 23 340
17 38 22 30 14 35 0 0.00 0.0 T 11.5 24 320 M M 4 30 310
18 32 20 26 10 39 0 0.03 T T 4.9 25 320 M M 10 1 33 330
19 33 13 23 6 42 0 0.03 0.5 T 13.9 35 320 M M 7 1 46 320
20 47 18 33 16 32 0 0.00 0.0 T 15.9 30 300 M M 0 40 300
21 38 16 27 10 38 0 0.00 0.0 0 14.5 30 320 M M 3 39 330
22 27 13 20 3 45 0 0.00 0.0 0 6.5 13 160 M M 8 19 160
23 27 21 24 7 41 0 0.25 2.3 0 9.5 22 180 M M 9 1 34 170
24 24 -2 11 -6 54 0 0.00 0.0 2 6.1 14 130 M M 4 1 19 120
25 21 6 14 -3 51 0 T T 2 8.8 15 120 M M 10 1 23 120
26 19 5 12 -5 53 0 0.00 0.0 2 5.6 10 360 M M 9 13 360
27 22 10 16 -1 49 0 T T 1 10.2 20 150 M M 7 29 150
28 25 13 19 2 46 0 0.00 0.0 1 14.9 29 160 M M 0 42 170
29 29 21 25 7 40 0 0.00 0.0 1 11.6 20 140 M M 10 1 28 140
30 30 25 28 10 37 0 T T 1 10.9 18 360 M M 10 1 25 360
31 28 23 26 8 39 0 T T 1 10.3 18 340 M M 10 1 25 340
================================================================================
SM 1017 571 1214 0 0.57 3.3 310.0 M 190
================================================================================
AV 32.8 18.4 10.0 FASTST M M 6 MAX(MPH)
MISC ----> 47 330 62 330
================================================================================
NOTES:
# LAST OF SEVERAL OCCURRENCES
-COLUMN 17 PEAK WIND IN M.P.H
-PRECIPITATION AMOUNTS IN COLUMNS 7,8, AND 9 ARE THE OFFICIAL PRECIPITATION
AMOUNTS FOR HURON, SD.
-SNOW DEPTH IN COLUMN 9 IS RECORDED AT 6 AM CST (12Z).
PRELIMINARY LOCAL CLIMATOLOGICAL DATA (WS FORM: F-6) , PAGE 2
STATION: HURON
MONTH: JANUARY
YEAR: 2021
LATITUDE: 44 22 N
LONGITUDE: 98 13 W
[TEMPERATURE DATA] [PRECIPITATION DATA] SYMBOLS USED IN COLUMN 16
AVERAGE MONTHLY: 25.6 TOTAL FOR MONTH: 0.57 1 = FOG OR MIST
DPTR FM NORMAL: 8.9 DPTR FM NORMAL: 0.07 2 = FOG REDUCING VISIBILITY
HIGHEST: 49 ON 13 GRTST 24HR 0.25 ON 23-23 TO 1/4 MILE OR LESS
LOWEST: -2 ON 24 3 = THUNDER
SNOW, ICE PELLETS, HAIL 4 = ICE PELLETS
TOTAL MONTH: 3.3 INCHES 5 = HAIL
GRTST 24HR 2.3 ON 23-23 6 = FREEZING RAIN OR DRIZZLE
GRTST DEPTH: 5 ON 1 7 = DUSTSTORM OR SANDSTORM:
VSBY 1/2 MILE OR LESS
8 = SMOKE OR HAZE
[NO. OF DAYS WITH] [WEATHER - DAYS WITH] 9 = BLOWING SNOW
X = TORNADO
MAX 32 OR BELOW: 17 0.01 INCH OR MORE: 7
MAX 90 OR ABOVE: 0 0.10 INCH OR MORE: 2
MIN 32 OR BELOW: 30 0.50 INCH OR MORE: 0
MIN 0 OR BELOW: 1 1.00 INCH OR MORE: 0
[HDD (BASE 65) ]
TOTAL THIS MO. 1214 CLEAR (SCALE 0-3) 8
DPTR FM NORMAL -283 PTCLDY (SCALE 4-7) 8
TOTAL FM JUL 1 4069 CLOUDY (SCALE 8-10) 15
DPTR FM NORMAL -552
[CDD (BASE 65) ]
TOTAL THIS MO. 0
DPTR FM NORMAL 0 [PRESSURE DATA]
TOTAL FM JAN 1 0 HIGHEST SLP 30.51 ON 27
DPTR FM NORMAL 0 LOWEST SLP 29.47 ON 13
[REMARKS]
RECORD HIGH MINIMUM TEMPERATURE 33 TIED ON THE 6TH.
PREVIOUS RECORD WAS SET IN 1984.
5TH WARMEST MEAN TEMPERATURE (25.6) FOR THE MONTH OF JANUARY.
2ND WARMEST AVERAGE MINIMUM TEMPERATURE (18.4) FOR THE MONTH OF JANUARY.
#FINAL-01-21#