000
CXUS54 KLZK 221230
CF6HOT
PRELIMINARY LOCAL CLIMATOLOGICAL DATA (WS FORM: F-6)
STATION: HOT SPRINGS MEMORIAL FIELD
MONTH: APRIL
YEAR: 2024
LATITUDE: 34 28 N
LONGITUDE: 93 6 W
TEMPERATURE IN F: :PCPN: SNOW: WIND :SUNSHINE: SKY :PK WND
================================================================================
1 2 3 4 5 6A 6B 7 8 9 10 11 12 13 14 15 16 17 18
12Z AVG MX 2MIN
DY MAX MIN AVG DEP HDD CDD WTR SNW DPTH SPD SPD DIR MIN PSBL S-S WX SPD DR
================================================================================
1 78 68 73 14 0 8 0.00 M M 7.9 17 200 M M 8 8 28 190
2 74 48 61 2 4 0 T M M 9.7 20 320 M M 6 3 35 300
3 63 41 52 -8 13 0 0.00 M M 6.5 22 320 M M 0 40 330
4 72 37 55 -5 10 0 0.00 M M 5.4 15 320 M M 0 27 330
5 74 36 55 -5 10 0 0.00 M M 4.4 12 80 M M 0 18 80
6 76 52 64 4 1 0 0.00 M M 9.4 15 150 M M 1 28 140
7 81 53 67 6 0 2 T M M 8.4 22 240 M M 5 1 32 260
8 82 43 63 2 2 0 0.16 M M 3.6 16 190 M M 2 13 24 180
9 65 59 62 1 3 0 0.56 M M 7.5 24 80 M M 8 13 30 80
10 68 54 61 0 4 0 0.73 M M 6.1 29 90 M M 9 13 38 90
11 71 49 60 -2 5 0 0.06 M M 8.0 20 290 M M 3 1 34 270
12 78 41 60 -2 5 0 0.00 M M 3.6 13 310 M M 0 20 290
13 83 48 66 4 0 1 0.00 M M 6.2 16 230 M M 0 27 200
14 78 60 69 7 0 4 0.00 M M 7.7 16 230 M M 5 24 260
15 75 60 68 5 0 3 T M M 4.1 13 220 M M 7 8 18 200
16 73 68 71 8 0 6 0.13 M M 7.6 17 220 M M 7 138 30 200
17 84 65 75 12 0 10 0.00 M M 3.8 9 190 M M 4 128 14 200
18 82 70 76 13 0 11 0.00 M M 5.2 9 280 M M 8 18 18 280
19 74 58 66 2 0 1 T M M 8.3 16 50 M M 10 22 60
20 59 50 55 -9 10 0 0.07 M M 6.8 17 80 M M 9 13 26 80
21 67 46 57 -7 8 0 0.03 M M 6.4 14 30 M M 3 1 26 30
================================================================================
SM 1557 1106 75 46 1.74 M 136.6 M 95
================================================================================
AV 74.1 52.7 6.5 FASTST M M 5 MAX(MPH)
MISC ----> 29 90 40 330
================================================================================
NOTES:
# LAST OF SEVERAL OCCURRENCES
COLUMN 17 PEAK WIND IN M.P.H.
PRELIMINARY LOCAL CLIMATOLOGICAL DATA (WS FORM: F-6) , PAGE 2
STATION: HOT SPRINGS MEMORIAL FIELD
MONTH: APRIL
YEAR: 2024
LATITUDE: 34 28 N
LONGITUDE: 93 6 W
[TEMPERATURE DATA] [PRECIPITATION DATA] SYMBOLS USED IN COLUMN 16
AVERAGE MONTHLY: 63.4 TOTAL FOR MONTH: 1.74 1 = FOG OR MIST
DPTR FM NORMAL: 1.8 DPTR FM NORMAL: -1.69 2 = FOG REDUCING VISIBILITY
HIGHEST: 84 ON 17 GRTST 24HR 0.79 ON 10-11 TO 1/4 MILE OR LESS
LOWEST: 36 ON 5 3 = THUNDER
SNOW, ICE PELLETS, HAIL 4 = ICE PELLETS
TOTAL MONTH: M 5 = HAIL
GRTST 24HR M ON M 6 = FREEZING RAIN OR DRIZZLE
GRTST DEPTH: M ON M 7 = DUSTSTORM OR SANDSTORM:
VSBY 1/2 MILE OR LESS
8 = SMOKE OR HAZE
[NO. OF DAYS WITH] [WEATHER - DAYS WITH] 9 = BLOWING SNOW
X = TORNADO
MAX 32 OR BELOW: 0 0.01 INCH OR MORE: 7
MAX 90 OR ABOVE: 0 0.10 INCH OR MORE: 4
MIN 32 OR BELOW: 0 0.50 INCH OR MORE: 2
MIN 0 OR BELOW: 0 1.00 INCH OR MORE: 0
[HDD (BASE 65) ]
TOTAL THIS MO. 75 CLEAR (SCALE 0-3) 8
DPTR FM NORMAL -34 PTCLDY (SCALE 4-7) 8
TOTAL FM JUL 1 2497 CLOUDY (SCALE 8-10) 5
DPTR FM NORMAL -316
[CDD (BASE 65) ]
TOTAL THIS MO. 46
DPTR FM NORMAL 10 [PRESSURE DATA]
TOTAL FM JAN 1 80 HIGHEST SLP M ON M
DPTR FM NORMAL 24 LOWEST SLP 29.53 ON 10
[REMARKS]