000
CXUS54 KHGX 011510
CF6HOU
PRELIMINARY LOCAL CLIMATOLOGICAL DATA (WS FORM: F-6)
STATION: HOUSTON/HOBBY AIRPORT
MONTH: JANUARY
YEAR: 2023
LATITUDE: 29 38 N
LONGITUDE: 95 17 W
TEMPERATURE IN F: :PCPN: SNOW: WIND :SUNSHINE: SKY :PK WND
================================================================================
1 2 3 4 5 6A 6B 7 8 9 10 11 12 13 14 15 16 17 18
12Z AVG MX 2MIN
DY MAX MIN AVG DEP HDD CDD WTR SNW DPTH SPD SPD DIR MIN PSBL S-S WX SPD DR
================================================================================
1 82 58 70 15 0 5 0.00 0.0 0 8.3 16 160 M M 9 128 22 190
2 78 72 75 20 0 10 0.06 0.0 0 15.7 26 180 M M 10 1 37 170
3 79 59 69 14 0 4 0.41 0.0 0 8.7 17 190 M M 7 13 26 180
4 75 51 63 8 2 0 0.00 0.0 0 4.7 16 300 M M 2 22 310
5 75 47 61 6 4 0 0.00 0.0 0 3.3 9 120 M M 1 12 40
6 79 53 66 12 0 1 0.00 0.0 0 9.0 21 170 M M 1 29 170
7 82 61 72 18 0 7 0.04 0.0 0 7.3 16 160 M M 5 3 21 170
8 71 56 64 10 1 0 1.40 0.0 0 9.7 23 320 M M 6 13 28 320
9 68 52 60 6 5 0 0.00 0.0 0 7.5 15 130 M M 6 21 90
10 78 60 69 15 0 4 0.00 0.0 0 8.0 16 210 M M 6 12 22 200
11 82 65 74 20 0 9 0.00 0.0 0 16.2 26 210 M M 7 35 200
12 72 52 62 8 3 0 T 0.0 0 15.9 25 330 M M 5 34 330
13 64 45 55 1 10 0 0.00 0.0 0 11.9 22 350 M M 1 30 360
14 63 40 52 -2 13 0 0.00 0.0 0 7.3 16 110 M M 2 27 130
15 74 50 62 7 3 0 0.00 0.0 0 11.7 24 160 M M 6 33 190
16 77 66 72 17 0 7 0.00 0.0 0 10.9 23 200 M M 8 1 30 200
17 81 67 74 19 0 9 0.00 0.0 0 8.7 17 200 M M 9 1 22 200
18 79 55 67 12 0 2 0.17 0.0 0 10.1 28 330 M M 8 18 37 290
19 73 52 63 8 2 0 0.00 0.0 0 8.2 20 340 M M 4 26 340
20 58 50 54 -1 11 0 0.03 0.0 0 12.4 21 110 M M 9 1 26 50
21 54 48 51 -4 14 0 0.08 0.0 0 10.5 20 80 M M 10 13 24 80
22 63 47 55 0 10 0 0.00 0.0 0 10.0 20 330 M M 3 27 340
23 59 40 50 -5 15 0 0.00 0.0 0 9.5 17 120 M M 3 23 130
24 72 48 60 5 5 0 1.26 0.0 0 15.9 40 170 M M 8 13 58 180
25 54 41 48 -7 17 0 0.00 0.0 0 11.9 23 320 M M 4 29 330
26 58 37 48 -8 17 0 0.00 0.0 0 4.7 13 320 M M 1 20 10
27 58 38 48 -8 17 0 0.00 0.0 0 5.9 13 130 M M 7 18 140
28 72 58 65 9 0 0 0.14 0.0 0 13.4 24 180 M M 10 1 35 190
29 77 59 68 12 0 3 0.38 0.0 0 11.7 25 200 M M 10 138 34 210
30 59 39 49 -7 16 0 0.01 0.0 0 12.9 17 350 M M 10 1 27 310
31 46 38 42 -14 23 0 T 0.0 0 13.5 20 350 M M 10 1 28 20
================================================================================
SM 2162 1604 188 61 3.98 0.0 315.4 M 188
================================================================================
AV 69.7 51.7 10.2 FASTST M M 6 MAX(MPH)
MISC ----> 40 170 58 180
================================================================================
NOTES:
# LAST OF SEVERAL OCCURRENCES
COLUMN 17 PEAK WIND IN M.P.H.
PRELIMINARY LOCAL CLIMATOLOGICAL DATA (WS FORM: F-6) , PAGE 2
STATION: HOUSTON/HOBBY AIRPORT
MONTH: JANUARY
YEAR: 2023
LATITUDE: 29 38 N
LONGITUDE: 95 17 W
[TEMPERATURE DATA] [PRECIPITATION DATA] SYMBOLS USED IN COLUMN 16
AVERAGE MONTHLY: 60.7 TOTAL FOR MONTH: 3.98 1 = FOG OR MIST
DPTR FM NORMAL: 5.7 DPTR FM NORMAL: -0.11 2 = FOG REDUCING VISIBILITY
HIGHEST: 82 ON 11, 7 GRTST 24HR 1.40 ON 8- 8 TO 1/4 MILE OR LESS
LOWEST: 37 ON 26 3 = THUNDER
SNOW, ICE PELLETS, HAIL 4 = ICE PELLETS
TOTAL MONTH: 0.0 INCH 5 = HAIL
GRTST 24HR 0.0 6 = FREEZING RAIN OR DRIZZLE
GRTST DEPTH: 0 7 = DUSTSTORM OR SANDSTORM:
VSBY 1/2 MILE OR LESS
8 = SMOKE OR HAZE
[NO. OF DAYS WITH] [WEATHER - DAYS WITH] 9 = BLOWING SNOW
X = TORNADO
MAX 32 OR BELOW: 0 0.01 INCH OR MORE: 11
MAX 90 OR ABOVE: 0 0.10 INCH OR MORE: 6
MIN 32 OR BELOW: 0 0.50 INCH OR MORE: 2
MIN 0 OR BELOW: 0 1.00 INCH OR MORE: 2
[HDD (BASE 65) ]
TOTAL THIS MO. 188 CLEAR (SCALE 0-3) 8
DPTR FM NORMAL -142 PTCLDY (SCALE 4-7) 12
TOTAL FM JUL 1 641 CLOUDY (SCALE 8-10) 11
DPTR FM NORMAL -128
[CDD (BASE 65) ]
TOTAL THIS MO. 61
DPTR FM NORMAL 42 [PRESSURE DATA]
TOTAL FM JAN 1 61 HIGHEST SLP 30.47 ON 26
DPTR FM NORMAL 42 LOWEST SLP 29.56 ON 24
[REMARKS]
#FINAL-01-23#