000
CXUS54 KHGX 011410
CF6HOU
PRELIMINARY LOCAL CLIMATOLOGICAL DATA (WS FORM: F-6)
STATION: HOUSTON/HOBBY AIRPORT
MONTH: JULY
YEAR: 2022
LATITUDE: 29 38 N
LONGITUDE: 95 17 W
TEMPERATURE IN F: :PCPN: SNOW: WIND :SUNSHINE: SKY :PK WND
================================================================================
1 2 3 4 5 6A 6B 7 8 9 10 11 12 13 14 15 16 17 18
12Z AVG MX 2MIN
DY MAX MIN AVG DEP HDD CDD WTR SNW DPTH SPD SPD DIR MIN PSBL S-S WX SPD DR
================================================================================
1 89 77 83 -1 0 18 1.11 0.0 0 6.5 18 240 M M 8 13 24 230
2 94 78 86 2 0 21 0.02 0.0 0 8.5 24 220 M M 5 3 31 220
3 96 77 87 3 0 22 0.00 0.0 0 8.6 18 150 M M 4 25 170
4 97 79 88 4 0 23 0.00 0.0 0 8.3 18 140 M M 3 25 180
5 97 78 88 4 0 23 0.00 0.0 0 8.9 18 150 M M 3 25 130
6 97 79 88 4 0 23 0.00 0.0 0 9.2 18 140 M M 4 27 140
7 97 78 88 4 0 23 T 0.0 0 7.7 20 160 M M 3 3 26 180
8 99 79 89 5 0 24 0.00 0.0 0 8.0 20 170 M M 3 24 150
9 102 78 90 6 0 25 0.00 0.0 0 7.8 17 160 M M 2 22 170
10 104 81 93 9 0 28 0.00 0.0 0 9.6 23 180 M M 3 3 30 190
11 103 82 93 9 0 28 T 0.0 0 10.1 24 100 M M 6 3 33 100
12 101 82 92 8 0 27 0.00 0.0 0 7.6 21 210 M M 6 3 26 220
13 99 80 90 5 0 25 0.00 0.0 0 6.7 18 170 M M 5 25 170
14 98 79 89 4 0 24 0.20 0.0 0 5.3 24 130 M M 7 3 33 130
15 92 78 85 0 0 20 0.03 0.0 0 7.2 25 200 M M 6 1 32 200
16 98 77 88 3 0 23 0.00 0.0 0 7.2 18 190 M M 3 24 190
17 99 78 89 4 0 24 0.00 0.0 0 8.0 18 160 M M 3 24 140
18 100 78 89 4 0 24 0.00 0.0 M 10.0 22 190 M M 3 31 200
19 100 79 90 5 0 25 0.00 0.0 0 11.9 25 180 M M 3 35 180
20 100 80 90 5 0 25 0.00 0.0 0 12.1 21 180 M M 3 28 180
21 100 79 90 5 0 25 0.00 0.0 0 8.9 22 150 M M 4 29 140
22 93 77 85 0 0 20 0.32 0.0 0 5.6 18 50 M M 8 13 23 60
23 95 78 87 2 0 22 0.00 0.0 0 7.8 20 210 M M 5 27 210
24 99 79 89 4 0 24 T 0.0 0 8.8 24 180 M M 4 3 29 180
25 97 79 88 3 0 23 0.08 0.0 0 7.9 25 200 M M 4 3 33 160
26 96 79 88 3 0 23 0.07 0.0 0 7.4 21 160 M M 5 3 27 180
27 95 80 88 3 0 23 0.07 0.0 0 7.5 21 180 M M 5 3 28 190
28 98 78 88 3 0 23 0.00 0.0 0 8.7 22 160 M M 4 3 28 160
29 95 78 87 2 0 22 T 0.0 0 9.7 20 160 M M 4 3 26 170
30 96 79 88 3 0 23 0.00 0.0 0 8.6 18 160 M M 6 24 180
31 97 78 88 2 0 23 0.00 0.0 0 7.7 18 130 M M 6 26 130
================================================================================
SM 3023 2441 0 726 1.90 0.0 257.8 M 138
================================================================================
AV 97.5 78.7 8.3 FASTST M M 4 MAX(MPH)
MISC ----> # 25 200 35 180
================================================================================
NOTES:
# LAST OF SEVERAL OCCURRENCES
COLUMN 17 PEAK WIND IN M.P.H.
PRELIMINARY LOCAL CLIMATOLOGICAL DATA (WS FORM: F-6) , PAGE 2
STATION: HOUSTON/HOBBY AIRPORT
MONTH: JULY
YEAR: 2022
LATITUDE: 29 38 N
LONGITUDE: 95 17 W
[TEMPERATURE DATA] [PRECIPITATION DATA] SYMBOLS USED IN COLUMN 16
AVERAGE MONTHLY: 88.1 TOTAL FOR MONTH: 1.90 1 = FOG OR MIST
DPTR FM NORMAL: 3.3 DPTR FM NORMAL: -2.69 2 = FOG REDUCING VISIBILITY
HIGHEST: 104 ON 10 GRTST 24HR 1.13 ON 1- 2 TO 1/4 MILE OR LESS
LOWEST: 77 ON 22,16 3 = THUNDER
SNOW, ICE PELLETS, HAIL 4 = ICE PELLETS
TOTAL MONTH: 0.0 INCH 5 = HAIL
GRTST 24HR 0.0 6 = FREEZING RAIN OR DRIZZLE
GRTST DEPTH: 0 7 = DUSTSTORM OR SANDSTORM:
VSBY 1/2 MILE OR LESS
8 = SMOKE OR HAZE
[NO. OF DAYS WITH] [WEATHER - DAYS WITH] 9 = BLOWING SNOW
X = TORNADO
MAX 32 OR BELOW: 0 0.01 INCH OR MORE: 8
MAX 90 OR ABOVE: 30 0.10 INCH OR MORE: 3
MIN 32 OR BELOW: 0 0.50 INCH OR MORE: 1
MIN 0 OR BELOW: 0 1.00 INCH OR MORE: 1
[HDD (BASE 65) ]
TOTAL THIS MO. 0 CLEAR (SCALE 0-3) 7
DPTR FM NORMAL 0 PTCLDY (SCALE 4-7) 23
TOTAL FM JUL 1 0 CLOUDY (SCALE 8-10) 1
DPTR FM NORMAL 0
[CDD (BASE 65) ]
TOTAL THIS MO. 726
DPTR FM NORMAL 114 [PRESSURE DATA]
TOTAL FM JAN 1 2290 HIGHEST SLP 30.13 ON 31
DPTR FM NORMAL 418 LOWEST SLP 29.76 ON 11
[REMARKS]
#FINAL-07-22#