000
CXUS55 KSEW 010930
CF6HQM
PRELIMINARY LOCAL CLIMATOLOGICAL DATA (WS FORM: F-6)
STATION: HOQUIAM WA AIRPORT
MONTH: MARCH
YEAR: 2024
LATITUDE: 46 58 N
LONGITUDE: 123 56 W
TEMPERATURE IN F: :PCPN: SNOW: WIND :SUNSHINE: SKY :PK WND
================================================================================
1 2 3 4 5 6A 6B 7 8 9 10 11 12 13 14 15 16 17 18
12Z AVG MX 2MIN
DY MAX MIN AVG DEP HDD CDD WTR SNW DPTH SPD SPD DIR MIN PSBL S-S WX SPD DR
================================================================================
1 42 33 38 -6 27 0 0.41 M M 11.6 22 120 M M 9 1 28 150
2 43 33 38 -6 27 0 0.42 M M 10.7 24 190 M M 8 1 30 190
3 42 35 39 -6 26 0 0.63 M M 10.9 23 290 M M 10 18 31 280
4 42 32 37 -8 28 0 0.60 M M 5.4 26 250 M M 8 1 42 250
5 46 32 39 -6 26 0 0.00 M M 5.1 13 90 M M 7 19 70
6 45 30 38 -7 27 0 0.00 M M 4.6 13 350 M M 8 1 16 310
7 49 33 41 -4 24 0 0.00 M M 5.3 12 250 M M 6 14 270
8 52 39 46 1 19 0 0.09 M M 7.7 13 100 M M 7 17 70
9 50 42 46 1 19 0 0.87 M M 15.9 33 190 M M 10 1 50 180
10 47 41 44 -1 21 0 0.72 M M 12.8 28 160 M M 10 1 52 170
11 48 40 44 -1 21 0 0.71 M M 12.7 23 130 M M 9 1 30 140
12 50 37 44 -1 21 0 0.10 M M 12.9 28 250 M M 7 43 250
13 51 34 43 -3 22 0 0.01 M M 5.0 12 240 M M 2 14 270
14 59 34 47 1 18 0 0.00 M M 7.8 16 70 M M 1 1 21 100
15 66 42 54 8 11 0 0.00 M M 10.8 17 110 M M 0 22 60
16 73 44 59 13 6 0 0.00 M M 8.7 18 100 M M 0 25 80
17 54 39 47 1 18 0 0.00 M M 5.4 15 260 M M 2 19 260
18 65 36 51 5 14 0 T M M 4.0 13 260 M M 3 12 16 280
19 53 41 47 1 18 0 0.00 M M 7.5 16 250 M M 10 12 18 250
20 52 46 49 3 16 0 0.05 M M 6.6 15 180 M M 10 18 19 180
21 53 46 50 4 15 0 0.17 M M 7.2 10 100 M M 10 1 14 90
22 51 46 49 3 16 0 0.39 M M 8.4 17 80 M M 9 13 23 110
23 55 43 49 3 16 0 0.13 M M 6.8 20 220 M M 7 1 23 220
24 55 44 50 4 15 0 0.01 M M 8.1 20 250 M M 7 22 260
25 52 45 49 3 16 0 0.07 M M 8.0 15 230 M M 9 1 20 310
26 53 43 48 1 17 0 0.26 M M 9.4 17 250 M M 5 1 23 280
27 55 43 49 2 16 0 0.63 M M 14.0 32 180 M M 8 1 55 160
28 48 42 45 -2 20 0 1.71 M M 16.0 30 200 M M 10 13 47 170
29 59 41 50 3 15 0 0.20 M M 7.5 18 150 M M 5 1 26 150
30 56 34 45 -2 20 0 0.00 M M 5.6 17 260 M M 0 23 300
31 58 35 47 0 18 0 0.00 M M 5.9 17 280 M M 1 12 24 280
================================================================================
SM 1624 1205 593 0 8.18 M 268.3 M 198
================================================================================
AV 52.4 38.9 8.7 FASTST M M 6 MAX(MPH)
MISC ----> 33 190 55 160
================================================================================
NOTES:
# LAST OF SEVERAL OCCURRENCES
COLUMN 17 PEAK WIND IN M.P.H.
PRELIMINARY LOCAL CLIMATOLOGICAL DATA (WS FORM: F-6) , PAGE 2
STATION: HOQUIAM WA AIRPORT
MONTH: MARCH
YEAR: 2024
LATITUDE: 46 58 N
LONGITUDE: 123 56 W
[TEMPERATURE DATA] [PRECIPITATION DATA] SYMBOLS USED IN COLUMN 16
AVERAGE MONTHLY: 45.6 TOTAL FOR MONTH: 8.18 1 = FOG OR MIST
DPTR FM NORMAL: -0.2 DPTR FM NORMAL: 0.44 2 = FOG REDUCING VISIBILITY
HIGHEST: 73 ON 16 GRTST 24HR 1.83 ON 28-29 TO 1/4 MILE OR LESS
LOWEST: 30 ON 6 3 = THUNDER
SNOW, ICE PELLETS, HAIL 4 = ICE PELLETS
TOTAL MONTH: M 5 = HAIL
GRTST 24HR M ON M 6 = FREEZING RAIN OR DRIZZLE
GRTST DEPTH: M ON M 7 = DUSTSTORM OR SANDSTORM:
VSBY 1/2 MILE OR LESS
8 = SMOKE OR HAZE
[NO. OF DAYS WITH] [WEATHER - DAYS WITH] 9 = BLOWING SNOW
X = TORNADO
MAX 32 OR BELOW: 0 0.01 INCH OR MORE: 20
MAX 90 OR ABOVE: 0 0.10 INCH OR MORE: 15
MIN 32 OR BELOW: 3 0.50 INCH OR MORE: 7
MIN 0 OR BELOW: 0 1.00 INCH OR MORE: 1
[HDD (BASE 65) ]
TOTAL THIS MO. 593 CLEAR (SCALE 0-3) 7
DPTR FM NORMAL -4 PTCLDY (SCALE 4-7) 12
TOTAL FM JUL 1 3614 CLOUDY (SCALE 8-10) 12
DPTR FM NORMAL -409
[CDD (BASE 65) ]
TOTAL THIS MO. 0
DPTR FM NORMAL 0 [PRESSURE DATA]
TOTAL FM JAN 1 0 HIGHEST SLP M ON M
DPTR FM NORMAL 0 LOWEST SLP 29.25 ON 1
[REMARKS]
#FINAL-03-24#