000
CXUS55 KSEW 010930
CF6HQM
PRELIMINARY LOCAL CLIMATOLOGICAL DATA (WS FORM: F-6)
STATION: HOQUIAM WA AIRPORT
MONTH: SEPTEMBER
YEAR: 2021
LATITUDE: 46 58 N
LONGITUDE: 123 56 W
TEMPERATURE IN F: :PCPN: SNOW: WIND :SUNSHINE: SKY :PK WND
================================================================================
1 2 3 4 5 6A 6B 7 8 9 10 11 12 13 14 15 16 17 18
12Z AVG MX 2MIN
DY MAX MIN AVG DEP HDD CDD WTR SNW DPTH SPD SPD DIR MIN PSBL S-S WX SPD DR
================================================================================
1 68 44 56 -5 9 0 0.00 M M 5.9 14 320 M M 0 1 18 330
2 74 47 61 0 4 0 0.00 M M 5.9 16 260 M M 2 12 20 280
3 72 49 61 0 4 0 0.00 M M 4.0 21 260 M M 3 12 26 260
4 69 50 60 -1 5 0 0.02 M M 4.5 14 250 M M 6 1 18 260
5 65 57 61 1 4 0 0.03 M M 5.8 15 270 M M 10 1 17 320
6 69 54 62 2 3 0 0.00 M M 6.0 14 290 M M 5 128 19 330
7 80 51 66 6 0 1 T M M 6.2 15 230 M M 0 1 21 220
8 70 59 65 5 0 0 0.01 M M 4.6 14 270 M M 5 1 18 280
9 68 56 62 2 3 0 0.00 M M 6.3 18 260 M M 7 12 21 260
10 65 57 61 1 4 0 0.04 M M 8.0 18 290 M M 8 18 24 310
11 68 57 63 3 2 0 T M M 4.3 13 260 M M 9 18 290
12 67 57 62 2 3 0 0.00 M M 10.3 23 290 M M 5 1 30 270
13 69 51 60 0 5 0 0.00 M M 7.3 21 290 M M 1 27 290
14 65 49 57 -3 8 0 T M M 5.7 15 300 M M 6 18 21 310
15 64 51 58 -2 7 0 0.00 M M 10.9 23 290 M M 1 38 320
16 69 43 56 -3 9 0 0.00 M M 5.2 12 130 M M 0 1 14 130
17 63 54 59 0 6 0 1.29 M M 15.0 31 220 M M 10 1 40 180
18 65 56 61 2 4 0 0.83 M M 10.4 25 200 M M 9 13 34 240
19 65 56 61 2 4 0 0.04 M M 10.5 20 260 M M 5 1 24 260
20 67 53 60 1 5 0 0.00 M M 4.7 13 260 M M 5 1 15 250
21 79 53 66 8 0 1 0.00 M M 7.4 16 110 M M 0 19 110
22 64 54 59 1 6 0 0.02 M M 7.8 16 290 M M 7 1 22 260
23 66 50 58 0 7 0 0.00 M M 3.0 13 260 M M 4 1 17 290
24 83 53 68 10 0 3 0.00 M M 6.9 16 70 M M 0 23 80
25 62 54 58 0 7 0 0.00 M M 6.4 15 240 M M 7 128 18 240
26 62 57 60 3 5 0 1.67 M M 12.7 35 180 M M 10 18 47 180
27 63 56 60 3 5 0 0.23 M M 12.7 25 200 M M 7 18 31 200
28 63 55 59 2 6 0 0.09 M M 10.9 18 250 M M 7 1 24 310
29 60 54 57 0 8 0 0.66 M M 11.2 24 180 M M 10 18 32 190
30 62 54 58 2 7 0 0.75 M M 9.0 23 190 M M 10 12 30 190
================================================================================
SM 2026 1591 140 5 5.68 M 229.5 M 159
================================================================================
AV 67.5 53.0 7.6 FASTST M M 5 MAX(MPH)
MISC ----> 35 180 47 180
================================================================================
NOTES:
# LAST OF SEVERAL OCCURRENCES
COLUMN 17 PEAK WIND IN M.P.H.
PRELIMINARY LOCAL CLIMATOLOGICAL DATA (WS FORM: F-6) , PAGE 2
STATION: HOQUIAM WA AIRPORT
MONTH: SEPTEMBER
YEAR: 2021
LATITUDE: 46 58 N
LONGITUDE: 123 56 W
[TEMPERATURE DATA] [PRECIPITATION DATA] SYMBOLS USED IN COLUMN 16
AVERAGE MONTHLY: 60.3 TOTAL FOR MONTH: 5.68 1 = FOG OR MIST
DPTR FM NORMAL: 1.2 DPTR FM NORMAL: 3.15 2 = FOG REDUCING VISIBILITY
HIGHEST: 83 ON 24 GRTST 24HR 1.82 ON 26-27 TO 1/4 MILE OR LESS
LOWEST: 43 ON 16 3 = THUNDER
SNOW, ICE PELLETS, HAIL 4 = ICE PELLETS
TOTAL MONTH: M 5 = HAIL
GRTST 24HR M ON M 6 = FREEZING RAIN OR DRIZZLE
GRTST DEPTH: M ON M 7 = DUSTSTORM OR SANDSTORM:
VSBY 1/2 MILE OR LESS
8 = SMOKE OR HAZE
[NO. OF DAYS WITH] [WEATHER - DAYS WITH] 9 = BLOWING SNOW
X = TORNADO
MAX 32 OR BELOW: 0 0.01 INCH OR MORE: 13
MAX 90 OR ABOVE: 0 0.10 INCH OR MORE: 6
MIN 32 OR BELOW: 0 0.50 INCH OR MORE: 5
MIN 0 OR BELOW: 0 1.00 INCH OR MORE: 2
[HDD (BASE 65) ]
TOTAL THIS MO. 140 CLEAR (SCALE 0-3) 9
DPTR FM NORMAL -44 PTCLDY (SCALE 4-7) 14
TOTAL FM JUL 1 301 CLOUDY (SCALE 8-10) 7
DPTR FM NORMAL -167
[CDD (BASE 65) ]
TOTAL THIS MO. 5
DPTR FM NORMAL -3 [PRESSURE DATA]
TOTAL FM JAN 1 90 HIGHEST SLP M ON M
DPTR FM NORMAL 65 LOWEST SLP 29.59 ON 17
[REMARKS]
#FINAL-09-21#