000
CXUS54 KLZK 031640
CF6HRO
PRELIMINARY LOCAL CLIMATOLOGICAL DATA (WS FORM: F-6)
STATION: HARRISON
MONTH: JANUARY
YEAR: 2022
LATITUDE: 36 15 N
LONGITUDE: 93 9 W
TEMPERATURE IN F: :PCPN: SNOW: WIND :SUNSHINE: SKY :PK WND
================================================================================
1 2 3 4 5 6A 6B 7 8 9 10 11 12 13 14 15 16 17 18
12Z AVG MX 2MIN
DY MAX MIN AVG DEP HDD CDD WTR SNW DPTH SPD SPD DIR MIN PSBL S-S WX SPD DR
================================================================================
1 59 17 38 1 27 0 1.16 0.0 0 8.8 21 310 M M 10 1 30 300
2 24 15 20 -17 45 0 T T 0 10.5 18 310 M M 6 1 25 300
3 41 14 28 -9 37 0 T T 0 4.6 9 310 M M 0 13 320
4 47 22 35 -2 30 0 T T 0 10.9 25 160 M M 0 32 150
5 51 27 39 2 26 0 0.00 0.0 0 6.8 16 280 M M 0 23 290
6 28 14 21 -16 44 0 0.05 1.0 0 7.8 15 330 M M 9 1 20 330
7 34 13 24 -13 41 0 0.00 0.0 T 9.1 21 150 M M 1 25 150
8 57 27 42 5 23 0 T 0.0 0 15.3 24 150 M M 10 35 160
9 57 25 41 4 24 0 0.02 0.0 0 8.9 20 30 M M 5 1 25 30
10 50 19 35 -2 30 0 0.00 0.0 0 4.9 16 300 M M 0 21 320
11 59 24 42 5 23 0 0.00 0.0 0 5.6 16 230 M M M 24 240
12 61 45 53 16 12 0 0.00 0.0 0 9.3 17 260 M M 0 27 250
13 63 43 53 16 12 0 0.00 0.0 0 8.6 18 330 M M 0 28 320
14 53 35 44 7 21 0 T 0.0 0 9.1 17 130 M M 2 21 120
15 45 27 36 -1 29 0 0.44 12.0 0 9.7 16 310 M M 10 12 25 330
16 35 24 30 -7 35 0 T T 10 10.3 17 300 M M 6 1 27 300
17 44 29 37 0 28 0 0.00 0.0 7 7.7 14 300 M M 0 21 290
18 56 31 44 7 21 0 0.00 0.0 2 8.0 16 160 M M 0 23 220
19 49 18 34 -3 31 0 0.01 0.3 T 7.8 18 360 M M 7 1 26 330
20 24 10 17 -20 48 0 0.00 0.0 T 7.5 15 330 M M 0 22 340
21 27 3 15 -22 50 0 0.00 0.0 0 2.0 9 120 M M 0 12 130
22 44 11 28 -9 37 0 0.00 0.0 0 5.1 14 280 M M 0 18 280
23 52 33 43 6 22 0 0.00 0.0 0 7.6 17 270 M M 0 25 270
24 63 32 48 11 17 0 0.00 0.0 0 7.6 20 260 M M 0 30 250
25 37 21 29 -8 36 0 0.00 0.0 0 7.3 14 30 M M 0 19 340
26 31 14 23 -14 42 0 0.00 0.0 0 5.6 12 140 M M 6 15 100
27 40 27 34 -4 31 0 T T 0 4.9 13 310 M M 8 20 270
28 37 21 29 -9 36 0 0.00 0.0 0 7.4 20 310 M M 4 30 300
29 56 14 35 -3 30 0 0.00 0.0 0 6.0 15 250 M M 0 22 230
30 55 33 44 6 21 0 0.00 0.0 0 5.3 12 270 M M 0 15 330
31 66 26 46 8 19 0 0.00 0.0 0 7.8 18 170 M M 0 23 160
================================================================================
SM 1445 714 928 0 1.68 13.3 237.8 M 84
================================================================================
AV 46.6 23.0 7.7 FASTST M M 3 MAX(MPH)
MISC ----> 25 160 35 160
================================================================================
NOTES:
# LAST OF SEVERAL OCCURRENCES
COLUMN 17 PEAK WIND IN M.P.H.
PRELIMINARY LOCAL CLIMATOLOGICAL DATA (WS FORM: F-6) , PAGE 2
STATION: HARRISON
MONTH: JANUARY
YEAR: 2022
LATITUDE: 36 15 N
LONGITUDE: 93 9 W
[TEMPERATURE DATA] [PRECIPITATION DATA] SYMBOLS USED IN COLUMN 16
AVERAGE MONTHLY: 34.8 TOTAL FOR MONTH: 1.68 1 = FOG OR MIST
DPTR FM NORMAL: -2.2 DPTR FM NORMAL: -0.99 2 = FOG REDUCING VISIBILITY
HIGHEST: 66 ON 31 GRTST 24HR 1.50 ON 31- 1 TO 1/4 MILE OR LESS
LOWEST: 3 ON 21 3 = THUNDER
SNOW, ICE PELLETS, HAIL 4 = ICE PELLETS
TOTAL MONTH: 13.3 INCHES 5 = HAIL
GRTST 24HR 12.0 ON 15-15 6 = FREEZING RAIN OR DRIZZLE
GRTST DEPTH: 10 ON 16 7 = DUSTSTORM OR SANDSTORM:
VSBY 1/2 MILE OR LESS
8 = SMOKE OR HAZE
[NO. OF DAYS WITH] [WEATHER - DAYS WITH] 9 = BLOWING SNOW
X = TORNADO
MAX 32 OR BELOW: 5 0.01 INCH OR MORE: 5
MAX 90 OR ABOVE: 0 0.10 INCH OR MORE: 2
MIN 32 OR BELOW: 26 0.50 INCH OR MORE: 1
MIN 0 OR BELOW: 0 1.00 INCH OR MORE: 1
[HDD (BASE 65) ]
TOTAL THIS MO. 928 CLEAR (SCALE 0-3) 19
DPTR FM NORMAL 61 PTCLDY (SCALE 4-7) 7
TOTAL FM JUL 1 1956 CLOUDY (SCALE 8-10) 5
DPTR FM NORMAL -440
[CDD (BASE 65) ]
TOTAL THIS MO. 0
DPTR FM NORMAL 0 [PRESSURE DATA]
TOTAL FM JAN 1 0 HIGHEST SLP 30.66 ON 10
DPTR FM NORMAL 0 LOWEST SLP 29.58 ON 1
[REMARKS]
#FINAL-01-22#