000
CXUS54 KLZK 011230
CF6HRO
PRELIMINARY LOCAL CLIMATOLOGICAL DATA (WS FORM: F-6)
STATION: HARRISON
MONTH: SEPTEMBER
YEAR: 2023
LATITUDE: 36 15 N
LONGITUDE: 93 9 W
TEMPERATURE IN F: :PCPN: SNOW: WIND :SUNSHINE: SKY :PK WND
================================================================================
1 2 3 4 5 6A 6B 7 8 9 10 11 12 13 14 15 16 17 18
12Z AVG MX 2MIN
DY MAX MIN AVG DEP HDD CDD WTR SNW DPTH SPD SPD DIR MIN PSBL S-S WX SPD DR
================================================================================
1 85 55 70 -5 0 5 0.00 0.0 0 4.0 12 50 M M 0 15 110
2 90 56 73 -1 0 8 0.00 0.0 0 4.6 12 160 M M 0 23 180
3 93 67 80 6 0 15 0.00 0.0 0 7.1 13 150 M M 2 17 150
4 92 68 80 6 0 15 0.27 0.0 0 8.5 31 170 M M 1 13 41 160
5 91 69 80 6 0 15 0.28 0.0 0 9.7 25 310 M M 1 13 37 320
6 85 65 75 2 0 10 1.64 0.0 0 5.8 29 260 M M 3 13 43 260
7 85 60 73 0 0 8 0.00 0.0 0 2.6 8 60 M M 1 10 50
8 82 60 71 -1 0 6 0.17 0.0 0 5.8 23 160 M M 2 13 30 160
9 81 55 68 -4 0 3 0.00 0.0 0 2.9 13 40 M M 0 17 30
10 81 54 68 -4 0 3 0.00 0.0 0 2.1 8 90 M M 0 11 90
11 79 59 69 -3 0 4 0.13 0.0 0 2.2 10 10 M M 3 1 15 20
12 74 60 67 -4 0 2 0.39 0.0 0 2.4 9 360 M M 8 1 13 360
13 76 56 66 -5 0 1 0.00 0.0 0 3.1 12 110 M M 4 12 15 130
14 77 55 66 -4 0 1 0.00 0.0 0 4.3 16 90 M M 1 25 90
15 79 52 66 -4 0 1 0.00 0.0 0 2.3 10 50 M M 0 13 40
16 80 58 69 -1 0 4 0.00 0.0 0 3.5 15 340 M M 4 25 330
17 79 54 67 -3 0 2 0.00 0.0 0 5.0 14 320 M M 0 21 340
18 83 50 67 -2 0 2 0.00 0.0 0 2.9 10 130 M M 0 14 140
19 82 59 71 2 0 6 0.09 0.0 0 7.2 17 320 M M 3 1 25 320
20 76 61 69 1 0 4 0.92 0.0 0 5.9 14 290 M M 6 13 20 300
21 87 63 75 7 0 10 0.54 0.0 0 5.3 13 170 M M 4 13 23 220
22 76 63 70 2 0 5 0.22 0.0 0 5.5 15 170 M M 4 13 21 160
23 87 63 75 8 0 10 0.10 0.0 0 9.4 16 150 M M 1 3 24 170
24 81 65 73 6 0 8 0.90 0.0 0 4.4 17 140 M M 7 13 22 140
25 85 62 74 7 0 9 0.00 0.0 0 2.5 9 130 M M 5 12 13 350
26 86 58 72 6 0 7 0.00 0.0 0 2.0 8 160 M M 0 10 170
27 88 61 75 9 0 10 0.00 0.0 0 2.6 10 280 M M 0 16 250
28 88 60 74 8 0 9 0.00 0.0 0 1.5 7 80 M M 0 11 110
29 88 61 75 10 0 10 0.00 0.0 0 3.9 12 150 M M 0 19 140
30 89 59 74 9 0 9 0.00 0.0 0 2.6 10 100 M M 0 13 130
================================================================================
SM 2505 1788 0 202 5.65 0.0 131.6 M 60
================================================================================
AV 83.5 59.6 4.4 FASTST M M 2 MAX(MPH)
MISC ----> 31 170 43 260
================================================================================
NOTES:
# LAST OF SEVERAL OCCURRENCES
COLUMN 17 PEAK WIND IN M.P.H.
PRELIMINARY LOCAL CLIMATOLOGICAL DATA (WS FORM: F-6) , PAGE 2
STATION: HARRISON
MONTH: SEPTEMBER
YEAR: 2023
LATITUDE: 36 15 N
LONGITUDE: 93 9 W
[TEMPERATURE DATA] [PRECIPITATION DATA] SYMBOLS USED IN COLUMN 16
AVERAGE MONTHLY: 71.6 TOTAL FOR MONTH: 5.65 1 = FOG OR MIST
DPTR FM NORMAL: 1.7 DPTR FM NORMAL: 1.59 2 = FOG REDUCING VISIBILITY
HIGHEST: 93 ON 3 GRTST 24HR 1.92 ON 5- 6 TO 1/4 MILE OR LESS
LOWEST: 50 ON 18 3 = THUNDER
SNOW, ICE PELLETS, HAIL 4 = ICE PELLETS
TOTAL MONTH: 0.0 INCH 5 = HAIL
GRTST 24HR 0.0 6 = FREEZING RAIN OR DRIZZLE
GRTST DEPTH: 0 7 = DUSTSTORM OR SANDSTORM:
VSBY 1/2 MILE OR LESS
8 = SMOKE OR HAZE
[NO. OF DAYS WITH] [WEATHER - DAYS WITH] 9 = BLOWING SNOW
X = TORNADO
MAX 32 OR BELOW: 0 0.01 INCH OR MORE: 12
MAX 90 OR ABOVE: 4 0.10 INCH OR MORE: 11
MIN 32 OR BELOW: 0 0.50 INCH OR MORE: 4
MIN 0 OR BELOW: 0 1.00 INCH OR MORE: 1
[HDD (BASE 65) ]
TOTAL THIS MO. 0 CLEAR (SCALE 0-3) 22
DPTR FM NORMAL -34 PTCLDY (SCALE 4-7) 8
TOTAL FM JUL 1 0 CLOUDY (SCALE 8-10) 0
DPTR FM NORMAL -33
[CDD (BASE 65) ]
TOTAL THIS MO. 202
DPTR FM NORMAL 20 [PRESSURE DATA]
TOTAL FM JAN 1 1518 HIGHEST SLP 30.19 ON 10
DPTR FM NORMAL 89 LOWEST SLP 29.80 ON 23
[REMARKS]
#FINAL-09-23#