000
CXUS54 KHUN 031652
CF6HSV
PRELIMINARY LOCAL CLIMATOLOGICAL DATA (WS FORM: F-6)
STATION: HUNTSVILLE
MONTH: MARCH
YEAR: 2022
LATITUDE: 34 39 N
LONGITUDE: 86 46 W
TEMPERATURE IN F: :PCPN: SNOW: WIND :SUNSHINE: SKY :PK WND
================================================================================
1 2 3 4 5 6A 6B 7 8 9 10 11 12 13 14 15 16 17 18
12Z AVG MX 2MIN
DY MAX MIN AVG DEP HDD CDD WTR SNW DPTH SPD SPD DIR MIN PSBL S-S WX SPD DR
================================================================================
1 67 33 50 0 15 0 0.00 0.0 0 2.9 9 220 M M 0 1 14 270
2 76 38 57 6 8 0 0.00 0.0 0 3.9 9 330 M M 0 13 280
3 78 40 59 8 6 0 0.00 0.0 0 3.8 13 280 M M 0 18 270
4 79 44 62 11 3 0 0.00 0.0 0 6.0 14 150 M M 4 8 19 150
5 78 50 64 13 1 0 0.00 0.0 0 10.5 23 200 M M 4 33 210
6 79 56 68 16 0 3 0.00 0.0 0 12.0 22 190 M M 4 31 180
7 71 45 58 6 7 0 0.52 0.0 0 12.6 25 220 M M 9 1 36 210
8 52 38 45 -7 20 0 1.63 0.0 0 8.3 23 120 M M 9 13 29 110
9 50 41 46 -6 19 0 0.23 0.0 0 8.0 17 340 M M 9 1 24 340
10 65 39 52 -1 13 0 0.00 0.0 0 4.0 9 10 M M 1 13 350
11 69 32 51 -2 14 0 0.13 T 0 7.0 29 340 M M 5 14 41 330
12 36 27 32 -21 33 0 0.09 2.0 2 12.8 26 350 M M 4 1 40 360
13 56 23 40 -13 25 0 0.00 0.0 0 5.7 13 200 M M 1 18 250
14 65 34 50 -4 15 0 0.00 0.0 0 6.8 17 150 M M 3 24 190
15 62 49 56 2 9 0 0.53 0.0 0 9.7 17 90 M M 9 1 26 110
16 67 51 59 5 6 0 0.02 0.0 0 7.1 21 100 M M 8 1 27 100
17 74 47 61 7 4 0 0.00 0.0 0 4.9 10 170 M M 4 12 14 150
18 66 53 60 5 5 0 0.62 0.0 0 13.0 24 130 M M 6 13 33 110
19 56 41 49 -6 16 0 0.00 0.0 0 9.7 21 270 M M 7 33 250
20 70 36 53 -2 12 0 0.00 0.0 0 4.2 12 350 M M 1 18 330
21 73 43 58 2 7 0 0.00 0.0 0 9.1 17 170 M M 4 22 150
22 76 57 67 11 0 2 3.46 0.0 0 15.5 31 160 M M 7 13 44 170
23 63 45 54 -2 11 0 0.18 0.0 0 11.5 25 250 M M 7 1 38 250
24 64 40 52 -4 13 0 0.00 0.0 0 8.8 24 260 M M 3 36 240
25 59 44 52 -5 13 0 T 0.0 0 6.7 18 290 M M 5 29 290
26 64 40 52 -5 13 0 0.00 0.0 0 10.9 25 290 M M 1 39 290
27 59 37 48 -9 17 0 0.00 0.0 0 6.4 15 310 M M 3 21 360
28 63 41 52 -6 13 0 0.00 0.0 0 7.0 13 20 M M 4 18 30
29 74 46 60 2 5 0 0.00 0.0 0 10.3 22 170 M M 8 30 170
30 81 60 71 13 0 6 1.21 0.0 0 18.8 39 180 M M 7 13 57 170
31 60 47 54 -4 11 0 0.00 0.0 0 10.3 21 310 M M 7 29 280
================================================================================
SM 2052 1317 334 11 8.62 2.0 268.2 M 144
================================================================================
AV 66.2 42.5 8.7 FASTST M M 5 MAX(MPH)
MISC ----> 39 180 57 170
================================================================================
NOTES:
# LAST OF SEVERAL OCCURRENCES
COLUMN 17 PEAK WIND IN M.P.H.
PRELIMINARY LOCAL CLIMATOLOGICAL DATA (WS FORM: F-6) , PAGE 2
STATION: HUNTSVILLE
MONTH: MARCH
YEAR: 2022
LATITUDE: 34 39 N
LONGITUDE: 86 46 W
[TEMPERATURE DATA] [PRECIPITATION DATA] SYMBOLS USED IN COLUMN 16
AVERAGE MONTHLY: 54.3 TOTAL FOR MONTH: 8.62 1 = FOG OR MIST
DPTR FM NORMAL: 0.1 DPTR FM NORMAL: 3.23 2 = FOG REDUCING VISIBILITY
HIGHEST: 81 ON 30 GRTST 24HR 3.64 ON 22-23 TO 1/4 MILE OR LESS
LOWEST: 23 ON 13 3 = THUNDER
SNOW, ICE PELLETS, HAIL 4 = ICE PELLETS
TOTAL MONTH: 2.0 INCHES 5 = HAIL
GRTST 24HR 2.0 ON 12-12 6 = FREEZING RAIN OR DRIZZLE
GRTST DEPTH: 2 ON 12 7 = DUSTSTORM OR SANDSTORM:
VSBY 1/2 MILE OR LESS
8 = SMOKE OR HAZE
[NO. OF DAYS WITH] [WEATHER - DAYS WITH] 9 = BLOWING SNOW
X = TORNADO
MAX 32 OR BELOW: 0 0.01 INCH OR MORE: 11
MAX 90 OR ABOVE: 0 0.10 INCH OR MORE: 9
MIN 32 OR BELOW: 3 0.50 INCH OR MORE: 6
MIN 0 OR BELOW: 0 1.00 INCH OR MORE: 3
[HDD (BASE 65) ]
TOTAL THIS MO. 334 CLEAR (SCALE 0-3) 8
DPTR FM NORMAL -15 PTCLDY (SCALE 4-7) 19
TOTAL FM JUL 1 2595 CLOUDY (SCALE 8-10) 4
DPTR FM NORMAL -81
[CDD (BASE 65) ]
TOTAL THIS MO. 11
DPTR FM NORMAL -5 [PRESSURE DATA]
TOTAL FM JAN 1 15 HIGHEST SLP 30.47 ON 13
DPTR FM NORMAL -4 LOWEST SLP 29.50 ON 30
[REMARKS]
#FINAL-03-22#