000
CXUS53 KAPX 010830
CF6HTL
PRELIMINARY LOCAL CLIMATOLOGICAL DATA (WS FORM: F-6)
STATION: HOUGHTON LAKE MI
MONTH: JANUARY
YEAR: 2023
LATITUDE: 44 22 N
LONGITUDE: 84 41 W
TEMPERATURE IN F: :PCPN: SNOW: WIND :SUNSHINE: SKY :PK WND
================================================================================
1 2 3 4 5 6A 6B 7 8 9 10 11 12 13 14 15 16 17 18
12Z AVG MX 2MIN
DY MAX MIN AVG DEP HDD CDD WTR SNW DPTH SPD SPD DIR MIN PSBL S-S WX SPD DR
================================================================================
1 35 29 32 10 33 0 0.14 0.6 1 5.7 14 170 M M 10 126 21 180
2 36 31 34 13 31 0 0.00 0.0 1 3.3 10 220 M M 10 1 15 220
3 38 31 35 14 30 0 0.17 0.0 0 8.5 17 70 M M 10 18 23 70
4 38 34 36 15 29 0 0.11 0.0 T 8.3 17 60 M M 10 1 22 50
5 35 31 33 12 32 0 0.08 0.7 T 4.7 9 210 M M 10 1 13 210
6 32 29 31 11 34 0 T 0.1 1 5.5 9 300 M M 10 1 13 270
7 29 22 26 6 39 0 0.01 0.1 1 5.9 14 330 M M 10 1 19 330
8 28 23 26 6 39 0 0.00 0.0 1 7.7 13 240 M M 9 18 250
9 30 24 27 7 38 0 0.00 0.0 1 8.2 13 250 M M 9 1 21 260
10 33 27 30 10 35 0 0.00 0.0 1 8.7 14 110 M M 10 1 23 100
11 36 31 34 14 31 0 0.10 0.0 0 5.9 13 160 M M 10 1 21 140
12 36 29 33 14 32 0 0.00 0.0 T 9.2 20 10 M M 10 1 30 360
13 29 14 22 3 43 0 T T 0 10.2 18 10 M M 9 27 20
14 31 9 20 1 45 0 0.00 0.0 0 4.0 8 170 M M 1 12 230
15 38 23 31 12 34 0 0.00 0.0 0 8.9 15 140 M M 4 23 150
16 37 27 32 13 33 0 0.21 0.0 0 9.1 16 110 M M 7 1 25 130
17 40 33 37 18 28 0 0.10 0.0 0 8.2 15 250 M M 10 1 22 260
18 35 31 33 14 32 0 T T T 8.0 15 330 M M 10 18 21 310
19 34 32 33 15 32 0 0.30 0.7 T 10.7 26 100 M M 10 16 39 110
20 32 24 28 10 37 0 0.01 0.1 1 7.7 15 300 M M 10 1 21 300
21 29 25 27 9 38 0 0.00 0.0 1 7.5 14 240 M M 10 20 240
22 32 28 30 12 35 0 0.04 0.5 1 4.1 10 220 M M 10 18 15 200
23 30 24 27 9 38 0 0.01 0.1 1 10.7 17 240 M M 9 1 28 250
24 31 26 29 11 36 0 T T 1 8.5 21 280 M M 10 1 29 270
25 31 27 29 11 36 0 0.13 1.7 1 7.0 17 30 M M 10 1 23 50
26 30 16 23 5 42 0 0.03 0.4 3 5.7 16 340 M M 10 18 22 330
27 30 19 25 7 40 0 0.02 0.4 3 11.9 23 300 M M 8 168 33 280
28 27 20 24 6 41 0 0.06 0.9 3 8.5 22 290 M M 9 1 35 280
29 23 8 16 -2 49 0 0.13 2.0 6 6.9 14 10 M M 9 18 22 10
30 16 6 11 -7 54 0 0.03 0.4 6 9.2 18 280 M M 9 18 27 290
31 14 0 7 -11 58 0 0.00 0.0 6 7.5 14 240 M M 4 20 240
================================================================================
SM 975 733 1154 0 1.68 8.7 235.9 M 277
================================================================================
AV 31.5 23.6 7.6 FASTST M M 9 MAX(MPH)
MISC ----> 26 100 39 110
================================================================================
NOTES:
# LAST OF SEVERAL OCCURRENCES
COLUMN 17 PEAK WIND IN M.P.H.
PRELIMINARY LOCAL CLIMATOLOGICAL DATA (WS FORM: F-6) , PAGE 2
STATION: HOUGHTON LAKE MI
MONTH: JANUARY
YEAR: 2023
LATITUDE: 44 22 N
LONGITUDE: 84 41 W
[TEMPERATURE DATA] [PRECIPITATION DATA] SYMBOLS USED IN COLUMN 16
AVERAGE MONTHLY: 27.5 TOTAL FOR MONTH: 1.68 1 = FOG OR MIST
DPTR FM NORMAL: 8.4 DPTR FM NORMAL: -0.02 2 = FOG REDUCING VISIBILITY
HIGHEST: 40 ON 17 GRTST 24HR 0.45 ON 16-17 TO 1/4 MILE OR LESS
LOWEST: 0 ON 31 3 = THUNDER
SNOW, ICE PELLETS, HAIL 4 = ICE PELLETS
TOTAL MONTH: 8.7 INCHES 5 = HAIL
GRTST 24HR 2.0 ON 29-29 6 = FREEZING RAIN OR DRIZZLE
GRTST DEPTH: 6 ON 31,30 7 = DUSTSTORM OR SANDSTORM:
VSBY 1/2 MILE OR LESS
8 = SMOKE OR HAZE
[NO. OF DAYS WITH] [WEATHER - DAYS WITH] 9 = BLOWING SNOW
X = TORNADO
MAX 32 OR BELOW: 18 0.01 INCH OR MORE: 18
MAX 90 OR ABOVE: 0 0.10 INCH OR MORE: 9
MIN 32 OR BELOW: 29 0.50 INCH OR MORE: 0
MIN 0 OR BELOW: 1 1.00 INCH OR MORE: 0
[HDD (BASE 65) ]
TOTAL THIS MO. 1154 CLEAR (SCALE 0-3) 1
DPTR FM NORMAL -267 PTCLDY (SCALE 4-7) 4
TOTAL FM JUL 1 3899 CLOUDY (SCALE 8-10) 26
DPTR FM NORMAL -531
[CDD (BASE 65) ]
TOTAL THIS MO. 0
DPTR FM NORMAL 0 [PRESSURE DATA]
TOTAL FM JAN 1 0 HIGHEST SLP 30.43 ON 7
DPTR FM NORMAL 0 LOWEST SLP 29.41 ON 17
[REMARKS]
#FINAL-01-23#