000
CXUS53 KAPX 010730
CF6HTL
PRELIMINARY LOCAL CLIMATOLOGICAL DATA (WS FORM: F-6)
STATION: HOUGHTON LAKE MI
MONTH: MAY
YEAR: 2021
LATITUDE: 44 22 N
LONGITUDE: 84 41 W
TEMPERATURE IN F: :PCPN: SNOW: WIND :SUNSHINE: SKY :PK WND
================================================================================
1 2 3 4 5 6A 6B 7 8 9 10 11 12 13 14 15 16 17 18
12Z AVG MX 2MIN
DY MAX MIN AVG DEP HDD CDD WTR SNW DPTH SPD SPD DIR MIN PSBL S-S WX SPD DR
================================================================================
1 66 26 46 -3 19 0 0.00 0.0 0 8.8 24 240 M M 2 39 240
2 72 45 59 10 6 0 1.22 0.0 0 11.5 23 80 M M 3 13 30 70
3 65 50 58 8 7 0 0.39 0.0 0 5.7 15 110 M M 10 1 27 100
4 56 39 48 -2 17 0 0.39 0.0 0 10.2 20 300 M M 10 12 27 290
5 52 35 44 -7 21 0 0.00 0.0 0 10.3 20 310 M M 6 28 310
6 46 31 39 -12 26 0 0.09 0.0 0 3.2 12 230 M M 8 12 16 250
7 44 32 38 -14 27 0 0.19 0.0 0 7.1 17 330 M M 10 12 23 340
8 53 30 42 -10 23 0 0.00 0.0 0 7.0 12 340 M M 3 20 360
9 55 27 41 -11 24 0 0.00 0.0 0 7.0 20 310 M M 3 27 320
10 52 30 41 -12 24 0 0.00 0.0 0 9.8 16 310 M M 3 30 290
11 53 31 42 -11 23 0 0.01 0.0 0 10.9 18 330 M M 4 36 360
12 62 30 46 -7 19 0 0.00 0.0 0 6.0 14 360 M M 1 21 310
13 67 28 48 -6 17 0 0.00 0.0 0 4.1 14 320 M M 0 18 320
14 71 33 52 -2 13 0 0.00 0.0 0 3.8 12 280 M M 4 16 270
15 70 37 54 -1 11 0 0.00 0.0 0 4.5 15 250 M M 4 27 260
16 66 47 57 2 8 0 T 0.0 0 5.2 15 170 M M 7 21 180
17 77 39 58 3 7 0 0.00 0.0 0 3.4 9 330 M M 0 1 13 270
18 80 43 62 6 3 0 0.00 0.0 0 6.2 18 160 M M 0 27 130
19 78 57 68 12 0 3 T 0.0 0 6.1 18 180 M M 6 1 28 170
20 82 55 69 13 0 4 T 0.0 0 5.0 14 170 M M 4 1 19 140
21 85 59 72 15 0 7 T 0.0 0 7.5 17 270 M M 2 26 280
22 82 64 73 16 0 8 0.03 0.0 0 8.4 16 280 M M 7 23 280
23 71 50 61 4 4 0 0.07 0.0 0 7.3 17 50 M M 7 1 23 70
24 79 51 65 7 0 0 0.00 0.0 0 6.0 12 230 M M 7 18 220
25 83 67 75 17 0 10 0.00 0.0 0 11.4 23 220 M M 4 40 240
26 72 41 57 -1 8 0 0.55 0.0 0 12.2 23 310 M M 4 1 33 300
27 55 35 45 -14 20 0 0.24 0.0 0 7.1 15 40 M M 6 1 22 30
28 54 33 44 -15 21 0 0.19 0.0 0 12.5 25 40 M M 4 1 40 90
29 66 30 48 -11 17 0 0.00 0.0 0 8.0 20 80 M M 0 31 90
30 69 29 49 -11 16 0 0.00 0.0 0 4.2 9 280 M M 0 M M
31 71 45 58 -2 7 0 0.00 0.0 0 5.4 14 240 M M 6 22 260
================================================================================
SM 2054 1249 388 32 3.37 0.0 225.8 M 135
================================================================================
AV 66.3 40.3 7.3 FASTST M M 4 MAX(MPH)
MISC ----> 25 40 # 40 240
================================================================================
NOTES:
# LAST OF SEVERAL OCCURRENCES
COLUMN 17 PEAK WIND IN M.P.H.
PRELIMINARY LOCAL CLIMATOLOGICAL DATA (WS FORM: F-6) , PAGE 2
STATION: HOUGHTON LAKE MI
MONTH: MAY
YEAR: 2021
LATITUDE: 44 22 N
LONGITUDE: 84 41 W
[TEMPERATURE DATA] [PRECIPITATION DATA] SYMBOLS USED IN COLUMN 16
AVERAGE MONTHLY: 53.3 TOTAL FOR MONTH: 3.37 1 = FOG OR MIST
DPTR FM NORMAL: -1.4 DPTR FM NORMAL: 0.22 2 = FOG REDUCING VISIBILITY
HIGHEST: 85 ON 21 GRTST 24HR 1.40 ON 2- 3 TO 1/4 MILE OR LESS
LOWEST: 26 ON 1 3 = THUNDER
SNOW, ICE PELLETS, HAIL 4 = ICE PELLETS
TOTAL MONTH: 0.0 INCH 5 = HAIL
GRTST 24HR 0.0 6 = FREEZING RAIN OR DRIZZLE
GRTST DEPTH: 0 7 = DUSTSTORM OR SANDSTORM:
VSBY 1/2 MILE OR LESS
8 = SMOKE OR HAZE
[NO. OF DAYS WITH] [WEATHER - DAYS WITH] 9 = BLOWING SNOW
X = TORNADO
MAX 32 OR BELOW: 0 0.01 INCH OR MORE: 11
MAX 90 OR ABOVE: 0 0.10 INCH OR MORE: 7
MIN 32 OR BELOW: 11 0.50 INCH OR MORE: 2
MIN 0 OR BELOW: 0 1.00 INCH OR MORE: 1
[HDD (BASE 65) ]
TOTAL THIS MO. 388 CLEAR (SCALE 0-3) 11
DPTR FM NORMAL 50 PTCLDY (SCALE 4-7) 17
TOTAL FM JUL 1 7387 CLOUDY (SCALE 8-10) 3
DPTR FM NORMAL -409
[CDD (BASE 65) ]
TOTAL THIS MO. 32
DPTR FM NORMAL 12 [PRESSURE DATA]
TOTAL FM JAN 1 32 HIGHEST SLP 30.47 ON 12
DPTR FM NORMAL 11 LOWEST SLP 29.57 ON 2
[REMARKS]
#FINAL-05-21#