000
CXUS51 KRLX 042321
CF6HTS
PRELIMINARY LOCAL CLIMATOLOGICAL DATA (WS FORM: F-6)
STATION: HUNTINGTON WV
MONTH: DECEMBER
YEAR: 2021
LATITUDE: 38 22 N
LONGITUDE: 82 33 W
TEMPERATURE IN F: :PCPN: SNOW: WIND :SUNSHINE: SKY :PK WND
================================================================================
1 2 3 4 5 6A 6B 7 8 9 10 11 12 13 14 15 16 17 18
12Z AVG MX 2MIN
DY MAX MIN AVG DEP HDD CDD WTR SNW DPTH SPD SPD DIR MIN PSBL S-S WX SPD DR
================================================================================
1 54 31 43 1 22 0 0.02 0.0 0 3.6 14 140 M M 6 20 150
2 71 52 62 20 3 0 0.00 0.0 0 9.7 21 250 M M 3 30 260
3 61 39 50 9 15 0 0.00 0.0 0 3.8 9 320 M M 0 13 280
4 56 37 47 6 18 0 0.00 0.0 0 4.2 12 360 M M 0 15 10
5 64 36 50 9 15 0 0.08 0.0 0 7.0 15 190 M M 5 1 22 200
6 64 31 48 7 17 0 1.28 0.0 0 9.0 23 290 M M 7 1 37 320
7 35 26 31 -9 34 0 0.00 0.0 0 3.6 13 290 M M 1 18 300
8 43 27 35 -5 30 0 0.04 T T 4.0 13 260 M M 6 1 17 260
9 56 24 40 0 25 0 0.00 0.0 0 4.9 12 200 M M 2 17 190
10 63 54 59 19 6 0 0.10 0.0 0 6.7 13 190 M M 10 1 17 210
11 72 36 54 14 11 0 0.81 0.0 0 12.4 28 240 M M 8 13 43 190
12 48 29 39 0 26 0 0.00 0.0 0 4.7 10 180 M M 0 15 270
13 55 26 41 2 24 0 0.00 0.0 0 3.1 12 210 M M 0 15 210
14 60 28 44 5 21 0 0.00 0.0 0 2.5 7 100 M M 1 9 50
15 68 41 55 16 10 0 0.00 0.0 0 4.7 13 200 M M 5 20 200
16 70 53 62 24 3 0 0.16 0.0 0 8.8 20 200 M M 5 1 28 200
17 53 43 48 10 17 0 0.19 0.0 0 4.3 9 340 M M 10 18 12 30
18 64 41 53 15 12 0 0.37 0.0 0 8.2 20 310 M M 7 1 29 300
19 41 35 38 0 27 0 T T 0 7.1 15 10 M M 10 20 360
20 46 25 36 -2 29 0 0.00 0.0 0 1.6 8 120 M M 1 12 120
21 45 24 35 -2 30 0 0.00 0.0 0 1.8 8 230 M M 0 10 200
22 41 28 35 -2 30 0 0.00 0.0 0 5.3 14 250 M M 1 20 250
23 50 21 36 -1 29 0 0.00 0.0 0 4.9 14 190 M M 1 8 20 180
24 63 50 57 20 8 0 0.00 0.0 0 8.6 20 190 M M 7 27 190
25 68 54 61 24 4 0 0.09 0.0 0 11.5 21 240 M M 8 1 31 210
26 58 46 52 16 13 0 0.00 0.0 0 3.4 8 340 M M 6 10 350
27 69 45 57 21 8 0 0.20 0.0 0 9.6 17 220 M M 6 1 26 210
28 65 47 56 20 9 0 0.05 0.0 0 8.2 18 210 M M 9 1 28 210
29 62 51 57 21 8 0 0.11 0.0 0 4.0 12 300 M M 6 1 16 310
30 59 42 51 15 14 0 T 0.0 0 2.9 9 350 M M 8 12 13 10
31 62 39 51 15 14 0 T 0.0 0 3.8 15 200 M M 8 12 21 190
================================================================================
SM 1786 1161 532 0 3.50 T 177.9 M 147
================================================================================
AV 57.6 37.5 5.7 FASTST M M 5 MAX(MPH)
MISC ----> 28 240 43 190
================================================================================
NOTES:
# LAST OF SEVERAL OCCURRENCES
COLUMN 17 PEAK WIND IN M.P.H.
PRELIMINARY LOCAL CLIMATOLOGICAL DATA (WS FORM: F-6) , PAGE 2
STATION: HUNTINGTON WV
MONTH: DECEMBER
YEAR: 2021
LATITUDE: 38 22 N
LONGITUDE: 82 33 W
[TEMPERATURE DATA] [PRECIPITATION DATA] SYMBOLS USED IN COLUMN 16
AVERAGE MONTHLY: 47.5 TOTAL FOR MONTH: 3.50 1 = FOG OR MIST
DPTR FM NORMAL: 8.9 DPTR FM NORMAL: -0.07 2 = FOG REDUCING VISIBILITY
HIGHEST: 72 ON 11 GRTST 24HR 1.36 ON 5- 6 TO 1/4 MILE OR LESS
LOWEST: 21 ON 23 3 = THUNDER
SNOW, ICE PELLETS, HAIL 4 = ICE PELLETS
TOTAL MONTH: T 5 = HAIL
GRTST 24HR T ON 8- 8 6 = FREEZING RAIN OR DRIZZLE
GRTST DEPTH: T 7 = DUSTSTORM OR SANDSTORM:
VSBY 1/2 MILE OR LESS
8 = SMOKE OR HAZE
[NO. OF DAYS WITH] [WEATHER - DAYS WITH] 9 = BLOWING SNOW
X = TORNADO
MAX 32 OR BELOW: 0 0.01 INCH OR MORE: 13
MAX 90 OR ABOVE: 0 0.10 INCH OR MORE: 8
MIN 32 OR BELOW: 12 0.50 INCH OR MORE: 2
MIN 0 OR BELOW: 0 1.00 INCH OR MORE: 1
[HDD (BASE 65) ]
TOTAL THIS MO. 532 CLEAR (SCALE 0-3) 11
DPTR FM NORMAL -288 PTCLDY (SCALE 4-7) 14
TOTAL FM JUL 1 1308 CLOUDY (SCALE 8-10) 6
DPTR FM NORMAL -373
[CDD (BASE 65) ]
TOTAL THIS MO. 0
DPTR FM NORMAL 0 [PRESSURE DATA]
TOTAL FM JAN 1 1287 HIGHEST SLP 30.51 ON 14
DPTR FM NORMAL 53 LOWEST SLP 29.57 ON 11
[REMARKS]
#FINAL-12-21#