000
CXUS53 KIND 010700
CF6HUF
PRELIMINARY LOCAL CLIMATOLOGICAL DATA (WS FORM: F-6)
STATION: TERRE HAUTE IN
MONTH: DECEMBER
YEAR: 2022
LATITUDE: 39 27 N
LONGITUDE: 87 18 W
TEMPERATURE IN F: :PCPN: SNOW: WIND :SUNSHINE: SKY :PK WND
================================================================================
1 2 3 4 5 6A 6B 7 8 9 10 11 12 13 14 15 16 17 18
12Z AVG MX 2MIN
DY MAX MIN AVG DEP HDD CDD WTR SNW DPTH SPD SPD DIR MIN PSBL S-S WX SPD DR
================================================================================
1 37 18 28 -10 37 0 0.00 M M 5.4 15 150 M M 1 20 150
2 56 36 46 9 19 0 T M M 17.2 36 190 M M 10 52 180
3 57 24 41 4 24 0 T M M 12.1 30 310 M M 3 45 310
4 41 18 30 -7 35 0 0.00 M M 5.2 13 210 M M 0 18 210
5 47 23 35 -1 30 0 0.00 M M 5.7 15 190 M M 7 1 20 180
6 50 42 46 10 19 0 0.04 M M 2.8 10 120 M M 10 1 13 120
7 52 34 43 7 22 0 0.00 M M 4.1 12 360 M M 7 18 15 340
8 46 37 42 6 23 0 0.06 M M 7.4 17 90 M M 8 1 23 90
9 50 41 46 11 19 0 0.23 M M 5.1 14 110 M M 10 1 19 120
10 44 41 43 8 22 0 T M M 3.3 9 210 M M 10 12 14 240
11 44 38 41 6 24 0 0.00 M M 5.4 10 350 M M 10 1 15 340
12 47 32 40 6 25 0 0.00 M M 6.8 13 70 M M 6 19 100
13 49 30 40 6 25 0 T M M 12.0 17 110 M M 2 23 120
14 54 44 49 15 16 0 0.93 M M 11.9 25 250 M M 10 1 34 250
15 49 34 42 8 23 0 0.03 M M 10.6 30 280 M M 8 1 44 290
16 35 31 33 0 32 0 T M M 11.7 24 250 M M 10 31 240
17 33 26 30 -3 35 0 T M M 12.3 20 250 M M 9 28 290
18 31 19 25 -8 40 0 T M M 7.9 16 250 M M 4 23 300
19 33 16 25 -7 40 0 0.00 M M 2.3 8 50 M M 3 9 40
20 46 24 35 3 30 0 0.00 M M 3.7 10 350 M M 5 12 330
21 43 21 32 0 33 0 0.00 M M 4.5 10 110 M M 2 1 14 110
22 42 -3 20 -12 45 0 0.03 M M 11.5 26 310 M M 9 19 43 290
23 3 -7 -2 -34 67 0 T M M 18.8 29 260 M M 10 189 45 270
24 18 2 10 -21 55 0 T M M 16.3 25 260 M M 6 89 37 290
25 20 7 14 -17 51 0 0.00 M M 10.0 17 280 M M 0 26 290
26 26 15 21 -10 44 0 T M M 5.6 12 170 M M 9 1 16 170
27 27 22 25 -6 40 0 0.00 M M 8.9 21 180 M M 9 1 29 180
28 50 27 39 9 26 0 0.00 M M 16.1 25 190 M M 0 36 200
29 58 48 53 23 12 0 0.00 M M 18.1 25 190 M M 9 37 180
30 58 43 51 21 14 0 0.86 M M 8.9 18 200 M M 10 1 29 180
31 49 36 43 13 22 0 0.02 M M 4.6 15 190 M M 6 1 19 180
================================================================================
SM 1295 819 949 0 2.20 M 276.2 M 203
================================================================================
AV 41.8 26.4 8.9 FASTST M M 7 MAX(MPH)
MISC ----> 36 190 52 180
================================================================================
NOTES:
# LAST OF SEVERAL OCCURRENCES
COLUMN 17 PEAK WIND IN M.P.H.
PRELIMINARY LOCAL CLIMATOLOGICAL DATA (WS FORM: F-6) , PAGE 2
STATION: TERRE HAUTE IN
MONTH: DECEMBER
YEAR: 2022
LATITUDE: 39 27 N
LONGITUDE: 87 18 W
[TEMPERATURE DATA] [PRECIPITATION DATA] SYMBOLS USED IN COLUMN 16
AVERAGE MONTHLY: 34.1 TOTAL FOR MONTH: 2.20 1 = FOG OR MIST
DPTR FM NORMAL: 0.6 DPTR FM NORMAL: -0.29 2 = FOG REDUCING VISIBILITY
HIGHEST: 58 ON 30,29 GRTST 24HR 0.94 ON 14-15 TO 1/4 MILE OR LESS
LOWEST: -7 ON 23 3 = THUNDER
SNOW, ICE PELLETS, HAIL 4 = ICE PELLETS
TOTAL MONTH: M 5 = HAIL
GRTST 24HR M ON M 6 = FREEZING RAIN OR DRIZZLE
GRTST DEPTH: M ON M 7 = DUSTSTORM OR SANDSTORM:
VSBY 1/2 MILE OR LESS
8 = SMOKE OR HAZE
[NO. OF DAYS WITH] [WEATHER - DAYS WITH] 9 = BLOWING SNOW
X = TORNADO
MAX 32 OR BELOW: 6 0.01 INCH OR MORE: 8
MAX 90 OR ABOVE: 0 0.10 INCH OR MORE: 3
MIN 32 OR BELOW: 19 0.50 INCH OR MORE: 2
MIN 0 OR BELOW: 2 1.00 INCH OR MORE: 0
[HDD (BASE 65) ]
TOTAL THIS MO. 949 CLEAR (SCALE 0-3) 7
DPTR FM NORMAL -27 PTCLDY (SCALE 4-7) 8
TOTAL FM JUL 1 1988 CLOUDY (SCALE 8-10) 16
DPTR FM NORMAL -49
[CDD (BASE 65) ]
TOTAL THIS MO. 0
DPTR FM NORMAL 0 [PRESSURE DATA]
TOTAL FM JAN 1 1307 HIGHEST SLP M ON M
DPTR FM NORMAL 231 LOWEST SLP 29.43 ON 14
[REMARKS]
#FINAL-12-22#