000
CXUS53 KIND 010600
CF6HUF
PRELIMINARY LOCAL CLIMATOLOGICAL DATA (WS FORM: F-6)
STATION: TERRE HAUTE IN
MONTH: SEPTEMBER
YEAR: 2022
LATITUDE: 39 27 N
LONGITUDE: 87 18 W
TEMPERATURE IN F: :PCPN: SNOW: WIND :SUNSHINE: SKY :PK WND
================================================================================
1 2 3 4 5 6A 6B 7 8 9 10 11 12 13 14 15 16 17 18
12Z AVG MX 2MIN
DY MAX MIN AVG DEP HDD CDD WTR SNW DPTH SPD SPD DIR MIN PSBL S-S WX SPD DR
================================================================================
1 84 58 71 0 0 6 0.00 M M 1.6 9 190 M M 0 1 12 200
2 84 62 73 2 0 8 0.00 M M 2.0 9 130 M M 0 12 12 110
3 81 67 74 3 0 9 0.20 M M 3.2 9 120 M M 4 13 14 130
4 81 65 73 3 0 8 0.00 M M 3.8 9 70 M M 5 1 15 80
5 83 69 76 6 0 11 0.00 M M 6.9 14 10 M M 7 1 19 30
6 81 65 73 3 0 8 T M M 4.5 10 60 M M 6 1 14 60
7 82 60 71 1 0 6 0.00 M M 4.1 14 10 M M 2 12 20 10
8 81 54 68 -1 0 3 0.00 M M 3.3 9 80 M M 0 1 14 60
9 83 53 68 -1 0 3 0.00 M M 1.7 9 80 M M 1 1 14 110
10 87 61 74 5 0 9 0.03 M M 3.4 20 280 M M 4 13 31 290
11 75 62 69 1 0 4 0.37 M M 7.7 21 280 M M 8 1 30 300
12 72 52 62 -6 3 0 T M M 7.8 21 250 M M 7 29 250
13 78 54 66 -2 0 1 0.00 M M 4.2 14 320 M M 7 1 22 310
14 82 52 67 0 0 2 0.00 M M 0.6 6 60 M M 3 12 9 320
15 82 54 68 1 0 3 0.00 M M 1.2 9 170 M M 2 12 14 130
16 83 54 69 2 0 4 0.00 M M 3.2 12 160 M M 1 12 14 160
17 85 60 73 7 0 8 0.00 M M 5.2 15 200 M M 2 23 220
18 87 60 74 8 0 9 0.00 M M 8.3 17 190 M M 1 24 170
19 83 65 74 8 0 9 0.32 M M 3.5 12 210 M M 4 123 16 280
20 92 62 77 12 0 12 0.00 M M 4.1 13 190 M M 2 12 17 210
21 95 68 82 17 0 17 0.07 M M 6.5 21 310 M M 1 1 29 320
22 72 51 62 -2 3 0 0.00 M M 9.1 17 360 M M 1 26 350
23 65 43 54 -10 11 0 0.13 M M 4.5 10 130 M M 3 1 15 120
24 81 54 68 4 0 3 0.03 M M 7.5 14 240 M M 4 20 250
25 75 56 66 3 0 1 0.01 M M 9.0 20 290 M M 3 31 310
26 70 47 59 -4 6 0 0.00 M M 9.0 21 270 M M 1 30 300
27 69 39 54 -8 11 0 0.00 M M 5.9 18 310 M M 0 32 300
28 64 34 49 -13 16 0 0.00 M M 4.7 15 30 M M 3 1 22 40
29 69 34 52 -10 13 0 0.00 M M 4.8 12 70 M M 0 19 20
30 71 38 55 -6 10 0 0.00 M M 6.2 14 50 M M 0 1 20 360
================================================================================
SM 2377 1653 73 144 1.16 M 147.5 M 82
================================================================================
AV 79.2 55.1 4.9 FASTST M M 3 MAX(MPH)
MISC ----> # 21 280 32 300
================================================================================
NOTES:
# LAST OF SEVERAL OCCURRENCES
COLUMN 17 PEAK WIND IN M.P.H.
PRELIMINARY LOCAL CLIMATOLOGICAL DATA (WS FORM: F-6) , PAGE 2
STATION: TERRE HAUTE IN
MONTH: SEPTEMBER
YEAR: 2022
LATITUDE: 39 27 N
LONGITUDE: 87 18 W
[TEMPERATURE DATA] [PRECIPITATION DATA] SYMBOLS USED IN COLUMN 16
AVERAGE MONTHLY: 67.2 TOTAL FOR MONTH: 1.16 1 = FOG OR MIST
DPTR FM NORMAL: 0.6 DPTR FM NORMAL: -1.77 2 = FOG REDUCING VISIBILITY
HIGHEST: 95 ON 21 GRTST 24HR 0.39 ON 10-11 TO 1/4 MILE OR LESS
LOWEST: 34 ON 29,28 3 = THUNDER
SNOW, ICE PELLETS, HAIL 4 = ICE PELLETS
TOTAL MONTH: M 5 = HAIL
GRTST 24HR M ON M 6 = FREEZING RAIN OR DRIZZLE
GRTST DEPTH: M ON M 7 = DUSTSTORM OR SANDSTORM:
VSBY 1/2 MILE OR LESS
8 = SMOKE OR HAZE
[NO. OF DAYS WITH] [WEATHER - DAYS WITH] 9 = BLOWING SNOW
X = TORNADO
MAX 32 OR BELOW: 0 0.01 INCH OR MORE: 8
MAX 90 OR ABOVE: 2 0.10 INCH OR MORE: 4
MIN 32 OR BELOW: 0 0.50 INCH OR MORE: 0
MIN 0 OR BELOW: 0 1.00 INCH OR MORE: 0
[HDD (BASE 65) ]
TOTAL THIS MO. 73 CLEAR (SCALE 0-3) 18
DPTR FM NORMAL 5 PTCLDY (SCALE 4-7) 11
TOTAL FM JUL 1 73 CLOUDY (SCALE 8-10) 1
DPTR FM NORMAL 1
[CDD (BASE 65) ]
TOTAL THIS MO. 144
DPTR FM NORMAL 28 [PRESSURE DATA]
TOTAL FM JAN 1 1296 HIGHEST SLP M ON M
DPTR FM NORMAL 239 LOWEST SLP 29.76 ON 25
[REMARKS]
#FINAL-09-22#