000
CXUS53 KIND 010700
CF6HUF
PRELIMINARY LOCAL CLIMATOLOGICAL DATA (WS FORM: F-6)
STATION: TERRE HAUTE IN
MONTH: OCTOBER
YEAR: 2020
LATITUDE: 39 27 N
LONGITUDE: 87 18 W
TEMPERATURE IN F: :PCPN: SNOW: WIND :SUNSHINE: SKY :PK WND
================================================================================
1 2 3 4 5 6A 6B 7 8 9 10 11 12 13 14 15 16 17 18
12Z AVG MX 2MIN
DY MAX MIN AVG DEP HDD CDD WTR SNW DPTH SPD SPD DIR MIN PSBL S-S WX SPD DR
================================================================================
1 70 38 54 -6 11 0 0.02 M M 6.9 23 320 M M 2 8 36 330
2 63 35 49 -10 16 0 0.00 M M 2.3 12 310 M M 4 12 16 320
3 67 39 53 -6 12 0 0.01 M M 4.3 13 250 M M 8 1 19 220
4 59 33 46 -12 19 0 0.01 M M 5.9 16 360 M M 7 25 330
5 65 28 47 -11 18 0 0.00 M M 3.7 14 170 M M 1 1 26 150
6 80 39 60 2 5 0 0.00 M M 8.3 20 210 M M 0 29 220
7 88 51 70 13 0 5 0.00 M M 6.4 15 290 M M 0 22 310
8 83 42 63 6 2 0 0.00 M M 2.2 12 170 M M 0 1 14 170
9 86 47 67 11 0 2 0.00 M M 7.5 21 190 M M 0 28 210
10 82 58 70 14 0 5 0.00 M M 4.6 13 200 M M 2 1 18 210
11 84 56 70 14 0 5 0.00 M M 7.1 14 80 M M 4 128 20 70
12 75 41 58 3 7 0 0.14 M M 5.9 25 300 M M 7 128 36 290
13 75 36 56 1 9 0 0.00 M M 4.8 16 200 M M 3 12 23 200
14 82 40 61 6 4 0 0.00 M M 10.4 30 200 M M 0 43 190
15 69 39 54 0 11 0 0.16 M M 6.9 17 300 M M 5 27 310
16 62 27 45 -9 20 0 0.00 M M 5.1 22 240 M M 1 28 240
17 67 30 49 -5 16 0 0.00 M M 9.5 25 170 M M 1 35 170
18 69 50 60 7 5 0 0.45 M M 10.3 20 200 M M 9 1 28 190
19 56 47 52 -1 13 0 0.66 M M 8.2 16 70 M M 10 1 20 60
20 64 47 56 3 9 0 0.81 M M 7.7 14 100 M M 10 13 18 110
21 65 57 61 9 4 0 0.80 M M 5.5 18 320 M M 9 123 24 320
22 83 55 69 17 0 4 0.00 M M 7.9 21 210 M M 4 12 27 180
23 80 47 64 12 1 0 0.22 M M 12.6 24 310 M M 5 38 40 330
24 55 45 50 -2 15 0 0.00 M M 8.6 17 70 M M 9 24 10
25 53 47 50 -1 15 0 T M M 8.5 15 60 M M 10 20 50
26 50 43 47 -4 18 0 0.34 M M 6.5 12 60 M M 10 1 17 330
27 48 43 46 -5 19 0 0.03 M M 4.4 8 350 M M 10 18 12 10
28 53 45 49 -1 16 0 0.26 M M 3.6 8 40 M M 9 1 12 140
29 52 44 48 -2 17 0 1.01 M M 11.5 17 20 M M 8 1 27 360
30 51 32 42 -8 23 0 0.00 M M 5.2 14 350 M M 1 22 340
31 60 30 45 -4 20 0 0.00 M M 8.1 17 180 M M 0 25 180
================================================================================
SM 2096 1311 325 21 4.92 M 210.4 M 149
================================================================================
AV 67.6 42.3 6.8 FASTST M M 5 MAX(MPH)
MISC ----> 30 200 43 190
================================================================================
NOTES:
# LAST OF SEVERAL OCCURRENCES
COLUMN 17 PEAK WIND IN M.P.H.
PRELIMINARY LOCAL CLIMATOLOGICAL DATA (WS FORM: F-6) , PAGE 2
STATION: TERRE HAUTE IN
MONTH: OCTOBER
YEAR: 2020
LATITUDE: 39 27 N
LONGITUDE: 87 18 W
[TEMPERATURE DATA] [PRECIPITATION DATA] SYMBOLS USED IN COLUMN 16
AVERAGE MONTHLY: 55.0 TOTAL FOR MONTH: 4.92 1 = FOG OR MIST
DPTR FM NORMAL: 0.8 DPTR FM NORMAL: 1.35 2 = FOG REDUCING VISIBILITY
HIGHEST: 88 ON 7 GRTST 24HR 1.59 ON 20-21 TO 1/4 MILE OR LESS
LOWEST: 27 ON 16 3 = THUNDER
SNOW, ICE PELLETS, HAIL 4 = ICE PELLETS
TOTAL MONTH: M 5 = HAIL
GRTST 24HR M ON M 6 = FREEZING RAIN OR DRIZZLE
GRTST DEPTH: M ON M 7 = DUSTSTORM OR SANDSTORM:
VSBY 1/2 MILE OR LESS
8 = SMOKE OR HAZE
[NO. OF DAYS WITH] [WEATHER - DAYS WITH] 9 = BLOWING SNOW
X = TORNADO
MAX 32 OR BELOW: 0 0.01 INCH OR MORE: 14
MAX 90 OR ABOVE: 0 0.10 INCH OR MORE: 10
MIN 32 OR BELOW: 5 0.50 INCH OR MORE: 4
MIN 0 OR BELOW: 0 1.00 INCH OR MORE: 1
[HDD (BASE 65) ]
TOTAL THIS MO. 325 CLEAR (SCALE 0-3) 13
DPTR FM NORMAL -24 PTCLDY (SCALE 4-7) 8
TOTAL FM JUL 1 385 CLOUDY (SCALE 8-10) 10
DPTR FM NORMAL -42
[CDD (BASE 65) ]
TOTAL THIS MO. 21
DPTR FM NORMAL 6 [PRESSURE DATA]
TOTAL FM JAN 1 1189 HIGHEST SLP M ON M
DPTR FM NORMAL 196 LOWEST SLP 29.68 ON 14
[REMARKS]
#FINAL-10-20#