000
CXUS51 KCAR 022151
CLMHUL
CLIMATE REPORT
NATIONAL WEATHER SERVICE CARIBOU ME
451 PM EST SAT MAR 02 2024
...................................
...THE HOULTON ME CLIMATE SUMMARY FOR THE MONTH OF FEBRUARY 2024...
CLIMATE NORMAL PERIOD: 1991 TO 2020
CLIMATE RECORD PERIOD: 1948 TO 2024
WEATHER OBSERVED NORMAL DEPART LAST YEAR`S
VALUE DATE(S) VALUE FROM VALUE DATE(S)
NORMAL
................................................................
TEMPERATURE (F)
RECORD
HIGH 62 02/20/1994
LOW -36 02/21/1993
02/18/1967
HIGHEST 51 02/27 MM MM 49 02/16
LOWEST -12 02/21 MM MM -24 02/01
AVG. MAXIMUM 32.4 26.3 6.1 26.9
AVG. MINIMUM 10.8 3.2 7.6 2.5
MEAN 21.6 14.8 6.8 14.7
DAYS MAX >= 90 0 0.0 0.0 0
DAYS MAX <= 32 16 19.7 -3.7 21
DAYS MIN <= 32 28 27.4 0.6 28
DAYS MIN <= 0 4 12.4 -8.4 13
PRECIPITATION (INCHES)
RECORD
MAXIMUM 3.00 2022
MINIMUM 0.64 2023
TOTALS 1.20 -0.75
DAILY AVG. 0.04 NAN NAN 0.02
DAYS >= .01 6 9.8 -3.8 8
DAYS >= .10 3 5.0 -2.0 3
DAYS >= .50 1 1.2 -0.2 0
DAYS >= 1.00 0 0.2 -0.2 0
GREATEST
24 HR. TOTAL 0.92 02/28 TO 02/29 0.31 02/09 TO 02/10
SNOWFALL (INCHES)
RECORDS
TOTAL MM MM
TOTALS MM MM MM MM
SINCE 7/1 MM MM MM MM
SNOWDEPTH AVG. MM MM
DAYS >= 1.0 MM MM MM MM
GREATEST
SNOW DEPTH MM MM MM
24 HR TOTAL MM MM
DEGREE DAYS
HEATING TOTAL 1253 1407 -154
................................................................
WIND (MPH)
AVERAGE WIND SPEED 7.7
HIGHEST WIND SPEED/DIRECTION 30/250 DATE 02/29
HIGHEST GUST SPEED/DIRECTION 47/260 DATE 02/29
SKY COVER
POSSIBLE SUNSHINE (PERCENT) MM
AVERAGE SKY COVER 0.48
NUMBER OF DAYS FAIR 11
NUMBER OF DAYS PC 9
NUMBER OF DAYS CLOUDY 9
AVERAGE RH (PERCENT) 69
WEATHER CONDITIONS. NUMBER OF DAYS WITH
THUNDERSTORM 0 MIXED PRECIP 0
HEAVY RAIN 0 RAIN 1
LIGHT RAIN 4 FREEZING RAIN 0
LT FREEZING RAIN 0 HAIL 0
HEAVY SNOW 1 SNOW 1
LIGHT SNOW 10 SLEET 0
FOG 11 FOG W/VIS <= 1/4 MILE 2
HAZE 5
- INDICATES NEGATIVE NUMBERS.
* INDICATES RECORD WAS SET OR TIED.
MM INDICATES DATA IS MISSING.
T INDICATES TRACE AMOUNT.
$$