000
CXUS52 KMFL 011030
CF6HWO
PRELIMINARY LOCAL CLIMATOLOGICAL DATA (WS FORM: F-6)
STATION: NORTH PERRY ARPT
MONTH: MAY
YEAR: 2021
LATITUDE: 26 0 N
LONGITUDE: 80 14 W
TEMPERATURE IN F: :PCPN: SNOW: WIND :SUNSHINE: SKY :PK WND
================================================================================
1 2 3 4 5 6A 6B 7 8 9 10 11 12 13 14 15 16 17 18
12Z AVG MX 2MIN
DY MAX MIN AVG DEP HDD CDD WTR SNW DPTH SPD SPD DIR MIN PSBL S-S WX SPD DR
================================================================================
1 91 72 82 4 0 17 0.00 0.0 0 7.2 15 140 M M 2 21 280
2 90 74 82 4 0 17 0.00 0.0 0 7.9 17 140 M M 1 22 160
3 89 77 83 4 0 18 0.00 M M 10.0 20 130 M M 1 24 140
4 90 78 84 5 0 19 0.00 M M 9.4 18 130 M M 1 23 120
5 91 74 83 4 0 18 0.00 M M 6.4 17 140 M M 1 21 140
6 92 75 84 5 0 19 0.42 0.0 0 5.2 22 300 M M 2 13 27 290
7 93 72 83 4 0 18 0.05 M M 8.4 25 70 M M 4 3 30 70
8 85 70 78 -1 0 13 0.00 0.0 0 10.4 21 60 M M 3 27 80
9 86 74 80 1 0 15 0.18 0.0 0 11.1 22 100 M M 4 13 29 110
10 89 76 83 4 0 18 T M M 8.5 18 140 M M 3 24 140
11 90 74 82 2 0 17 0.00 M M 6.4 16 120 M M 1 21 130
12 90 73 82 2 0 17 0.20 M M 7.8 22 350 M M 3 3 29 340
13 91 70 81 1 0 16 0.25 M M 6.7 29 10 M M 2 3 40 20
14 86 73 80 0 0 15 0.05 M M 6.9 24 40 M M 3 32 20
15 85 71 78 -2 0 13 T M M 12.1 24 50 M M 2 30 50
16 85 70 78 -2 0 13 T M M 11.6 23 60 M M 3 29 60
17 84 72 78 -2 0 13 0.00 M M 11.5 20 70 M M 3 24 70
18 85 74 80 0 0 15 0.09 M M 16.3 25 70 M M 5 34 90
19 85 76 81 1 0 16 T M M 18.4 26 70 M M 5 34 80
20 83 75 79 -1 0 14 0.04 M M 20.1 29 80 M M 6 37 60
21 84 74 79 -1 0 14 0.00 M M 17.7 25 80 M M 6 35 60
22 84 73 79 -2 0 14 T M M 15.3 25 70 M M 4 32 80
23 84 71 78 -3 0 13 0.04 M M 11.2 21 60 M M 4 24 70
24 84 67 76 -5 0 11 0.00 M M 7.8 18 70 M M 1 24 110
25 85 74 80 -1 0 15 0.00 M M 10.7 17 60 M M 2 23 110
26 86 74 80 -1 0 15 0.00 M M 10.6 18 100 M M 3 29 90
27 86 72 79 -2 0 14 0.00 M M 6.4 14 110 M M 0 19 110
28 88 71 80 -1 0 15 0.00 M M 7.3 18 130 M M 2 23 150
29 89 72 81 0 0 16 0.00 M M 7.9 18 140 M M 2 23 160
30 87 73 80 -2 0 15 0.23 M M 6.2 20 160 M M 3 13 24 160
31 87 72 80 -2 0 15 0.00 M M 10.8 22 60 M M 2 1 27 70
================================================================================
SM 2704 2263 0 478 1.55 0.0 314.2 M 84
================================================================================
AV 87.2 73.0 10.1 FASTST M M 3 MAX(MPH)
MISC ----> # 29 10 40 20
================================================================================
NOTES:
# LAST OF SEVERAL OCCURRENCES
COLUMN 17 PEAK WIND IN M.P.H.
PRELIMINARY LOCAL CLIMATOLOGICAL DATA (WS FORM: F-6) , PAGE 2
STATION: NORTH PERRY ARPT
MONTH: MAY
YEAR: 2021
LATITUDE: 26 0 N
LONGITUDE: 80 14 W
[TEMPERATURE DATA] [PRECIPITATION DATA] SYMBOLS USED IN COLUMN 16
AVERAGE MONTHLY: 80.1 TOTAL FOR MONTH: 1.55 1 = FOG OR MIST
DPTR FM NORMAL: 0.1 DPTR FM NORMAL: -3.63 2 = FOG REDUCING VISIBILITY
HIGHEST: 93 ON 7 GRTST 24HR 0.47 ON 6- 7 TO 1/4 MILE OR LESS
LOWEST: 67 ON 24 3 = THUNDER
SNOW, ICE PELLETS, HAIL 4 = ICE PELLETS
TOTAL MONTH: 0.0 INCH 5 = HAIL
GRTST 24HR 0.0 6 = FREEZING RAIN OR DRIZZLE
GRTST DEPTH: 0 7 = DUSTSTORM OR SANDSTORM:
VSBY 1/2 MILE OR LESS
8 = SMOKE OR HAZE
[NO. OF DAYS WITH] [WEATHER - DAYS WITH] 9 = BLOWING SNOW
X = TORNADO
MAX 32 OR BELOW: 0 0.01 INCH OR MORE: 10
MAX 90 OR ABOVE: 9 0.10 INCH OR MORE: 5
MIN 32 OR BELOW: 0 0.50 INCH OR MORE: 0
MIN 0 OR BELOW: 0 1.00 INCH OR MORE: 0
[HDD (BASE 65) ]
TOTAL THIS MO. 0 CLEAR (SCALE 0-3) 22
DPTR FM NORMAL 0 PTCLDY (SCALE 4-7) 9
TOTAL FM JUL 1 92 CLOUDY (SCALE 8-10) 0
DPTR FM NORMAL -28
[CDD (BASE 65) ]
TOTAL THIS MO. 478
DPTR FM NORMAL 13 [PRESSURE DATA]
TOTAL FM JAN 1 1480 HIGHEST SLP 30.25 ON 21
DPTR FM NORMAL 105 LOWEST SLP 29.91 ON 29
[REMARKS]
#FINAL-05-21#