000
CXUS54 KEWX 041412
CF6HYI
PRELIMINARY LOCAL CLIMATOLOGICAL DATA (WS FORM: F-6)
STATION: SAN MARCOS
MONTH: NOVEMBER
YEAR: 2023
LATITUDE: 29 53 N
LONGITUDE: 97 52 W
TEMPERATURE IN F: :PCPN: SNOW: WIND :SUNSHINE: SKY :PK WND
================================================================================
1 2 3 4 5 6A 6B 7 8 9 10 11 12 13 14 15 16 17 18
12Z AVG MX 2MIN
DY MAX MIN AVG DEP HDD CDD WTR SNW DPTH SPD SPD DIR MIN PSBL S-S WX SPD DR
================================================================================
1 61 36 49 M 16 0 0.00 M M 7.4 12 10 M M 0 M M
2 67 34 51 M 14 0 0.00 M M 4.7 13 180 M M 5 M M
3 77 49 63 M 2 0 0.00 M M 5.0 16 190 M M 5 M M
4 80 57 69 M 0 4 0.00 M M 5.4 12 180 M M 5 1 M M
5 81 55 68 M 0 3 0.00 M M 4.1 12 200 M M 3 12 M M
6 81 60 71 M 0 6 0.00 M M 8.7 20 200 M M 2 1 25 220
7 86 62 74 M 0 9 0.00 M M 9.9 18 200 M M 2 23 220
8 84 67 76 M 0 11 0.00 M M 9.1 16 220 M M 6 1 M M
9 77 56 67 M 0 2 0.52 M M 10.2 23 10 M M 10 1 31 10
10 57 54 56 M 9 0 0.46 M M 13.7 21 10 M M 10 1 27 10
11 60 54 57 M 8 0 0.01 M M 8.3 15 20 M M 10 1 M M
12 60 55 58 M 7 0 0.38 M M 8.6 16 10 M M 10 1 M M
13 66 54 60 M 5 0 0.02 M M 11.2 15 20 M M 10 M M
14 73 52 63 M 2 0 0.00 M M 7.2 14 10 M M 4 16 99
15 75 48 62 M 3 0 0.00 M M 4.9 9 360 M M 0 M M
16 61 48 55 M 10 0 0.00 M M 3.1 7 320 M M 5 12 M M
17 79 56 68 M 0 3 0.00 M M 8.9 16 230 M M 5 18 17 220
18 68 60 64 M 1 0 0.00 M M 7.1 13 20 M M 10 M M
19 66 55 61 M 4 0 0.05 M M 4.4 10 160 M M 9 1 M M
20 85 62 74 M 0 9 0.00 M M 8.5 17 300 M M 6 1 24 300
21 61 45 53 M 12 0 0.00 M M 16.0 24 340 M M 4 36 340
22 66 40 53 M 12 0 0.00 M M 7.4 13 330 M M 0 8 16 360
23 58 37 48 M 17 0 0.03 M M 4.7 12 250 M M 5 M M
24 66 37 52 M 13 0 0.00 M M 5.3 13 50 M M 0 1 16 50
25 62 45 54 M 11 0 T M M 6.9 10 90 M M 9 M M
26 57 43 50 M 15 0 T M M 13.8 28 360 M M 5 36 360
27 58 40 49 M 16 0 0.00 M M 7.3 13 30 M M 8 M M
28 62 42 52 M 13 0 0.00 M M 4.3 8 70 M M 5 M M
29 64 40 52 M 13 0 T M M 5.0 13 150 M M 9 M M
30 73 55 64 M 1 0 0.22 M M 7.4 17 220 M M 7 12 21 220
================================================================================
SM 2071 1498 204 47 1.69 M 228.4 M 169
================================================================================
AV 69.0 49.9 7.6 FASTST M M 6 MAX(MPH)
MISC ----> 28 360 36 360
================================================================================
NOTES:
# LAST OF SEVERAL OCCURRENCES
COLUMN 17 PEAK WIND IN M.P.H.
PRELIMINARY LOCAL CLIMATOLOGICAL DATA (WS FORM: F-6) , PAGE 2
STATION: SAN MARCOS
MONTH: NOVEMBER
YEAR: 2023
LATITUDE: 29 53 N
LONGITUDE: 97 52 W
[TEMPERATURE DATA] [PRECIPITATION DATA] SYMBOLS USED IN COLUMN 16
AVERAGE MONTHLY: 59.5 TOTAL FOR MONTH: 1.69 1 = FOG OR MIST
DPTR FM NORMAL: 0.0 DPTR FM NORMAL: M 2 = FOG REDUCING VISIBILITY
HIGHEST: 86 ON 7 GRTST 24HR 0.98 ON 9-10 TO 1/4 MILE OR LESS
LOWEST: 34 ON 2 3 = THUNDER
SNOW, ICE PELLETS, HAIL 4 = ICE PELLETS
TOTAL MONTH: M 5 = HAIL
GRTST 24HR M ON M 6 = FREEZING RAIN OR DRIZZLE
GRTST DEPTH: M ON M 7 = DUSTSTORM OR SANDSTORM:
VSBY 1/2 MILE OR LESS
8 = SMOKE OR HAZE
[NO. OF DAYS WITH] [WEATHER - DAYS WITH] 9 = BLOWING SNOW
X = TORNADO
MAX 32 OR BELOW: 0 0.01 INCH OR MORE: 8
MAX 90 OR ABOVE: 0 0.10 INCH OR MORE: 4
MIN 32 OR BELOW: 0 0.50 INCH OR MORE: 1
MIN 0 OR BELOW: 0 1.00 INCH OR MORE: 0
[HDD (BASE 65) ]
TOTAL THIS MO. 204 CLEAR (SCALE 0-3) 6
DPTR FM NORMAL M PTCLDY (SCALE 4-7) 15
TOTAL FM JUL 1 253 CLOUDY (SCALE 8-10) 9
DPTR FM NORMAL M
[CDD (BASE 65) ]
TOTAL THIS MO. 47
DPTR FM NORMAL M [PRESSURE DATA]
TOTAL FM JAN 1 3689 HIGHEST SLP 30.45 ON 28
DPTR FM NORMAL M LOWEST SLP 29.65 ON 20
[REMARKS]
#FINAL-11-23#