000
CXUS54 KHGX 011515
CF6IAH
PRELIMINARY LOCAL CLIMATOLOGICAL DATA (WS FORM: F-6)
STATION: HOUSTON INTERCONTINENTAL
MONTH: OCTOBER
YEAR: 2020
LATITUDE: 29 58 N
LONGITUDE: 95 21 W
TEMPERATURE IN F: :PCPN: SNOW: WIND :SUNSHINE: SKY :PK WND
================================================================================
1 2 3 4 5 6A 6B 7 8 9 10 11 12 13 14 15 16 17 18
12Z AVG MX 2MIN
DY MAX MIN AVG DEP HDD CDD WTR SNW DPTH SPD SPD DIR MIN PSBL S-S WX SPD DR
================================================================================
1 88 57 73 -3 0 8 0.00 0.0 0 4.0 12 10 M M 1 19 10
2 84 58 71 -4 0 6 0.00 0.0 0 4.7 14 40 M M 1 18 40
3 84 54 69 -6 0 4 0.00 0.0 0 4.6 15 130 M M 1 17 120
4 86 57 72 -3 0 7 0.00 0.0 0 2.3 13 360 M M 2 14 350
5 84 64 74 0 0 9 0.00 0.0 0 4.7 12 70 M M 3 15 70
6 87 60 74 0 0 9 0.00 0.0 0 5.0 14 40 M M 1 17 20
7 88 58 73 -1 0 8 0.00 0.0 0 4.6 13 60 M M 4 16 60
8 84 73 79 5 0 14 T 0.0 0 7.8 14 60 M M 9 18 60
9 81 72 77 4 0 12 0.02 0.0 0 15.5 31 10 M M 9 40 360
10 91 67 79 6 0 14 0.00 0.0 0 3.7 12 270 M M 3 2 18 320
11 94 70 82 9 0 17 0.00 0.0 0 5.4 12 190 M M 3 1 20 220
12 92 72 82 10 0 17 0.00 0.0 0 7.2 14 300 M M 5 19 310
13 89 66 78 6 0 13 0.00 0.0 0 5.3 12 80 M M 2 14 90
14 88 62 75 3 0 10 0.00 0.0 0 5.9 15 130 M M 3 17 130
15 91 68 80 8 0 15 T 0.0 0 6.5 30 340 M M 4 1 36 340
16 68 56 62 -10 3 0 0.53 0.0 0 11.0 23 30 M M 7 1 29 40
17 80 60 70 -1 0 5 T 0.0 0 10.0 18 140 M M 8 24 140
18 89 66 78 7 0 13 0.00 0.0 0 9.0 21 130 M M 3 1 25 130
19 87 75 81 10 0 16 T 0.0 0 8.4 21 130 M M 7 3 25 130
20 88 69 79 9 0 14 0.00 0.0 0 6.9 17 130 M M 5 12 22 120
21 88 69 79 9 0 14 0.00 0.0 0 6.2 14 140 M M 6 12 17 140
22 88 69 79 9 0 14 0.00 0.0 0 7.6 17 140 M M 6 12 22 150
23 91 58 75 5 0 10 T 0.0 0 8.6 40 360 M M 8 13 54 360
24 72 54 63 -6 2 0 0.00 0.0 0 8.9 17 340 M M 8 24 350
25 76 59 68 -1 0 3 0.00 0.0 0 8.2 14 100 M M 9 18 18 120
26 80 63 72 3 0 7 T 0.0 0 10.8 23 130 M M 8 1 29 140
27 73 58 66 -2 0 1 0.02 0.0 0 8.7 14 340 M M 9 18 16 350
28 58 44 51 -17 14 0 0.10 0.0 0 10.1 18 310 M M 7 12 24 320
29 66 42 54 -14 11 0 0.00 0.0 0 10.7 23 340 M M 2 29 320
30 71 44 58 -10 7 0 0.00 0.0 0 5.0 15 360 M M 1 19 10
31 75 43 59 -8 6 0 0.00 0.0 0 2.3 8 160 M M 1 10 250
================================================================================
SM 2561 1887 43 260 0.67 0.0 219.6 M 146
================================================================================
AV 82.6 60.9 7.1 FASTST M M 5 MAX(MPH)
MISC ----> # 40 360 # 54 360
================================================================================
NOTES:
# LAST OF SEVERAL OCCURRENCES
COLUMN 17 PEAK WIND IN M.P.H.
PRELIMINARY LOCAL CLIMATOLOGICAL DATA (WS FORM: F-6) , PAGE 2
STATION: HOUSTON INTERCONTINENTAL
MONTH: OCTOBER
YEAR: 2020
LATITUDE: 29 58 N
LONGITUDE: 95 21 W
[TEMPERATURE DATA] [PRECIPITATION DATA] SYMBOLS USED IN COLUMN 16
AVERAGE MONTHLY: 71.7 TOTAL FOR MONTH: 0.67 1 = FOG OR MIST
DPTR FM NORMAL: 0.2 DPTR FM NORMAL: -5.03 2 = FOG REDUCING VISIBILITY
HIGHEST: 94 ON 11 GRTST 24HR 0.53 ON 16-16 TO 1/4 MILE OR LESS
LOWEST: 42 ON 29 3 = THUNDER
SNOW, ICE PELLETS, HAIL 4 = ICE PELLETS
TOTAL MONTH: 0.0 INCH 5 = HAIL
GRTST 24HR 0.0 6 = FREEZING RAIN OR DRIZZLE
GRTST DEPTH: 0 7 = DUSTSTORM OR SANDSTORM:
VSBY 1/2 MILE OR LESS
8 = SMOKE OR HAZE
[NO. OF DAYS WITH] [WEATHER - DAYS WITH] 9 = BLOWING SNOW
X = TORNADO
MAX 32 OR BELOW: 0 0.01 INCH OR MORE: 4
MAX 90 OR ABOVE: 5 0.10 INCH OR MORE: 2
MIN 32 OR BELOW: 0 0.50 INCH OR MORE: 1
MIN 0 OR BELOW: 0 1.00 INCH OR MORE: 0
[HDD (BASE 65) ]
TOTAL THIS MO. 43 CLEAR (SCALE 0-3) 11
DPTR FM NORMAL 14 PTCLDY (SCALE 4-7) 16
TOTAL FM JUL 1 43 CLOUDY (SCALE 8-10) 4
DPTR FM NORMAL 13
[CDD (BASE 65) ]
TOTAL THIS MO. 260
DPTR FM NORMAL 31 [PRESSURE DATA]
TOTAL FM JAN 1 3521 HIGHEST SLP 30.31 ON 30
DPTR FM NORMAL 467 LOWEST SLP 29.64 ON 9
[REMARKS]
#FINAL-10-20#