000
CXUS55 KPIH 011200
CF6IDA
PRELIMINARY LOCAL CLIMATOLOGICAL DATA (WS FORM: F-6)
STATION: IDAHO FALLS
MONTH: NOVEMBER
YEAR: 2022
LATITUDE: 43 31 N
LONGITUDE: 112 4 W
TEMPERATURE IN F: :PCPN: SNOW: WIND :SUNSHINE: SKY :PK WND
================================================================================
1 2 3 4 5 6A 6B 7 8 9 10 11 12 13 14 15 16 17 18
12Z AVG MX 2MIN
DY MAX MIN AVG DEP HDD CDD WTR SNW DPTH SPD SPD DIR MIN PSBL S-S WX SPD DR
================================================================================
1 65 32 49 11 16 0 0.00 M M 11.0 28 210 M M 1 37 210
2 57 26 42 4 23 0 0.09 M M 17.0 48 200 M M 6 1 74 210
3 38 17 28 -9 37 0 0.00 M M 8.3 21 200 M M 1 28 200
4 37 28 33 -4 32 0 T M M 19.2 29 200 M M 9 18 38 220
5 49 32 41 4 24 0 T M M 23.8 41 210 M M 6 58 220
6 47 23 35 -1 30 0 0.00 M M 7.3 18 200 M M 2 23 190
7 50 30 40 4 25 0 0.42 M M 12.5 33 200 M M 9 1 54 220
8 36 30 33 -3 32 0 0.25 M M 7.4 16 320 M M 10 1 22 310
9 41 26 34 -1 31 0 0.32 M M 17.2 29 230 M M 9 18 40 230
10 30 20 25 -10 40 0 T M M 12.3 25 210 M M 8 1 34 210
11 27 18 23 -11 42 0 0.00 M M 6.7 13 210 M M 5 16 220
12 33 16 25 -9 40 0 0.00 M M 6.2 12 20 M M 0 14 360
13 26 12 19 -15 46 0 0.00 M M 3.0 12 220 M M 4 15 230
14 28 13 21 -12 44 0 0.00 M M 3.2 10 200 M M 7 12 14 160
15 22 13 18 -15 47 0 0.00 M M 3.5 8 70 M M 9 18 11 200
16 25 21 23 -9 42 0 0.00 M M 2.9 9 200 M M 10 18 12 220
17 30 12 21 -11 44 0 T M M 10.0 22 360 M M 8 18 27 360
18 26 6 16 -16 49 0 0.00 M M 5.4 14 20 M M 0 17 10
19 26 2 14 -17 51 0 0.00 M M 4.2 9 360 M M 0 11 360
20 32 5 19 -12 46 0 0.00 M M 5.1 9 10 M M 0 12 10
21 33 8 21 -9 44 0 0.00 M M 4.5 9 360 M M 1 13 360
22 37 11 24 -6 41 0 0.00 M M 3.2 9 310 M M 1 11 360
23 37 19 28 -1 37 0 T M M 10.4 23 200 M M 6 8 32 200
24 36 12 24 -5 41 0 0.00 M M 3.1 8 310 M M 0 10 300
25 42 14 28 -1 37 0 0.00 M M 4.0 9 320 M M 1 13 320
26 31 25 28 0 37 0 0.17 M M 5.0 14 210 M M 9 12 16 200
27 36 26 31 3 34 0 0.00 M M 16.3 30 200 M M 6 40 200
28 34 9 22 -5 43 0 0.07 M M 6.8 24 220 M M 10 128 31 230
29 23 2 13 -14 52 0 T M M 11.0 22 220 M M 8 18 28 210
30 33 20 27 1 38 0 T M M 4.2 14 180 M M 10 18 19 190
================================================================================
SM 1067 528 1145 0 1.32 M 254.7 M 156
================================================================================
AV 35.6 17.6 8.5 FASTST M M 5 MAX(MPH)
MISC ----> 48 200 74 210
================================================================================
NOTES:
# LAST OF SEVERAL OCCURRENCES
COLUMN 17 PEAK WIND IN M.P.H.
PRELIMINARY LOCAL CLIMATOLOGICAL DATA (WS FORM: F-6) , PAGE 2
STATION: IDAHO FALLS
MONTH: NOVEMBER
YEAR: 2022
LATITUDE: 43 31 N
LONGITUDE: 112 4 W
[TEMPERATURE DATA] [PRECIPITATION DATA] SYMBOLS USED IN COLUMN 16
AVERAGE MONTHLY: 26.6 TOTAL FOR MONTH: 1.32 1 = FOG OR MIST
DPTR FM NORMAL: -5.8 DPTR FM NORMAL: 0.66 2 = FOG REDUCING VISIBILITY
HIGHEST: 65 ON 1 GRTST 24HR 0.50 ON 7- 8 TO 1/4 MILE OR LESS
LOWEST: 2 ON 29,19 3 = THUNDER
SNOW, ICE PELLETS, HAIL 4 = ICE PELLETS
TOTAL MONTH: M 5 = HAIL
GRTST 24HR M ON M 6 = FREEZING RAIN OR DRIZZLE
GRTST DEPTH: M ON M 7 = DUSTSTORM OR SANDSTORM:
VSBY 1/2 MILE OR LESS
8 = SMOKE OR HAZE
[NO. OF DAYS WITH] [WEATHER - DAYS WITH] 9 = BLOWING SNOW
X = TORNADO
MAX 32 OR BELOW: 12 0.01 INCH OR MORE: 6
MAX 90 OR ABOVE: 0 0.10 INCH OR MORE: 4
MIN 32 OR BELOW: 30 0.50 INCH OR MORE: 0
MIN 0 OR BELOW: 0 1.00 INCH OR MORE: 0
[HDD (BASE 65) ]
TOTAL THIS MO. 1145 CLEAR (SCALE 0-3) 11
DPTR FM NORMAL 169 PTCLDY (SCALE 4-7) 9
TOTAL FM JUL 1 1751 CLOUDY (SCALE 8-10) 10
DPTR FM NORMAL -151
[CDD (BASE 65) ]
TOTAL THIS MO. 0
DPTR FM NORMAL 0 [PRESSURE DATA]
TOTAL FM JAN 1 565 HIGHEST SLP 30.81 ON 16
DPTR FM NORMAL 317 LOWEST SLP 29.45 ON 2
[REMARKS]
#FINAL-11-22#