000
CXUS53 KILX 010900
CF6ILX
PRELIMINARY LOCAL CLIMATOLOGICAL DATA (WS FORM: F-6)
STATION: LINCOLN IL
MONTH: MARCH
YEAR: 2023
LATITUDE: 40 9 N
LONGITUDE: 89 20 W
TEMPERATURE IN F: :PCPN: SNOW: WIND :SUNSHINE: SKY :PK WND
================================================================================
1 2 3 4 5 6A 6B 7 8 9 10 11 12 13 14 15 16 17 18
12Z AVG MX 2MIN
DY MAX MIN AVG DEP HDD CDD WTR SNW DPTH SPD SPD DIR MIN PSBL S-S WX SPD DR
================================================================================
1 61 32 47 11 18 0 0.00 0.0 0 M M M M M M M M
2 49 32 41 5 24 0 0.00 0.0 0 M M M M M M M M
3 40 32 36 0 29 0 1.10 0.5 0 M M M M M M 3 M M
4 56 28 42 5 23 0 0.00 0.0 0 M M M M M M 1 M M
5 60 31 46 9 19 0 0.00 0.0 0 M M M M M M 1 M M
6 68 41 55 17 10 0 0.01 0.0 0 M M M M M M M M
7 51 37 44 6 21 0 0.00 0.0 0 M M M M M M M M
8 48 37 43 5 22 0 0.00 0.0 0 M M M M M M M M
9 43 37 40 1 25 0 0.24 T 0 M M M M M M 14 M M
10 39 32 36 -3 29 0 T T 0 M M M M M M 1 M M
11 43 32 38 -2 27 0 0.14 0.0 0 M M M M M M 1 M M
12 44 30 37 -3 28 0 0.01 0.0 0 M M M M M M 1 M M
13 35 29 32 -8 33 0 T T 0 M M M M M M M M
14 43 26 35 -6 30 0 T T 0 M M M M M M M M
15 54 23 39 -2 26 0 0.00 0.0 0 M M M M M M M M
16 53 36 45 3 20 0 0.41 0.0 0 M M M M M M M M
17 39 26 33 -9 32 0 0.04 0.1 0 M M M M M M M M
18 29 13 21 -21 44 0 0.03 0.5 T M M M M M M M M
19 40 17 29 -14 36 0 0.00 0.0 T M M M M M M M M
20 54 26 40 -3 25 0 0.00 0.0 0 M M M M M M M M
21 51 33 42 -1 23 0 0.05 0.0 0 M M M M M M M M
22 58 39 49 5 16 0 0.28 0.0 0 M M M M M M 13 M M
23 56 40 48 4 17 0 0.12 0.0 0 M M M M M M 13 M M
24 46 36 41 -3 24 0 0.06 0.0 0 M M M M M M 1 M M
25 52 34 43 -2 22 0 0.28 T 0 M M M M M M 1 M M
26 67 34 51 6 14 0 0.00 0.0 0 M M M M M M M M
27 55 33 44 -1 21 0 0.00 0.0 0 M M M M M M M M
28 54 29 42 -4 23 0 0.00 0.0 0 M M M M M M M M
29 52 32 42 -4 23 0 0.00 0.0 0 M M M M M M M M
30 68 30 49 3 16 0 0.04 0.0 0 M M M M M M 3 M M
31 74 44 59 12 6 0 0.44 0.0 0 M M M M M M 3 M M
================================================================================
SM 1582 981 726 0 3.25 1.1 M M M
================================================================================
AV 51.0 31.6 M FASTST M M M MAX(MPH)
MISC ----> M M M M
================================================================================
NOTES:
# LAST OF SEVERAL OCCURRENCES
COLUMN 17 PEAK WIND IN M.P.H.
PRELIMINARY LOCAL CLIMATOLOGICAL DATA (WS FORM: F-6) , PAGE 2
STATION: LINCOLN IL
MONTH: MARCH
YEAR: 2023
LATITUDE: 40 9 N
LONGITUDE: 89 20 W
[TEMPERATURE DATA] [PRECIPITATION DATA] SYMBOLS USED IN COLUMN 16
AVERAGE MONTHLY: 41.3 TOTAL FOR MONTH: 3.25 1 = FOG OR MIST
DPTR FM NORMAL: -0.1 DPTR FM NORMAL: 0.55 2 = FOG REDUCING VISIBILITY
HIGHEST: 74 ON 31 GRTST 24HR 1.10 ON 3- 3 TO 1/4 MILE OR LESS
LOWEST: 13 ON 18 3 = THUNDER
SNOW, ICE PELLETS, HAIL 4 = ICE PELLETS
TOTAL MONTH: 1.1 INCHES 5 = HAIL
GRTST 24HR 0.5 ON 3- 3 6 = FREEZING RAIN OR DRIZZLE
GRTST DEPTH: T 7 = DUSTSTORM OR SANDSTORM:
VSBY 1/2 MILE OR LESS
8 = SMOKE OR HAZE
[NO. OF DAYS WITH] [WEATHER - DAYS WITH] 9 = BLOWING SNOW
X = TORNADO
MAX 32 OR BELOW: 1 0.01 INCH OR MORE: 15
MAX 90 OR ABOVE: 0 0.10 INCH OR MORE: 8
MIN 32 OR BELOW: 18 0.50 INCH OR MORE: 1
MIN 0 OR BELOW: 0 1.00 INCH OR MORE: 1
[HDD (BASE 65) ]
TOTAL THIS MO. 726 CLEAR (SCALE 0-3) 0
DPTR FM NORMAL -8 PTCLDY (SCALE 4-7) 0
TOTAL FM JUL 1 4685 CLOUDY (SCALE 8-10) 31
DPTR FM NORMAL -408
[CDD (BASE 65) ]
TOTAL THIS MO. 0
DPTR FM NORMAL -2 [PRESSURE DATA]
TOTAL FM JAN 1 0 HIGHEST SLP M ON M
DPTR FM NORMAL -2 LOWEST SLP M ON M
[REMARKS]
#FINAL-03-23#