000
CXUS53 KILX 011000
CF6ILX
PRELIMINARY LOCAL CLIMATOLOGICAL DATA (WS FORM: F-6)
STATION: LINCOLN IL
MONTH: JANUARY
YEAR: 2022
LATITUDE: 40 9 N
LONGITUDE: 89 20 W
TEMPERATURE IN F: :PCPN: SNOW: WIND :SUNSHINE: SKY :PK WND
================================================================================
1 2 3 4 5 6A 6B 7 8 9 10 11 12 13 14 15 16 17 18
12Z AVG MX 2MIN
DY MAX MIN AVG DEP HDD CDD WTR SNW DPTH SPD SPD DIR MIN PSBL S-S WX SPD DR
================================================================================
1 39 21 30 3 35 0 0.44 0.2 0 M M M M M M 146 M M
2 22 3 13 -14 52 0 T T T M M M M M M 6 M M
3 27 -1 13 -14 52 0 0.00 0.0 T M M M M M M M M
4 37 18 28 1 37 0 0.00 0.0 0 M M M M M M M M
5 36 9 23 -4 42 0 T T 0 M M M M M M M M
6 11 -6 3 -24 62 0 0.00 0.0 0 M M M M M M M M
7 15 -6 5 -21 60 0 0.00 0.0 0 M M M M M M M M
8 39 15 27 1 38 0 0.06 0.0 0 M M M M M M 16 M M
9 40 12 26 0 39 0 T 0.0 0 M M M M M M M M
10 28 9 19 -7 46 0 0.00 0.0 0 M M M M M M M M
11 40 7 24 -2 41 0 0.00 0.0 0 M M M M M M M M
12 44 31 38 12 27 0 0.00 0.0 0 M M M M M M M M
13 43 24 34 8 31 0 0.00 0.0 0 M M M M M M M M
14 38 21 30 4 35 0 0.02 T 0 M M M M M M 1 M M
15 33 14 24 -2 41 0 0.04 0.7 1 M M M M M M M M
16 27 8 18 -8 47 0 0.01 0.2 T M M M M M M M M
17 31 15 23 -3 42 0 0.00 0.0 0 M M M M M M M M
18 47 20 34 8 31 0 0.00 0.0 T M M M M M M M M
19 41 8 25 -1 40 0 0.00 0.0 0 M M M M M M M M
20 18 4 11 -15 54 0 0.00 0.0 0 M M M M M M M M
21 25 1 13 -13 52 0 0.00 0.0 0 M M M M M M M M
22 37 12 25 -1 40 0 0.00 0.0 0 M M M M M M M M
23 40 18 29 3 36 0 T T 0 M M M M M M M M
24 39 14 27 1 38 0 0.01 0.1 T M M M M M M M M
25 20 4 12 -14 53 0 0.00 0.0 0 M M M M M M M M
26 21 -3 9 -17 56 0 0.00 0.0 0 M M M M M M M M
27 40 16 28 2 37 0 T T 0 M M M M M M M M
28 32 2 17 -9 48 0 0.01 0.1 0 M M M M M M M M
29 33 0 17 -9 48 0 0.00 0.0 0 M M M M M M M M
30 32 17 25 -1 40 0 0.00 0.0 0 M M M M M M M M
31 41 8 25 -2 40 0 0.00 0.0 0 M M M M M M 1 M M
================================================================================
SM 1016 315 1340 0 0.59 1.3 M M M
================================================================================
AV 32.8 10.2 M FASTST M M M MAX(MPH)
MISC ----> M M M M
================================================================================
NOTES:
# LAST OF SEVERAL OCCURRENCES
COLUMN 17 PEAK WIND IN M.P.H.
PRELIMINARY LOCAL CLIMATOLOGICAL DATA (WS FORM: F-6) , PAGE 2
STATION: LINCOLN IL
MONTH: JANUARY
YEAR: 2022
LATITUDE: 40 9 N
LONGITUDE: 89 20 W
[TEMPERATURE DATA] [PRECIPITATION DATA] SYMBOLS USED IN COLUMN 16
AVERAGE MONTHLY: 21.5 TOTAL FOR MONTH: 0.59 1 = FOG OR MIST
DPTR FM NORMAL: -4.6 DPTR FM NORMAL: -1.58 2 = FOG REDUCING VISIBILITY
HIGHEST: 47 ON 18 GRTST 24HR 0.45 ON 1- 2 TO 1/4 MILE OR LESS
LOWEST: -6 ON 7, 6 3 = THUNDER
SNOW, ICE PELLETS, HAIL 4 = ICE PELLETS
TOTAL MONTH: 1.3 INCHES 5 = HAIL
GRTST 24HR 0.7 ON 15-15 6 = FREEZING RAIN OR DRIZZLE
GRTST DEPTH: 1 ON 15 7 = DUSTSTORM OR SANDSTORM:
VSBY 1/2 MILE OR LESS
8 = SMOKE OR HAZE
[NO. OF DAYS WITH] [WEATHER - DAYS WITH] 9 = BLOWING SNOW
X = TORNADO
MAX 32 OR BELOW: 13 0.01 INCH OR MORE: 7
MAX 90 OR ABOVE: 0 0.10 INCH OR MORE: 1
MIN 32 OR BELOW: 31 0.50 INCH OR MORE: 0
MIN 0 OR BELOW: 5 1.00 INCH OR MORE: 0
[HDD (BASE 65) ]
TOTAL THIS MO. 1340 CLEAR (SCALE 0-3) 0
DPTR FM NORMAL 136 PTCLDY (SCALE 4-7) 0
TOTAL FM JUL 1 3072 CLOUDY (SCALE 8-10) 31
DPTR FM NORMAL -321
[CDD (BASE 65) ]
TOTAL THIS MO. 0
DPTR FM NORMAL 0 [PRESSURE DATA]
TOTAL FM JAN 1 0 HIGHEST SLP M ON M
DPTR FM NORMAL 0 LOWEST SLP M ON M
[REMARKS]
#FINAL-01-22#