000
CXUS53 KILX 062020 CCA
CLMILX

CLIMATE REPORT
NATIONAL WEATHER SERVICE LINCOLN IL
320 PM CDT THE JUL 6 2017

CORRECTED MONTHLY PRECIP FROM 0.95 TO 0.98

...................................

...THE LINCOLN IL CLIMATE SUMMARY FOR THE MONTH OF JUNE 2017...

CLIMATE NORMAL PERIOD 1981 TO 2010
CLIMATE RECORD PERIOD 1905 TO 2017

WEATHER         OBSERVED          NORMAL  DEPART  LAST YEAR`S
                 VALUE   DATE(S)  VALUE   FROM    VALUE
                                          NORMAL
.............................................................
TEMPERATURE (F)
RECORD
 HIGH             105   06/01/1934
 LOW               35   06/16/1917
                        06/11/1913
HIGHEST            94   06/13        MM      MM       93
LOWEST             47   06/27        MM      MM       48
                        06/01
AVG. MAXIMUM     85.2              83.1     2.1     86.0
AVG. MINIMUM     62.0              61.2     0.8     62.2
MEAN             73.6              72.1     1.5     74.1
DAYS MAX >= 90      4               4.9    -0.9        9
DAYS MAX <= 32      0               0.0     0.0        0
DAYS MIN <= 32      0               0.0     0.0        0
DAYS MIN <= 0       0               0.0     0.0        0

PRECIPITATION (INCHES)
RECORD
 MAXIMUM        10.79   2010
 MINIMUM         0.42   1936
TOTALS           0.98              4.32   -3.34     2.36
DAILY AVG.       0.03              0.14   -0.11     0.08
DAYS >= .01         8               9.3    -1.3        8
DAYS >= .10         4               6.2    -2.2        5
DAYS >= .50         0               2.9    -2.9        1
DAYS >= 1.00        0               1.1    -1.1        1
GREATEST
 24 HR. TOTAL    0.30   06/23 TO 06/23              1.03

SNOWFALL (INCHES)
RECORDS
 TOTAL            0.0   MM
TOTALS            0.0               0.0     0.0      0.0
SINCE 7/1        10.9              20.5    -9.6     12.3
DAYS >= 1.0         0               0.0     0.0        0
GREATEST
 SNOW DEPTH         0   MM                             0
 24 HR TOTAL      0.0   06/30 TO 06/30               0.0

DEGREE_DAYS
HEATING TOTAL       7                17     -10        2
 SINCE 7/1       4720              5708    -988     4875
COOLING TOTAL     272               232      40      282
 SINCE 1/1        362               323      39      369
..............................................................

WIND (MPH)
AVERAGE WIND SPEED              MM
HIGHEST WIND SPEED/DIRECTION    MM        DATE   MM
HIGHEST GUST SPEED/DIRECTION    MM        DATE   MM

SKY COVER
POSSIBLE SUNSHINE (PERCENT)   MM
AVERAGE SKY COVER             MM
NUMBER OF DAYS FAIR            0
NUMBER OF DAYS PC              0
NUMBER OF DAYS CLOUDY          0

AVERAGE RH (PERCENT)     MM

WEATHER CONDITIONS. NUMBER OF DAYS WITH
THUNDERSTORM              4     MIXED PRECIP               0
HEAVY RAIN                1     RAIN                       3
LIGHT RAIN               10     FREEZING RAIN              0
LT FREEZING RAIN          0     HAIL                       0
HEAVY SNOW                0     SNOW                       0
LIGHT SNOW                0     SLEET                      0
FOG                       0     FOG W/VIS <= 1/4 MILE      0
HAZE                      0

-  INDICATES NEGATIVE NUMBERS.
R  INDICATES RECORD WAS SET OR TIED.
MM INDICATES DATA IS MISSING.
T  INDICATES TRACE AMOUNT.

&&

RECORDS SET THIS MONTH:

* 7TH DRIEST JUNE WITH 0.98 INCHES

$$
