000
CXUS53 KILX 011743
CLMILX


CLIMATE REPORT
NATIONAL WEATHER SERVICE LINCOLN IL
1227 PM CDT WED NOV 1 2017

...................................

...THE LINCOLN IL CLIMATE SUMMARY FOR THE MONTH OF OCTOBER 2017...

CLIMATE NORMAL PERIOD 1981 TO 2010
CLIMATE RECORD PERIOD 1905 TO 2017

WEATHER         OBSERVED          NORMAL  DEPART  LAST YEAR`S
                 VALUE   DATE(S)  VALUE   FROM    VALUE
                                          NORMAL
.............................................................
TEMPERATURE (F)
RECORD
 HIGH              95   10/03/1954
                        10/02/1953
 LOW                7   10/30/1925
HIGHEST            86   10/14        MM      MM       86
                        10/02
LOWEST             22   10/29        MM      MM       31
AVG. MAXIMUM     68.0              65.6     2.4     71.5
AVG. MINIMUM     47.1              42.0     5.1     47.8
MEAN             57.5              53.8     3.7     59.6
DAYS MAX >= 90      0               0.0     0.0        0
DAYS MAX <= 32      0               0.0     0.0        0
DAYS MIN <= 32      2               4.7    -2.7        1
DAYS MIN <= 0       0               0.0     0.0        0

PRECIPITATION (INCHES)
RECORD
 MAXIMUM        11.07   1941
 MINIMUM         0.24   1964
TOTALS           4.68              3.08    1.60     1.64
DAILY AVG.       0.15              0.10    0.05     0.05
DAYS >= .01        13               9.3     3.7        9
DAYS >= .10         8               6.3     1.7        6
DAYS >= .50         3               2.2     0.8        1
DAYS >= 1.00        1               0.7     0.3        0
GREATEST
 24 HR. TOTAL    1.11   10/06 TO 10/06              0.52

SNOWFALL (INCHES)
RECORDS
 TOTAL            2.8   1929
TOTALS              T               0.0     0.0      0.0
SINCE 7/1           T               0.0     0.0      0.0
DAYS >= 1.0         0               0.0     0.0        0
GREATEST
 SNOW DEPTH         0   MM                             0
 24 HR TOTAL        T   10/28 TO 10/28               0.0

DEGREE_DAYS
HEATING TOTAL     266               361     -95      206
 SINCE 7/1        344               456    -112      230
COOLING TOTAL      44                14      30       49
 SINCE 1/1        984              1017     -33     1234
..............................................................

WIND (MPH)
AVERAGE WIND SPEED              MM
HIGHEST WIND SPEED/DIRECTION    MM        DATE   MM
HIGHEST GUST SPEED/DIRECTION    MM        DATE   MM

SKY COVER
POSSIBLE SUNSHINE (PERCENT)   MM
AVERAGE SKY COVER             MM
NUMBER OF DAYS FAIR            0
NUMBER OF DAYS PC              0
NUMBER OF DAYS CLOUDY          0

AVERAGE RH (PERCENT)     MM

WEATHER CONDITIONS. NUMBER OF DAYS WITH
THUNDERSTORM              3     MIXED PRECIP               0
HEAVY RAIN                5     RAIN                       7
LIGHT RAIN               16     FREEZING RAIN              0
LT FREEZING RAIN          0     HAIL                       0
HEAVY SNOW                0     SNOW                       0
LIGHT SNOW                1     SLEET                      0
FOG                       3     FOG W/VIS <= 1/4 MILE      0
HAZE                      0

-  INDICATES NEGATIVE NUMBERS.
R  INDICATES RECORD WAS SET OR TIED.
MM INDICATES DATA IS MISSING.
T  INDICATES TRACE AMOUNT.
&&

RECORDS FOR THE MONTH OF OCTOBER:
- LOW HIGH TEMPERATURE OF 38 DEGREES ON 28TH.
- HIGH TEMPERATURE OF 86 DEGREES ON 14TH.

$$
