000
CXUS53 KILX 012037 CCA
CLMILX

CLIMATE REPORT
NATIONAL WEATHER SERVICE LINCOLN IL
337 PM CDT MON AUG 1 2016

...CORRECTED THUNDERSTORM DAYS...

...................................

...THE LINCOLN IL CLIMATE SUMMARY FOR THE MONTH OF JULY 2016...

CLIMATE NORMAL PERIOD 1981 TO 2010
CLIMATE RECORD PERIOD 1905 TO 2016

WEATHER         OBSERVED          NORMAL  DEPART  LAST YEAR`S
                 VALUE   DATE(S)  VALUE   FROM    VALUE
                                          NORMAL
.............................................................
TEMPERATURE (F)
RECORD
 HIGH             113   07/15/1936
 LOW               41   07/15/1930
HIGHEST            93   07/21        MM      MM       92
LOWEST             53   07/02        MM      MM       55
AVG. MAXIMUM     83.7              85.5    -1.8     82.5
AVG. MINIMUM     65.2              64.5     0.7     63.4
MEAN             74.5              75.0    -0.5     73.0
DAYS MAX >= 90      2               7.1    -5.1        3
DAYS MAX <= 32      0               0.0     0.0        0
DAYS MIN <= 32      0               0.0     0.0        0
DAYS MIN <= 0       0               0.0     0.0        0

PRECIPITATION (INCHES)
RECORD
 MAXIMUM        15.93   1992
 MINIMUM         0.54   1940
TOTALS           8.69              5.06    3.63     5.93
DAILY AVG.       0.28              0.16    0.12     0.19
DAYS >= .01        15               9.2     5.8        9
DAYS >= .10        11               6.2     4.8        5
DAYS >= .50         6               2.9     3.1        3
DAYS >= 1.00        2               1.4     0.6        2
GREATEST
 24 HR. TOTAL    2.37   07/24 TO 07/24              2.40

SNOWFALL (INCHES)
RECORDS
 TOTAL              T   2013
TOTALS            0.0               0.0     0.0      0.0
SINCE 7/1         0.0               0.0     0.0      0.0
DAYS >= 1.0         0               0.0     0.0        0
GREATEST
 SNOW DEPTH         0   MM                             0
 24 HR TOTAL      0.0   07/31 TO 07/31               0.0

DEGREE_DAYS
HEATING TOTAL       9                 2       7        6
 SINCE 7/1          9                 2       7        6
COOLING TOTAL     312               311       1      260
 SINCE 1/1        681               634      47      597
..............................................................

WIND (MPH)
AVERAGE WIND SPEED              MM
HIGHEST WIND SPEED/DIRECTION    MM        DATE   MM
HIGHEST GUST SPEED/DIRECTION    MM        DATE   MM

SKY COVER
POSSIBLE SUNSHINE (PERCENT)   MM
AVERAGE SKY COVER             MM
NUMBER OF DAYS FAIR            0
NUMBER OF DAYS PC              0
NUMBER OF DAYS CLOUDY          0

AVERAGE RH (PERCENT)     MM

WEATHER CONDITIONS. NUMBER OF DAYS WITH
THUNDERSTORM             10     MIXED PRECIP               0
HEAVY RAIN                9     RAIN                      11
LIGHT RAIN               14     FREEZING RAIN              0
LT FREEZING RAIN          0     HAIL                       0
HEAVY SNOW                0     SNOW                       0
LIGHT SNOW                0     SLEET                      0
FOG                      13     FOG W/VIS <= 1/4 MILE      2
HAZE                      0

-  INDICATES NEGATIVE NUMBERS.
R  INDICATES RECORD WAS SET OR TIED.
MM INDICATES DATA IS MISSING.
T  INDICATES TRACE AMOUNT.
&&

RECORD COOL HIGH TEMPERATURE OF 67 DEGREES SET ON JULY 2ND.
RECORD COOL HIGH TEMPERATURE OF 66 DEGREES SET ON JULY 3RD.
RECORD DAILY MAXIMUM RAINFALL OF 2.37 INCHES ST ON JULY 24TH.
7TH WETTEST JULY ON RECORD.

$$
