000
CXUS53 KILX 011456
CLMILX


CLIMATE REPORT
NATIONAL WEATHER SERVICE LINCOLN IL
845 AM CST SUN NOV 1 2015

...................................

...THE LINCOLN IL CLIMATE SUMMARY FOR THE MONTH OF OCTOBER 2015...

CLIMATE NORMAL PERIOD 1981 TO 2010
CLIMATE RECORD PERIOD 1905 TO 2015

WEATHER         OBSERVED          NORMAL  DEPART  LAST YEAR`S
                 VALUE   DATE(S)  VALUE   FROM    VALUE
                                          NORMAL
.............................................................
TEMPERATURE (F)
RECORD
 HIGH              95   10/03/1954
                        10/02/1953
 LOW                7   10/30/1925
HIGHEST            81   10/21        MM      MM       83
LOWEST             22   10/18        MM      MM       28
AVG. MAXIMUM     67.6              65.6     2.0     63.5
AVG. MINIMUM     42.4              42.0     0.4     42.9
MEAN             55.0              53.8     1.2     53.2
DAYS MAX >= 90      0               0.0     0.0        0
DAYS MAX <= 32      0               0.0     0.0        0
DAYS MIN <= 32      3               4.7    -1.7        5
DAYS MIN <= 0       0               0.0     0.0        0

PRECIPITATION (INCHES)
RECORD
 MAXIMUM        11.07   1941
 MINIMUM         0.24   1964
TOTALS           1.64              3.08   -1.44     4.43
DAILY AVG.       0.05              0.10   -0.05     0.14
DAYS >= .01         5               9.3    -4.3       14
DAYS >= .10         3               6.3    -3.3        5
DAYS >= .50         2               2.2    -0.2        4
DAYS >= 1.00        0               0.7    -0.7        1
GREATEST
 24 HR. TOTAL    0.88   10/27 TO 10/27              2.08

SNOWFALL (INCHES)
RECORDS
 TOTAL            2.8   1929
TOTALS            0.0               0.0     0.0      0.0
SINCE 7/1         0.0               0.0     0.0      0.0
DAYS >= 1.0         0               0.0     0.0        0
GREATEST
 SNOW DEPTH         0   MM                             0
 24 HR TOTAL      0.0   10/31 TO 10/31               0.0

DEGREE_DAYS
HEATING TOTAL     308               361     -53      363
 SINCE 7/1        356               456    -100      486
COOLING TOTAL       8                14      -6        5
 SINCE 1/1        998              1017     -19      838
..............................................................

WIND (MPH)
AVERAGE WIND SPEED              MM
HIGHEST WIND SPEED/DIRECTION    MM        DATE   MM
HIGHEST GUST SPEED/DIRECTION    MM        DATE   MM

SKY COVER
POSSIBLE SUNSHINE (PERCENT)   MM
AVERAGE SKY COVER             MM
NUMBER OF DAYS FAIR            0
NUMBER OF DAYS PC              0
NUMBER OF DAYS CLOUDY          0

AVERAGE RH (PERCENT)     MM

WEATHER CONDITIONS. NUMBER OF DAYS WITH
THUNDERSTORM              2     MIXED PRECIP               0
HEAVY RAIN                1     RAIN                       3
LIGHT RAIN               12     FREEZING RAIN              0
LT FREEZING RAIN          0     HAIL                       0
HEAVY SNOW                0     SNOW                       0
LIGHT SNOW                0     SLEET                      0
FOG                       5     FOG W/VIS <= 1/4 MILE      0
HAZE                      1

-  INDICATES NEGATIVE NUMBERS.
R  INDICATES RECORD WAS SET OR TIED.
MM INDICATES DATA IS MISSING.
T  INDICATES TRACE AMOUNT.
&&

A NEW RECORD LOW TEMPERATURE OF 26 DEGREES WAS SET FOR THE DATE OF 17 OCT

$$
