000
CXUS53 KILX 011613
CLMILX


CLIMATE REPORT
NATIONAL WEATHER SERVICE LINCOLN IL
1029 AM CDT TUE AUG 1 2017

...................................

...THE LINCOLN IL CLIMATE SUMMARY FOR THE MONTH OF JULY 2017...

CLIMATE NORMAL PERIOD 1981 TO 2010
CLIMATE RECORD PERIOD 1905 TO 2017

WEATHER         OBSERVED          NORMAL  DEPART  LAST YEAR`S
                 VALUE   DATE(S)  VALUE   FROM    VALUE
                                          NORMAL
.............................................................
TEMPERATURE (F)
RECORD
 HIGH             113   07/15/1936
 LOW               41   07/15/1930
HIGHEST            94   07/21        MM      MM       93
LOWEST             56   07/30        MM      MM       53
AVG. MAXIMUM     86.2              85.5     0.7     83.7
AVG. MINIMUM     64.5              64.5     0.0     65.2
MEAN             75.3              75.0     0.3     74.5
DAYS MAX >= 90      9               7.1     1.9        2
DAYS MAX <= 32      0               0.0     0.0        0
DAYS MIN <= 32      0               0.0     0.0        0
DAYS MIN <= 0       0               0.0     0.0        0

PRECIPITATION (INCHES)
RECORD
 MAXIMUM        15.93   1992
 MINIMUM         0.54   1940
TOTALS           5.82              5.06    0.76     8.69
DAILY AVG.       0.19              0.16    0.03     0.28
DAYS >= .01        10               9.2     0.8       15
DAYS >= .10         7               6.2     0.8       11
DAYS >= .50         3               2.9     0.1        6
DAYS >= 1.00        3               1.4     1.6        2
GREATEST
 24 HR. TOTAL    1.77   07/10 TO 07/10              2.37

SNOWFALL (INCHES)
RECORDS
 TOTAL              T   2013
TOTALS              TR              0.0     0.0      0.0
SINCE 7/1           T               0.0     0.0      0.0
DAYS >= 1.0         0               0.0     0.0        0
GREATEST
 SNOW DEPTH         0   MM                             0
 24 HR TOTAL        TR  07/11 TO 07/11               0.0

DEGREE_DAYS
HEATING TOTAL       0                 2      -2        9
 SINCE 7/1          0                 2      -2        9
COOLING TOTAL     329               311      18      312
 SINCE 1/1        691               634      57      681
..............................................................

WIND (MPH)
AVERAGE WIND SPEED              MM
HIGHEST WIND SPEED/DIRECTION    MM        DATE   MM
HIGHEST GUST SPEED/DIRECTION    MM        DATE   MM

SKY COVER
POSSIBLE SUNSHINE (PERCENT)   MM
AVERAGE SKY COVER             MM
NUMBER OF DAYS FAIR            0
NUMBER OF DAYS PC              0
NUMBER OF DAYS CLOUDY          0

AVERAGE RH (PERCENT)     MM

WEATHER CONDITIONS. NUMBER OF DAYS WITH
THUNDERSTORM              8     MIXED PRECIP               0
HEAVY RAIN                4     RAIN                       9
LIGHT RAIN               12     FREEZING RAIN              0
LT FREEZING RAIN          0     HAIL                       1
HEAVY SNOW                0     SNOW                       0
LIGHT SNOW                0     SLEET                      0
FOG                       1     FOG W/VIS <= 1/4 MILE      0
HAZE                      0

-  INDICATES NEGATIVE NUMBERS.
R  INDICATES RECORD WAS SET OR TIED.
MM INDICATES DATA IS MISSING.
T  INDICATES TRACE AMOUNT.

&&

NO RECORDS ESTABLISHED DURING JULY 2017.

$$
