000
CXUS53 KILX 011641
CLMILX

CLIMATE REPORT
NATIONAL WEATHER SERVICE LINCOLN IL
1041 AM CST TUE DEC 1 2015

...................................

...THE LINCOLN IL CLIMATE SUMMARY FOR THE MONTH OF NOVEMBER 2015...

CLIMATE NORMAL PERIOD 1981 TO 2010
CLIMATE RECORD PERIOD 1905 TO 2015

WEATHER         OBSERVED          NORMAL  DEPART  LAST YEAR`S
                 VALUE   DATE(S)  VALUE   FROM    VALUE
                                          NORMAL
.............................................................
TEMPERATURE (F)
RECORD
 HIGH              83   11/01/1950
 LOW               -3   11/30/1964
                        11/28/1930
HIGHEST            72   11/02        MM      MM       68
LOWEST             12   11/22        MM      MM        6
AVG. MAXIMUM     56.4              51.2     5.2     44.5
AVG. MINIMUM     35.2              33.0     2.2     24.2
MEAN             45.8              42.1     3.7     34.3
DAYS MAX >= 90      0               0.0     0.0        0
DAYS MAX <= 32      0               1.4    -1.4        8
DAYS MIN <= 32     13              14.5    -1.5       22
DAYS MIN <= 0       0               0.0     0.0        0

PRECIPITATION (INCHES)
RECORD
 MAXIMUM         7.55   1992
 MINIMUM         0.02   1933
TOTALS           4.42              3.25    1.17     2.23
DAILY AVG.       0.15              0.11    0.04     0.07
DAYS >= .01        13              10.1     2.9        9
DAYS >= .10        11               6.3     4.7        4
DAYS >= .50         4               2.6     1.4        2
DAYS >= 1.00        1               0.9     0.1        0
GREATEST
 24 HR. TOTAL    1.21   11/17 TO 11/17              0.91

SNOWFALL (INCHES)
RECORDS
 TOTAL           10.0   1926
TOTALS            1.0               0.6     0.4      1.0
SINCE 7/1         1.0               0.6     0.4      1.0
DAYS >= 1.0         1               0.2     0.8        0
GREATEST
 SNOW DEPTH         1   11/23                          1
                        11/22
 24 HR TOTAL      1.0   11/21 TO 11/21               0.8

DEGREE_DAYS
HEATING TOTAL     571               687    -116      912
 SINCE 7/1        927              1143    -216     1398
COOLING TOTAL       0                 0       0        0
 SINCE 1/1        998              1017     -19      838
..............................................................

WIND (MPH)
AVERAGE WIND SPEED              MM
HIGHEST WIND SPEED/DIRECTION    MM        DATE   MM
HIGHEST GUST SPEED/DIRECTION    MM        DATE   MM

SKY COVER
POSSIBLE SUNSHINE (PERCENT)   MM
AVERAGE SKY COVER             MM
NUMBER OF DAYS FAIR            0
NUMBER OF DAYS PC              0
NUMBER OF DAYS CLOUDY          0

AVERAGE RH (PERCENT)     MM

WEATHER CONDITIONS. NUMBER OF DAYS WITH
THUNDERSTORM              0     MIXED PRECIP               0
HEAVY RAIN                5     RAIN                       8
LIGHT RAIN               14     FREEZING RAIN              0
LT FREEZING RAIN          0     HAIL                       0
HEAVY SNOW                0     SNOW                       1
LIGHT SNOW                1     SLEET                      0
FOG                       8     FOG W/VIS <= 1/4 MILE      3
HAZE                      0

-  INDICATES NEGATIVE NUMBERS.
R  INDICATES RECORD WAS SET OR TIED.
MM INDICATES DATA IS MISSING.
T  INDICATES TRACE AMOUNT.

&&

RECORDS:

* DAILY SNOWFALL 1.0 ON THE 21ST

$$
