000
CXUS53 KILX 011709
CLMILX


CLIMATE REPORT
NATIONAL WEATHER SERVICE LINCOLN IL
1048 AM CST SUN MAR 1 2015

...................................

...THE LINCOLN IL CLIMATE SUMMARY FOR THE MONTH OF FEBRUARY 2015...

CLIMATE NORMAL PERIOD 1981 TO 2010
CLIMATE RECORD PERIOD 1905 TO 2015

WEATHER         OBSERVED          NORMAL  DEPART  LAST YEAR`S
                 VALUE   DATE(S)  VALUE   FROM    VALUE
                                          NORMAL
.............................................................
TEMPERATURE (F)
RECORD
 HIGH              75   02/27/1996
 LOW              -23   02/27/1934
HIGHEST            52   02/08        MM      MM       58
LOWEST             -7   02/23        MM      MM      -16
AVG. MAXIMUM     28.4              38.8   -10.4     27.1
AVG. MINIMUM      8.6              22.0   -13.4      7.4
MEAN             18.5              30.4   -11.9     17.2
DAYS MAX >= 90      0               0.0     0.0        0
DAYS MAX <= 32     18               8.0    10.0       20
DAYS MIN <= 32     28              22.5     5.5       27
DAYS MIN <= 0       5               1.1     3.9        8

PRECIPITATION (INCHES)
RECORD
 MAXIMUM         4.61   1942
 MINIMUM         0.12   1983
TOTALS           1.37              1.82   -0.45     2.83
DAILY AVG.       0.05              0.07   -0.02     0.10
DAYS >= .01         8               7.9     0.1       12
DAYS >= .10         4               4.2    -0.2        7
DAYS >= .50         1               1.1    -0.1        3
DAYS >= 1.00        0               0.3    -0.3        0
GREATEST
 24 HR. TOTAL    0.65   02/01 TO 02/01              0.66

SNOWFALL (INCHES)
RECORDS
 TOTAL           24.0   1914
TOTALS           12.2               5.8     6.4     16.7
SINCE 7/1        18.2              18.5    -0.3     41.6
DAYS >= 1.0         6               1.7     4.3        6
GREATEST
 SNOW DEPTH         4   02/06                          9
                        02/05
 24 HR TOTAL      3.2   MM                           4.0

DEGREE_DAYS
HEATING TOTAL    1293               969     324     1332
 SINCE 7/1       4937              4423     514     5244
COOLING TOTAL       0                 0       0        0
 SINCE 1/1          0                 0       0        0
..............................................................

WIND (MPH)
AVERAGE WIND SPEED              MM
HIGHEST WIND SPEED/DIRECTION    MM        DATE   MM
HIGHEST GUST SPEED/DIRECTION    MM        DATE   MM

SKY COVER
POSSIBLE SUNSHINE (PERCENT)   MM
AVERAGE SKY COVER             MM
NUMBER OF DAYS FAIR            0
NUMBER OF DAYS PC              0
NUMBER OF DAYS CLOUDY          0

AVERAGE RH (PERCENT)     MM

WEATHER CONDITIONS. NUMBER OF DAYS WITH
THUNDERSTORM              0     MIXED PRECIP               0
HEAVY RAIN                0     RAIN                       0
LIGHT RAIN                2     FREEZING RAIN              0
LT FREEZING RAIN          0     HAIL                       0
HEAVY SNOW                0     SNOW                       2
LIGHT SNOW                8     SLEET                      0
FOG                       2     FOG W/VIS <= 1/4 MILE      0
HAZE                      0

-  INDICATES NEGATIVE NUMBERS.
R  INDICATES RECORD WAS SET OR TIED.
MM INDICATES DATA IS MISSING.
T  INDICATES TRACE AMOUNT.

&&

RECORDS ESTABLISHED IN FEBRUARY:

* RECORD LOW HIGH OF 13 ON THE 19TH
* RECORD LOW OF -7 ON THE 23RD
* 4TH COLDEST FEBRUARY

$$
