000
CXUS53 KILX 011542
CLMILX


CLIMATE REPORT
NATIONAL WEATHER SERVICE LINCOLN IL
938 AM CST SUN DEC 1 2013

...................................

...THE LINCOLN IL CLIMATE SUMMARY FOR THE MONTH OF NOVEMBER 2013...

CLIMATE NORMAL PERIOD 1981 TO 2010
CLIMATE RECORD PERIOD 1905 TO 2013

WEATHER         OBSERVED          NORMAL  DEPART  LAST YEAR`S
                 VALUE   DATE(S)  VALUE   FROM    VALUE
                                          NORMAL
.............................................................
TEMPERATURE (F)
RECORD
 HIGH              83   11/01/1950
 LOW               -3   11/30/1964
                        11/28/1930
HIGHEST            74   11/17        MM      MM       73
LOWEST             10   11/29        MM      MM       17
                        11/24
AVG. MAXIMUM     47.8              51.2    -3.4     51.2
AVG. MINIMUM     27.5              33.0    -5.5     30.1
MEAN             37.6              42.1    -4.5     40.7
DAYS MAX >= 90      0               0.0     0.0        0
DAYS MAX <= 32      4               1.4     2.6        0
DAYS MIN <= 32     22              14.5     7.5       20
DAYS MIN <= 0       0               0.0     0.0        0

PRECIPITATION (INCHES)
RECORD
 MAXIMUM         7.55   1992
 MINIMUM         0.02   1933
TOTALS           1.21              3.25   -2.04     1.26
DAILY AVG.       0.04              0.11   -0.07     0.04
DAYS >= .01         9              10.1    -1.1        5
DAYS >= .10         4               6.3    -2.3        3
DAYS >= .50         1               2.6    -1.6        1
DAYS >= 1.00        0               0.9    -0.9        0
GREATEST
 24 HR. TOTAL    0.54   11/06 TO 11/06              0.87

SNOWFALL (INCHES)
RECORDS
 TOTAL           10.0   1926
TOTALS            0.5               0.6    -0.1        T
SINCE 7/1         0.5               0.6    -0.1        T
DAYS >= 1.0         0               0.2    -0.2        0
GREATEST
 SNOW DEPTH         T   11/12                          0
 24 HR TOTAL      0.5   11/11 TO 11/11                 T

DEGREE_DAYS
HEATING TOTAL     815               687     128      723
 SINCE 7/1       1278              1143     135     1258
COOLING TOTAL       0                 0       0        0
 SINCE 1/1        947              1017     -70     1164
..............................................................

WIND (MPH)
AVERAGE WIND SPEED              MM
HIGHEST WIND SPEED/DIRECTION    MM        DATE   MM
HIGHEST GUST SPEED/DIRECTION    MM        DATE   MM

SKY COVER
POSSIBLE SUNSHINE (PERCENT)   MM
AVERAGE SKY COVER             MM
NUMBER OF DAYS FAIR            0
NUMBER OF DAYS PC              0
NUMBER OF DAYS CLOUDY          0

AVERAGE RH (PERCENT)     MM

WEATHER CONDITIONS. NUMBER OF DAYS WITH
THUNDERSTORM              0     MIXED PRECIP               0
HEAVY RAIN                1     RAIN                       5
LIGHT RAIN                7     FREEZING RAIN              0
LT FREEZING RAIN          0     HAIL                       0
HEAVY SNOW                0     SNOW                       1
LIGHT SNOW                2     SLEET                      0
FOG                       3     FOG W/VIS <= 1/4 MILE      0
HAZE                      0

-  INDICATES NEGATIVE NUMBERS.
R  INDICATES RECORD WAS SET OR TIED.
MM INDICATES DATA IS MISSING.
T  INDICATES TRACE AMOUNT.

$$

JRP
