000
CXUS53 KILX 011654
CLMILX


CLIMATE REPORT
NATIONAL WEATHER SERVICE LINCOLN IL
1041 AM CST SAT FEB 1 2014

...................................

...THE LINCOLN IL CLIMATE SUMMARY FOR THE MONTH OF JANUARY 2014...

CLIMATE NORMAL PERIOD 1981 TO 2010
CLIMATE RECORD PERIOD 1905 TO 2014

WEATHER         OBSERVED          NORMAL  DEPART  LAST YEAR`S
                 VALUE   DATE(S)  VALUE   FROM    VALUE
                                          NORMAL
.............................................................
TEMPERATURE (F)
RECORD
 HIGH              70   01/25/1950
                        01/24/1950
                        01/07/1907
 LOW              -34   01/15/1927
HIGHEST            49   01/13        MM      MM       64
LOWEST            -14   01/06        MM      MM        2
AVG. MAXIMUM     28.5              33.8    -5.3     38.1
AVG. MINIMUM      9.0              18.0    -9.0     18.7
MEAN             18.8              25.9    -7.1     28.4
DAYS MAX >= 90      0               0.0     0.0        0
DAYS MAX <= 32     19              13.1     5.9        9
DAYS MIN <= 32     31              26.7     4.3       27
DAYS MIN <= 0      10               3.0     7.0        0

PRECIPITATION (INCHES)
RECORD
 MAXIMUM         6.23   1949
 MINIMUM         0.04   1986
TOTALS           1.83              1.93   -0.10     2.69
DAILY AVG.       0.06              0.06    0.00     0.09
DAYS >= .01        12               8.1     3.9        8
DAYS >= .10         6               4.2     1.8        6
DAYS >= .50         1               1.1    -0.1        2
DAYS >= 1.00        0               0.3    -0.3        1
GREATEST
 24 HR. TOTAL    0.51   01/10 TO 01/10              1.37

SNOWFALL (INCHES)
RECORDS
 TOTAL           20.0   1987
TOTALS           18.0               5.9    12.1      0.9
SINCE 7/1        24.9              12.7    12.2      3.4
DAYS >= 1.0         6               2.0     4.0        0
GREATEST
 SNOW DEPTH         8   01/07                          1
                        01/06
 24 HR TOTAL      7.4   MM                           0.4

DEGREE_DAYS
HEATING TOTAL    1425              1212     213     1129
 SINCE 7/1       3912              3454     458     3284
COOLING TOTAL       0                 0       0        0
 SINCE 1/1          0                 0       0        0
..............................................................

WIND (MPH)
AVERAGE WIND SPEED              MM
HIGHEST WIND SPEED/DIRECTION    MM        DATE   MM
HIGHEST GUST SPEED/DIRECTION    MM        DATE   MM

SKY COVER
POSSIBLE SUNSHINE (PERCENT)   MM
AVERAGE SKY COVER             MM
NUMBER OF DAYS FAIR            0
NUMBER OF DAYS PC              0
NUMBER OF DAYS CLOUDY          0

AVERAGE RH (PERCENT)     MM

WEATHER CONDITIONS. NUMBER OF DAYS WITH
THUNDERSTORM              0     MIXED PRECIP               0
HEAVY RAIN                1     RAIN                       1
LIGHT RAIN                3     FREEZING RAIN              0
LT FREEZING RAIN          1     HAIL                       0
HEAVY SNOW                0     SNOW                       3
LIGHT SNOW               19     SLEET                      0
FOG                       7     FOG W/VIS <= 1/4 MILE      0
HAZE                      0

-  INDICATES NEGATIVE NUMBERS.
R  INDICATES RECORD WAS SET OR TIED.
MM INDICATES DATA IS MISSING.
T  INDICATES TRACE AMOUNT.

&&

RECORDS ESTABLISHED FOR JANUARY:

* 4TH SNOWIEST JANUARY WITH 18.0 INCHES
* RECORD LOW OF -13 ON THE 3RD
* RECORD DAILY SNOWFALL ON 7.3 INCHES ON THE 5TH
* RECORD LOW HIGH OF -5 ON THE 6TH

$$
