000
CXUS53 KILX 020133 CCA
CLMILX

CLIMATE REPORT
NATIONAL WEATHER SERVICE LINCOLN IL
833 PM CDT FRI NOV 1 2013

ADDED RECORDS DATA

...................................

...THE LINCOLN IL CLIMATE SUMMARY FOR THE MONTH OF OCTOBER 2013...

CLIMATE NORMAL PERIOD 1981 TO 2010
CLIMATE RECORD PERIOD 1905 TO 2013

WEATHER         OBSERVED          NORMAL  DEPART  LAST YEAR`S
                 VALUE   DATE(S)  VALUE   FROM    VALUE
                                          NORMAL
.............................................................
TEMPERATURE (F)
RECORD
 HIGH              95   10/03/1954
                        10/02/1953
 LOW                7   10/30/1925
HIGHEST            87   10/04        MM      MM       80
LOWEST             20   10/25        MM      MM       27
AVG. MAXIMUM     66.0              65.6     0.4     62.1
AVG. MINIMUM     41.5              42.0    -0.5     41.1
MEAN             53.8              53.8     0.0     51.6
DAYS MAX >= 90      0               0.0     0.0        0
DAYS MAX <= 32      0               0.0     0.0        0
DAYS MIN <= 32      7               4.7     2.3        8
DAYS MIN <= 0       0               0.0     0.0        0

PRECIPITATION (INCHES)
RECORD
 MAXIMUM        11.07   1941
 MINIMUM         0.24   1964
TOTALS           3.51              3.08    0.43     6.13
DAILY AVG.       0.11              0.10    0.01     0.20
DAYS >= .01        11               9.3     1.7       13
DAYS >= .10         8               6.3     1.7        8
DAYS >= .50         3               2.2     0.8        3
DAYS >= 1.00        0               0.7    -0.7        1
GREATEST
 24 HR. TOTAL    0.88   10/30 TO 10/30              2.28

SNOWFALL (INCHES)
RECORDS
 TOTAL            2.8   1929
TOTALS              T               0.0     0.0      0.0
SINCE 7/1           T               0.0     0.0      0.0
DAYS >= 1.0         0               0.0     0.0        0
GREATEST
 SNOW DEPTH         0   MM                             0
 24 HR TOTAL        T   10/24 TO 10/24               0.0

DEGREE_DAYS
HEATING TOTAL     381               361      20      412
 SINCE 7/1        463               456       7      535
COOLING TOTAL      39                14      25        6
 SINCE 1/1        947              1017     -70     1164
..............................................................

WIND (MPH)
AVERAGE WIND SPEED              MM
HIGHEST WIND SPEED/DIRECTION    MM        DATE   MM
HIGHEST GUST SPEED/DIRECTION    MM        DATE   MM

SKY COVER
POSSIBLE SUNSHINE (PERCENT)   MM
AVERAGE SKY COVER             MM
NUMBER OF DAYS FAIR            0
NUMBER OF DAYS PC              0
NUMBER OF DAYS CLOUDY          0

AVERAGE RH (PERCENT)     MM

WEATHER CONDITIONS. NUMBER OF DAYS WITH
THUNDERSTORM              2     MIXED PRECIP               0
HEAVY RAIN                4     RAIN                       8
LIGHT RAIN               12     FREEZING RAIN              0
LT FREEZING RAIN          0     HAIL                       0
HEAVY SNOW                0     SNOW                       0
LIGHT SNOW                1     SLEET                      0
FOG                      10     FOG W/VIS <= 1/4 MILE      2
HAZE                      2

-  INDICATES NEGATIVE NUMBERS.
R  INDICATES RECORD WAS SET OR TIED.
MM INDICATES DATA IS MISSING.
T  INDICATES TRACE AMOUNT.

&&

RECORDS ESTABLISHED DURING THE MONTH:

* DAILY RECORD LOW OF 20 DEGREES ON THE 25TH

$$
