000
CXUS53 KILX 011524
CLMILX


CLIMATE REPORT
NATIONAL WEATHER SERVICE LINCOLN IL
957 AM CDT THU OCT 1 2015

...................................

...THE LINCOLN IL CLIMATE SUMMARY FOR THE MONTH OF SEPTEMBER 2015...

CLIMATE NORMAL PERIOD 1981 TO 2010
CLIMATE RECORD PERIOD 1905 TO 2015

WEATHER         OBSERVED          NORMAL  DEPART  LAST YEAR`S
                 VALUE   DATE(S)  VALUE   FROM    VALUE
                                          NORMAL
.............................................................
TEMPERATURE (F)
RECORD
 HIGH             104   09/06/1954
 LOW               22   09/26/1928
HIGHEST            95   09/06        MM      MM       92
                        09/04
LOWEST             41   09/13        MM      MM       37
AVG. MAXIMUM     83.5              78.3     5.2     75.9
AVG. MINIMUM     56.1              53.6     2.5     51.4
MEAN             69.8              65.9     3.9     63.7
DAYS MAX >= 90      7               2.1     4.9        2
DAYS MAX <= 32      0               0.0     0.0        0
DAYS MIN <= 32      0               0.1    -0.1        0
DAYS MIN <= 0       0               0.0     0.0        0

PRECIPITATION (INCHES)
RECORD
 MAXIMUM        14.31   1911
 MINIMUM         0.17   1940
TOTALS           4.68              3.21    1.47     7.62
DAILY AVG.       0.16              0.11    0.05     0.25
DAYS >= .01         9               7.8     1.2       10
DAYS >= .10         4               5.1    -1.1        5
DAYS >= .50         3               2.3     0.7        5
DAYS >= 1.00        2               0.6     1.4        4
GREATEST
 24 HR. TOTAL    2.21   09/18 TO 09/18              2.48

SNOWFALL (INCHES)
RECORDS
 TOTAL              T   2008
                        1913
TOTALS            0.0               0.0     0.0      0.0
SINCE 7/1         0.0               0.0     0.0      0.0
DAYS >= 1.0         0               0.0     0.0        0
GREATEST
 SNOW DEPTH         0   MM                             0
 24 HR TOTAL      0.0   09/30 TO 09/30               0.0

DEGREE_DAYS
HEATING TOTAL      36                86     -50      113
 SINCE 7/1         45                95     -50      123
COOLING TOTAL     186               114      72       79
 SINCE 1/1        990              1003     -13      833
..............................................................

WIND (MPH)
AVERAGE WIND SPEED              MM
HIGHEST WIND SPEED/DIRECTION    MM        DATE   MM
HIGHEST GUST SPEED/DIRECTION    MM        DATE   MM

SKY COVER
POSSIBLE SUNSHINE (PERCENT)   MM
AVERAGE SKY COVER             MM
NUMBER OF DAYS FAIR            0
NUMBER OF DAYS PC              0
NUMBER OF DAYS CLOUDY          0

AVERAGE RH (PERCENT)     MM

WEATHER CONDITIONS. NUMBER OF DAYS WITH
THUNDERSTORM              6     MIXED PRECIP               0
HEAVY RAIN                3     RAIN                       3
LIGHT RAIN                7     FREEZING RAIN              0
LT FREEZING RAIN          0     HAIL                       0
HEAVY SNOW                0     SNOW                       0
LIGHT SNOW                0     SLEET                      0
FOG                       6     FOG W/VIS <= 1/4 MILE      0
HAZE                      0

-  INDICATES NEGATIVE NUMBERS.
R  INDICATES RECORD WAS SET OR TIED.
MM INDICATES DATA IS MISSING.
T  INDICATES TRACE AMOUNT.

$$
