000
CXUS53 KILX 011452
CLMILX

CLIMATE REPORT
NATIONAL WEATHER SERVICE LINCOLN IL
936 AM CDT TUE OCT 1 2013

...................................

...THE LINCOLN IL CLIMATE SUMMARY FOR THE MONTH OF SEPTEMBER 2013...

CLIMATE NORMAL PERIOD 1981 TO 2010
CLIMATE RECORD PERIOD 1905 TO 2013

WEATHER         OBSERVED          NORMAL  DEPART  LAST YEAR`S
                 VALUE   DATE(S)  VALUE   FROM    VALUE
                                          NORMAL
.............................................................
TEMPERATURE (F)
RECORD
 HIGH             104   09/06/1954
 LOW               22   09/26/1928
HIGHEST            96   09/10        MM      MM       93
LOWEST             39   09/14        MM      MM       29
AVG. MAXIMUM     81.1              78.3     2.8     77.1
AVG. MINIMUM     53.5              53.6    -0.1     50.4
MEAN             67.3              65.9     1.4     63.7
DAYS MAX >= 90      4               2.1     1.9        2
DAYS MAX <= 32      0               0.0     0.0        0
DAYS MIN <= 32      0               0.1    -0.1        2
DAYS MIN <= 0       0               0.0     0.0        0

PRECIPITATION (INCHES)
RECORD
 MAXIMUM        14.31   1911
 MINIMUM         0.17   1940
TOTALS           0.93              3.21   -2.28     4.42
DAILY AVG.       0.03              0.11   -0.08     0.15
DAYS >= .01         7               7.8    -0.8       10
DAYS >= .10         4               5.1    -1.1        7
DAYS >= .50         0               2.3    -2.3        3
DAYS >= 1.00        0               0.6    -0.6        1
GREATEST
 24 HR. TOTAL    0.27   09/15 TO 09/15              1.65

SNOWFALL (INCHES)
RECORDS
 TOTAL              T   2008
                        1913
TOTALS            0.0               0.0     0.0      0.0
SINCE 7/1           T               0.0     0.0      0.0
DAYS >= 1.0         0               0.0     0.0        0
GREATEST
 SNOW DEPTH         0   MM                             0
 24 HR TOTAL      0.0   09/30 TO 09/30               0.0

DEGREE_DAYS
HEATING TOTAL      60                86     -26      118
 SINCE 7/1         82                95     -13      123
COOLING TOTAL     137               114      23       88
 SINCE 1/1        908              1003     -95     1158
..............................................................

WIND (MPH)
AVERAGE WIND SPEED              MM
HIGHEST WIND SPEED/DIRECTION    MM        DATE   MM
HIGHEST GUST SPEED/DIRECTION    MM        DATE   MM

SKY COVER
POSSIBLE SUNSHINE (PERCENT)   MM
AVERAGE SKY COVER             MM
NUMBER OF DAYS FAIR            0
NUMBER OF DAYS PC              0
NUMBER OF DAYS CLOUDY          0

AVERAGE RH (PERCENT)     MM

WEATHER CONDITIONS. NUMBER OF DAYS WITH
THUNDERSTORM              3     MIXED PRECIP               0
HEAVY RAIN                2     RAIN                       3
LIGHT RAIN               10     FREEZING RAIN              0
LT FREEZING RAIN          0     HAIL                       0
HEAVY SNOW                0     SNOW                       0
LIGHT SNOW                0     SLEET                      0
FOG                      15     FOG W/VIS <= 1/4 MILE      1
HAZE                      1

-  INDICATES NEGATIVE NUMBERS.
R  INDICATES RECORD WAS SET OR TIED.
MM INDICATES DATA IS MISSING.
T  INDICATES TRACE AMOUNT.
&&

PRECIPITATION OF 0.93 INCHES IS THE 6TH DRIEST MONTH ON RECORD.

$$

JRP
