000
CXUS53 KILX 011550
CLMILX


CLIMATE REPORT
NATIONAL WEATHER SERVICE LINCOLN IL
1049 AM CDT SUN SEP 1 2013

...................................

...THE LINCOLN IL CLIMATE SUMMARY FOR THE MONTH OF AUGUST 2013...

CLIMATE NORMAL PERIOD 1981 TO 2010
CLIMATE RECORD PERIOD 1905 TO 2013

WEATHER         OBSERVED          NORMAL  DEPART  LAST YEAR`S
                 VALUE   DATE(S)  VALUE   FROM    VALUE
                                          NORMAL
.............................................................
TEMPERATURE (F)
RECORD
 HIGH             106   08/09/1934
 LOW               36   08/31/1915
HIGHEST            95   08/30        MM      MM       96
LOWEST             47   08/14        MM      MM       46
AVG. MAXIMUM     82.9              84.0    -1.1     86.9
AVG. MINIMUM     59.4              62.0    -2.6     56.4
MEAN             71.2              73.0    -1.8     71.6
DAYS MAX >= 90      5               5.5    -0.5       12
DAYS MAX <= 32      0               0.0     0.0        0
DAYS MIN <= 32      0               0.0     0.0        0
DAYS MIN <= 0       0               0.0     0.0        0

PRECIPITATION (INCHES)
RECORD
 MAXIMUM         8.58   2002
 MINIMUM         0.31   1943
TOTALS           1.87              3.92   -2.05     1.47
DAILY AVG.       0.06              0.13   -0.07     0.05
DAYS >= .01         2               8.6    -6.6        9
DAYS >= .10         2               5.8    -3.8        6
DAYS >= .50         1               2.5    -1.5        0
DAYS >= 1.00        1               1.1    -0.1        0
GREATEST
 24 HR. TOTAL    1.67   08/07 TO 08/07              0.40

SNOWFALL (INCHES)
RECORDS
 TOTAL            0.0   MM
TOTALS            0.0               0.0     0.0      0.0
SINCE 7/1           T               0.0     0.0      0.0
DAYS >= 1.0         0               0.0     0.0        0
GREATEST
 SNOW DEPTH         0   MM                             0
 24 HR TOTAL      0.0   08/31 TO 08/31               0.0

DEGREE_DAYS
HEATING TOTAL      11                 7       4        5
 SINCE 7/1         22                 9      13        5
COOLING TOTAL     207               255     -48      220
 SINCE 1/1        771               889    -118     1070
..............................................................

WIND (MPH)
AVERAGE WIND SPEED              MM
HIGHEST WIND SPEED/DIRECTION    MM        DATE   MM
HIGHEST GUST SPEED/DIRECTION    MM        DATE   MM

SKY COVER
POSSIBLE SUNSHINE (PERCENT)   MM
AVERAGE SKY COVER             MM
NUMBER OF DAYS FAIR            0
NUMBER OF DAYS PC              0
NUMBER OF DAYS CLOUDY          0

AVERAGE RH (PERCENT)     MM

WEATHER CONDITIONS. NUMBER OF DAYS WITH
THUNDERSTORM              0     MIXED PRECIP               0
HEAVY RAIN                2     RAIN                       1
LIGHT RAIN                2     FREEZING RAIN              0
LT FREEZING RAIN          0     HAIL                       0
HEAVY SNOW                0     SNOW                       0
LIGHT SNOW                0     SLEET                      0
FOG                      14     FOG W/VIS <= 1/4 MILE      0
HAZE                      0

-  INDICATES NEGATIVE NUMBERS.
R  INDICATES RECORD WAS SET OR TIED.
MM INDICATES DATA IS MISSING.
T  INDICATES TRACE AMOUNT.

$$
