000
CXUS53 KILX 011741
CLMILX


CLIMATE REPORT
NATIONAL WEATHER SERVICE LINCOLN IL
1215 PM CDT TUE NOV 1 2016

...................................

...THE LINCOLN IL CLIMATE SUMMARY FOR THE MONTH OF OCTOBER 2016...

CLIMATE NORMAL PERIOD 1981 TO 2010
CLIMATE RECORD PERIOD 1905 TO 2016

WEATHER         OBSERVED          NORMAL  DEPART  LAST YEAR`S
                 VALUE   DATE(S)  VALUE   FROM    VALUE
                                          NORMAL
.............................................................
TEMPERATURE (F)
RECORD
 HIGH              95   10/03/1954
                        10/02/1953
 LOW                7   10/30/1925
HIGHEST            86   10/17        MM      MM       81
LOWEST             31   10/22        MM      MM       22
AVG. MAXIMUM     71.5              65.6     5.9     67.6
AVG. MINIMUM     47.8              42.0     5.8     42.4
MEAN             59.6              53.8     5.8     55.0
DAYS MAX >= 90      0               0.0     0.0        0
DAYS MAX <= 32      0               0.0     0.0        0
DAYS MIN <= 32      1               4.7    -3.7        3
DAYS MIN <= 0       0               0.0     0.0        0

PRECIPITATION (INCHES)
RECORD
 MAXIMUM        11.07   1941
 MINIMUM         0.24   1964
TOTALS           1.64              3.08   -1.44     1.64
DAILY AVG.       0.05              0.10   -0.05     0.05
DAYS >= .01         9               9.3    -0.3        5
DAYS >= .10         6               6.3    -0.3        3
DAYS >= .50         1               2.2    -1.2        2
DAYS >= 1.00        0               0.7    -0.7        0
GREATEST
 24 HR. TOTAL    0.52   10/16 TO 10/16              0.88

SNOWFALL (INCHES)
RECORDS
 TOTAL            2.8   1929
TOTALS            0.0               0.0     0.0      0.0
SINCE 7/1         0.0               0.0     0.0      0.0
DAYS >= 1.0         0               0.0     0.0        0
GREATEST
 SNOW DEPTH         0   MM                             0
 24 HR TOTAL      0.0   10/31 TO 10/31               0.0

DEGREE_DAYS
HEATING TOTAL     206               361    -155      308
 SINCE 7/1        230               456    -226      356
COOLING TOTAL      49                14      35        8
 SINCE 1/1       1234              1017     217      998
..............................................................

WIND (MPH)
AVERAGE WIND SPEED              MM
HIGHEST WIND SPEED/DIRECTION    MM        DATE   MM
HIGHEST GUST SPEED/DIRECTION    MM        DATE   MM

SKY COVER
POSSIBLE SUNSHINE (PERCENT)   MM
AVERAGE SKY COVER             MM
NUMBER OF DAYS FAIR            0
NUMBER OF DAYS PC              0
NUMBER OF DAYS CLOUDY          0

AVERAGE RH (PERCENT)     MM

WEATHER CONDITIONS. NUMBER OF DAYS WITH
THUNDERSTORM              4     MIXED PRECIP               0
HEAVY RAIN                4     RAIN                       6
LIGHT RAIN               10     FREEZING RAIN              0
LT FREEZING RAIN          0     HAIL                       0
HEAVY SNOW                0     SNOW                       0
LIGHT SNOW                0     SLEET                      0
FOG                       7     FOG W/VIS <= 1/4 MILE      1
HAZE                      0

-  INDICATES NEGATIVE NUMBERS.
R  INDICATES RECORD WAS SET OR TIED.
MM INDICATES DATA IS MISSING.
T  INDICATES TRACE AMOUNT.
&&

Warmest low temperature of 66 degrees was set on October 18th.

$$
