166
CXUS53 KILX 011644
CLMILX


CLIMATE REPORT
NATIONAL WEATHER SERVICE LINCOLN IL
1008 AM CST SUN JAN 1 2017

...................................

...THE LINCOLN IL CLIMATE SUMMARY FOR THE MONTH OF DECEMBER 2016...

CLIMATE NORMAL PERIOD 1981 TO 2010
CLIMATE RECORD PERIOD 1905 TO 2016

WEATHER         OBSERVED          NORMAL  DEPART  LAST YEAR`S
                 VALUE   DATE(S)  VALUE   FROM    VALUE
                                          NORMAL
.............................................................
TEMPERATURE (F)
RECORD
 HIGH              72   12/05/1998
                        12/29/1984
                        12/03/1970
 LOW              -29   12/26/1914
HIGHEST            59   12/26        MM      MM       67
LOWEST             -6   12/19        MM      MM       18
AVG. MAXIMUM     35.3              37.3    -2.0     47.3
AVG. MINIMUM     22.1              21.8     0.3     33.1
MEAN             28.7              29.5    -0.8     40.2
DAYS MAX >= 90      0               0.0     0.0        0
DAYS MAX <= 32     11               9.6     1.4        2
DAYS MIN <= 32     26              25.4     0.6       15
DAYS MIN <= 0       2               1.6     0.4        0

PRECIPITATION (INCHES)
RECORD
 MAXIMUM         9.52   1982
 MINIMUM         0.20   1958
TOTALS           1.36              2.64   -1.28     6.81
DAILY AVG.       0.04              0.09   -0.05     0.22
DAYS >= .01         8               9.9    -1.9       14
DAYS >= .10         5               5.8    -0.8        7
DAYS >= .50         0               1.5    -1.5        5
DAYS >= 1.00        0               0.5    -0.5        3
GREATEST
 24 HR. TOTAL    0.41   12/04 TO 12/04              1.96

SNOWFALL (INCHES)
RECORDS
 TOTAL           21.5   1909
TOTALS            3.2               6.2    -3.0      0.1
SINCE 7/1         3.2               6.8    -3.6      1.1
DAYS >= 1.0         1               2.1    -1.1        0
GREATEST
 SNOW DEPTH         0   MM                             0
 24 HR TOTAL      2.7   MM                           0.1

DEGREE_DAYS
HEATING TOTAL    1115              1099      16      760
 SINCE 7/1       1892              2242    -350     1687
COOLING TOTAL       0                 0       0        0
 SINCE 1/1       1241              1017     224      998
..............................................................

WIND (MPH)
AVERAGE WIND SPEED              MM
HIGHEST WIND SPEED/DIRECTION    MM        DATE   MM
HIGHEST GUST SPEED/DIRECTION    MM        DATE   MM

SKY COVER
POSSIBLE SUNSHINE (PERCENT)   MM
AVERAGE SKY COVER             MM
NUMBER OF DAYS FAIR            0
NUMBER OF DAYS PC              0
NUMBER OF DAYS CLOUDY          0

AVERAGE RH (PERCENT)     MM

WEATHER CONDITIONS. NUMBER OF DAYS WITH
THUNDERSTORM              0     MIXED PRECIP               0
HEAVY RAIN                1     RAIN                       1
LIGHT RAIN                6     FREEZING RAIN              0
LT FREEZING RAIN          2     HAIL                       0
HEAVY SNOW                1     SNOW                       1
LIGHT SNOW               11     SLEET                      0
FOG                       5     FOG W/VIS <= 1/4 MILE      0
HAZE                      0

-  INDICATES NEGATIVE NUMBERS.
R  INDICATES RECORD WAS SET OR TIED.
MM INDICATES DATA IS MISSING.
T  INDICATES TRACE AMOUNT.

&&

NO RECORDS WERE ESTABLISHED DURING DECEMBER 2016.

$$
