000
CXUS53 KILX 011651
CLMILX


CLIMATE REPORT
NATIONAL WEATHER SERVICE LINCOLN IL
1008 AM CST SAT MAR 1 2014

...................................

...THE LINCOLN IL CLIMATE SUMMARY FOR THE MONTH OF FEBRUARY 2014...

CLIMATE NORMAL PERIOD 1981 TO 2010
CLIMATE RECORD PERIOD 1905 TO 2014

WEATHER         OBSERVED          NORMAL  DEPART  LAST YEAR`S
                 VALUE   DATE(S)  VALUE   FROM    VALUE
                                          NORMAL
.............................................................
TEMPERATURE (F)
RECORD
 HIGH              75   02/27/1996
 LOW              -23   02/27/1934
HIGHEST            58   02/20        MM      MM       56
LOWEST            -16   02/11        MM      MM        3
                        02/07
AVG. MAXIMUM     27.1              38.8   -11.7     37.3
AVG. MINIMUM      7.4              22.0   -14.6     22.6
MEAN             17.2              30.4   -13.2     29.9
DAYS MAX >= 90      0               0.0     0.0        0
DAYS MAX <= 32     20               8.0    12.0        8
DAYS MIN <= 32     27              22.5     4.5       26
DAYS MIN <= 0       8               1.1     6.9        0

PRECIPITATION (INCHES)
RECORD
 MAXIMUM         4.61   1942
 MINIMUM         0.12   1983
TOTALS           2.83              1.82    1.01     2.17
DAILY AVG.       0.10              0.07    0.03     0.08
DAYS >= .01        12               7.9     4.1        9
DAYS >= .10         7               4.2     2.8        5
DAYS >= .50         3               1.1     1.9        1
DAYS >= 1.00        0               0.3    -0.3        0
GREATEST
 24 HR. TOTAL    0.66   02/01 TO 02/01              0.86

SNOWFALL (INCHES)
RECORDS
 TOTAL           24.0   1914
TOTALS           16.7               5.8    10.9      6.9
SINCE 7/1        41.6              18.5    23.1     10.3
DAYS >= 1.0         6               1.7     4.3        2
GREATEST
 SNOW DEPTH         9   02/18                          2
                        02/16
 24 HR TOTAL      4.0   02/04 TO 02/04               2.6

DEGREE_DAYS
HEATING TOTAL    1332               969     363      978
 SINCE 7/1       5244              4423     821     4262
COOLING TOTAL       0                 0       0        0
 SINCE 1/1          0                 0       0        0
..............................................................

WIND (MPH)
AVERAGE WIND SPEED              MM
HIGHEST WIND SPEED/DIRECTION    MM        DATE   MM
HIGHEST GUST SPEED/DIRECTION    MM        DATE   MM

SKY COVER
POSSIBLE SUNSHINE (PERCENT)   MM
AVERAGE SKY COVER             MM
NUMBER OF DAYS FAIR            0
NUMBER OF DAYS PC              0
NUMBER OF DAYS CLOUDY          0

AVERAGE RH (PERCENT)     MM

WEATHER CONDITIONS. NUMBER OF DAYS WITH
THUNDERSTORM              2     MIXED PRECIP               0
HEAVY RAIN                1     RAIN                       1
LIGHT RAIN                3     FREEZING RAIN              0
LT FREEZING RAIN          2     HAIL                       1
HEAVY SNOW                3     SNOW                       4
LIGHT SNOW               15     SLEET                      1
FOG                       5     FOG W/VIS <= 1/4 MILE      0
HAZE                      1

-  INDICATES NEGATIVE NUMBERS.
R  INDICATES RECORD WAS SET OR TIED.
MM INDICATES DATA IS MISSING.
T  INDICATES TRACE AMOUNT.

&&

RECORDS ESTABLISHED DURING THE MONTH:

* COLDEST FEBRUARY ON RECORD WITH MEAN TEMPERATURE OF 17.2 DEGREES
* 4TH SNOWIEST FEBRUARY ON RECORD WITH 16.7 INCHES OF SNOW
* SET RECORD DAILY RAINFALL OF 0.66 INCHES OF RAIN ON THE 1ST
* SET RECORD DAILY SNOWFALL OF 4.0 INCHES ON THE 4TH
* SET RECORD LOWEST HIGH OF 5 DEGREES ON THE 6TH
* SET RECORD LOW OF -16 DEGREES ON THE 7TH
* SET RECORD LOW OF -16 DEGREES ON THE 11TH
* SET RECORD LOW OF -4 DEGREES ON THE 13TH
* SET RECORD LOW OF -14 DEGREES ON THE 15TH

$$

EJL
