004
CXUS53 KILX 011629
CLMILX


CLIMATE REPORT
NATIONAL WEATHER SERVICE LINCOLN IL
954 AM CST FRI DEC 1 2017

...................................

...THE LINCOLN IL CLIMATE SUMMARY FOR THE MONTH OF NOVEMBER 2017...

CLIMATE NORMAL PERIOD 1981 TO 2010
CLIMATE RECORD PERIOD 1905 TO 2017

WEATHER         OBSERVED          NORMAL  DEPART  LAST YEAR`S
                 VALUE   DATE(S)  VALUE   FROM    VALUE
                                          NORMAL
.............................................................
TEMPERATURE (F)
RECORD
 HIGH              83   11/01/1950
 LOW               -3   11/30/1964
                        11/28/1930
HIGHEST            68   11/28        MM      MM       80
LOWEST             18   11/10        MM      MM       18
AVG. MAXIMUM     51.6              51.2     0.4     56.9
AVG. MINIMUM     30.8              33.0    -2.2     36.7
MEAN             41.2              42.1    -0.9     46.8
DAYS MAX >= 90      0               0.0     0.0        0
DAYS MAX <= 32      0               1.4    -1.4        0
DAYS MIN <= 32     19              14.5     4.5        9
DAYS MIN <= 0       0               0.0     0.0        0

PRECIPITATION (INCHES)
RECORD
 MAXIMUM         7.55   1992
 MINIMUM         0.02   1933
TOTALS           2.49              3.25   -0.76     2.91
DAILY AVG.       0.08              0.11   -0.03     0.10
DAYS >= .01         9              10.1    -1.1        7
DAYS >= .10         2               6.3    -4.3        6
DAYS >= .50         1               2.6    -1.6        3
DAYS >= 1.00        1               0.9     0.1        0
GREATEST
 24 HR. TOTAL    1.72   11/18 TO 11/18              0.81

SNOWFALL (INCHES)
RECORDS
 TOTAL           10.0   1926
TOTALS              T               0.6    -0.6      0.0
SINCE 7/1           T               0.6    -0.6      0.0
DAYS >= 1.0         0               0.2    -0.2        0
GREATEST
 SNOW DEPTH         0   MM                             0
 24 HR TOTAL        T   11/18 TO 11/18               0.0

DEGREE_DAYS
HEATING TOTAL     709               687      22      547
 SINCE 7/1       1053              1143     -90      777
COOLING TOTAL       0                 0       0        7
 SINCE 1/1        984              1017     -33     1241
..............................................................

WIND (MPH)
AVERAGE WIND SPEED              MM
HIGHEST WIND SPEED/DIRECTION    MM        DATE   MM
HIGHEST GUST SPEED/DIRECTION    MM        DATE   MM

SKY COVER
POSSIBLE SUNSHINE (PERCENT)   MM
AVERAGE SKY COVER             MM
NUMBER OF DAYS FAIR            0
NUMBER OF DAYS PC              0
NUMBER OF DAYS CLOUDY          0

AVERAGE RH (PERCENT)     MM

WEATHER CONDITIONS. NUMBER OF DAYS WITH
THUNDERSTORM              2     MIXED PRECIP               0
HEAVY RAIN                2     RAIN                       4
LIGHT RAIN               10     FREEZING RAIN              0
LT FREEZING RAIN          0     HAIL                       0
HEAVY SNOW                0     SNOW                       1
LIGHT SNOW                1     SLEET                      0
FOG                       9     FOG W/VIS <= 1/4 MILE      1
HAZE                      0

-  INDICATES NEGATIVE NUMBERS.
R  INDICATES RECORD WAS SET OR TIED.
MM INDICATES DATA IS MISSING.
T  INDICATES TRACE AMOUNT.

&&

RECORDS ESTABLISHED THIS MOKNTH:
- SET DAILY RECORD RAINFALL OF 1.72 INCHES OF RAIN ON NOVEMBER 18TH.
- SET RECORD HIGH TEMPERATURE OF 68 DEGREES ON NOVEMBER 28TH.

$$
