000
CXUS53 KILX 030035 CCA
CLMILX

CLIMATE REPORT...CORRECTED
NATIONAL WEATHER SERVICE LINCOLN IL
735 PM CDT MON JUN 2 2014

CORRECTED NUMBER OF THUNDERSTORM DAYS

...................................

...THE LINCOLN IL CLIMATE SUMMARY FOR THE MONTH OF MAY 2014...

CLIMATE NORMAL PERIOD 1981 TO 2010
CLIMATE RECORD PERIOD 1905 TO 2014

WEATHER         OBSERVED          NORMAL  DEPART  LAST YEAR`S
                 VALUE   DATE(S)  VALUE   FROM    VALUE
                                          NORMAL
.............................................................
TEMPERATURE (F)
RECORD
 HIGH             102   05/31/1934
 LOW               24   05/10/1966
HIGHEST            89   05/31        MM      MM       89
                        05/26
                        05/21
LOWEST             36   05/17        MM      MM       35
AVG. MAXIMUM     76.1              74.3     1.8     74.0
AVG. MINIMUM     52.9              51.8     1.1     53.4
MEAN             64.5              63.0     1.5     63.7
DAYS MAX >= 90      0               0.7    -0.7        0
DAYS MAX <= 32      0               0.0     0.0        0
DAYS MIN <= 32      0               0.2    -0.2        0
DAYS MIN <= 0       0               0.0     0.0        0

PRECIPITATION (INCHES)
RECORD
 MAXIMUM        12.70   1995
 MINIMUM         0.74   1934
TOTALS           1.78              4.16   -2.38     7.96
DAILY AVG.       0.06              0.13   -0.07     0.26
DAYS >= .01        10              11.7    -1.7       17
DAYS >= .10         7               7.7    -0.7       12
DAYS >= .50         1               2.3    -1.3        7
DAYS >= 1.00        0               1.1    -1.1        3
GREATEST
 24 HR. TOTAL    0.50   05/14                       1.26

SNOWFALL (INCHES)
RECORDS
 TOTAL              T   2004
                        1952
                        1940
TOTALS            0.0               0.0     0.0      0.0
SINCE 7/1        46.3              20.5    25.8     23.0
DAYS >= 1.0         0               0.0     0.0        0
GREATEST
 SNOW DEPTH         0   MM                             0
 24 HR TOTAL      0.0   MM                           0.0

DEGREE_DAYS
HEATING TOTAL     136               136       0      126
 SINCE 7/1       6669              5691     978     5780
COOLING TOTAL     128                76      52       94
 SINCE 1/1        129                91      38      102
..............................................................

WIND (MPH)
AVERAGE WIND SPEED              MM
HIGHEST WIND SPEED/DIRECTION    MM        DATE   MM
HIGHEST GUST SPEED/DIRECTION    MM        DATE   MM

SKY COVER
POSSIBLE SUNSHINE (PERCENT)   MM
AVERAGE SKY COVER             MM
NUMBER OF DAYS FAIR            0
NUMBER OF DAYS PC              0
NUMBER OF DAYS CLOUDY          0

AVERAGE RH (PERCENT)     MM

WEATHER CONDITIONS. NUMBER OF DAYS WITH
THUNDERSTORM              4     MIXED PRECIP               0
HEAVY RAIN                1     RAIN                       5
LIGHT RAIN               17     FREEZING RAIN              0
LT FREEZING RAIN          0     HAIL                       0
HEAVY SNOW                0     SNOW                       0
LIGHT SNOW                0     SLEET                      0
FOG                       4     FOG W/VIS <= 1/4 MILE      0
HAZE                      3

-  INDICATES NEGATIVE NUMBERS.
R  INDICATES RECORD WAS SET OR TIED.
MM INDICATES DATA IS MISSING.
T  INDICATES TRACE AMOUNT.

&&

RECORDS ESTABLISHED THIS MONTH:

* RECORD LOW OF 36 MAY 17
* TIED RECORD HIGH OF 88 MAY 7

$$
GEELHART
