000
CXUS53 KILX 011422
CLMILX


CLIMATE REPORT
NATIONAL WEATHER SERVICE LINCOLN IL
907 AM CDT WED JUL 1 2015

...................................

...THE LINCOLN IL CLIMATE SUMMARY FOR THE MONTH OF JUNE 2015...

CLIMATE NORMAL PERIOD 1981 TO 2010
CLIMATE RECORD PERIOD 1905 TO 2015

WEATHER         OBSERVED          NORMAL  DEPART  LAST YEAR`S
                 VALUE   DATE(S)  VALUE   FROM    VALUE
                                          NORMAL
.............................................................
TEMPERATURE (F)
RECORD
 HIGH             105   06/01/1934
 LOW               35   06/16/1917
                        06/11/1913
HIGHEST            91   06/10        MM      MM       90
LOWEST             52   06/02        MM      MM       47
                        06/01
AVG. MAXIMUM     80.9              83.1    -2.2     82.5
AVG. MINIMUM     62.9              61.2     1.7     62.3
MEAN             71.9              72.1    -0.2     72.4
DAYS MAX >= 90      2               4.9    -2.9        2
DAYS MAX <= 32      0               0.0     0.0        0
DAYS MIN <= 32      0               0.0     0.0        0
DAYS MIN <= 0       0               0.0     0.0        0

PRECIPITATION (INCHES)
RECORD
 MAXIMUM        10.79   2010
 MINIMUM         0.42   1936
TOTALS           9.67              4.32    5.35     6.42
DAILY AVG.       0.32              0.14    0.18     0.21
DAYS >= .01        17               9.3     7.7       13
DAYS >= .10        12               6.2     5.8       10
DAYS >= .50         8               2.9     5.1        6
DAYS >= 1.00        4               1.1     2.9        2
GREATEST
 24 HR. TOTAL    1.99   06/28 TO 06/28              1.51

SNOWFALL (INCHES)
RECORDS
 TOTAL            0.0   MM
TOTALS            0.0               0.0     0.0      0.0
SINCE 7/1        21.9              20.5     1.4     46.3
DAYS >= 1.0         0               0.0     0.0        0
GREATEST
 SNOW DEPTH         0   MM                             0
 24 HR TOTAL      0.0   06/30 TO 06/30               0.0

DEGREE_DAYS
HEATING TOTAL       8                17      -9        7
 SINCE 7/1       6205              5708     497     6676
COOLING TOTAL     226               232      -6      237
 SINCE 1/1        337               323      14      366
..............................................................

WIND (MPH)
AVERAGE WIND SPEED              MM
HIGHEST WIND SPEED/DIRECTION    MM        DATE   MM
HIGHEST GUST SPEED/DIRECTION    MM        DATE   MM

SKY COVER
POSSIBLE SUNSHINE (PERCENT)   MM
AVERAGE SKY COVER             MM
NUMBER OF DAYS FAIR            0
NUMBER OF DAYS PC              0
NUMBER OF DAYS CLOUDY          0

AVERAGE RH (PERCENT)     MM

WEATHER CONDITIONS. NUMBER OF DAYS WITH
THUNDERSTORM              0     MIXED PRECIP               0
HEAVY RAIN               10     RAIN                      13
LIGHT RAIN               17     FREEZING RAIN              0
LT FREEZING RAIN          0     HAIL                       0
HEAVY SNOW                0     SNOW                       0
LIGHT SNOW                0     SLEET                      0
FOG                      15     FOG W/VIS <= 1/4 MILE      1
HAZE                      0

-  INDICATES NEGATIVE NUMBERS.
R  INDICATES RECORD WAS SET OR TIED.
MM INDICATES DATA IS MISSING.
T  INDICATES TRACE AMOUNT.

&&

JUNE RECORDS:

* 3RD WETTEST JUNE WITH 9.67 INCHES

$$
