998
CXUS53 KILX 011423
CLMILX


CLIMATE REPORT
NATIONAL WEATHER SERVICE LINCOLN IL
809 AM CST WED FEB 1 2017

...................................

...THE LINCOLN IL CLIMATE SUMMARY FOR THE MONTH OF JANUARY 2017...

CLIMATE NORMAL PERIOD 1981 TO 2010
CLIMATE RECORD PERIOD 1905 TO 2017

WEATHER         OBSERVED          NORMAL  DEPART  LAST YEAR`S
                 VALUE   DATE(S)  VALUE   FROM    VALUE
                                          NORMAL
.............................................................
TEMPERATURE (F)
RECORD
 HIGH              70   01/25/1950
                        01/24/1950
                        01/07/1907
 LOW              -34   01/15/1927
HIGHEST            63   01/21        MM      MM       62
LOWEST             -2   01/08        MM      MM       -2
                        01/07
AVG. MAXIMUM     39.2              33.8     5.4     34.9
AVG. MINIMUM     24.4              18.0     6.4     17.3
MEAN             31.8              25.9     5.9     26.1
DAYS MAX >= 90      0               0.0     0.0        0
DAYS MAX <= 32      9              13.1    -4.1       11
DAYS MIN <= 32     21              26.7    -5.7       28
DAYS MIN <= 0       3               3.0     0.0        2

PRECIPITATION (INCHES)
RECORD
 MAXIMUM         6.23   1949
 MINIMUM         0.04   1986
TOTALS           1.76              1.93   -0.17     0.99
DAILY AVG.       0.06              0.06    0.00     0.03
DAYS >= .01        11               8.1     2.9        7
DAYS >= .10         6               4.2     1.8        3
DAYS >= .50         1               1.1    -0.1        0
DAYS >= 1.00        0               0.3    -0.3        0
GREATEST
 24 HR. TOTAL    0.66   01/19 TO 01/19              0.32

SNOWFALL (INCHES)
RECORDS
 TOTAL           20.0   1987
TOTALS            0.6               5.9    -5.3      5.5
SINCE 7/1         3.8              12.7    -8.9      6.6
DAYS >= 1.0         0               2.0    -2.0        2
GREATEST
 SNOW DEPTH         0   MM                             3
 24 HR TOTAL      0.5   01/05 TO 01/05               2.9

DEGREE_DAYS
HEATING TOTAL    1023              1212    -189     1200
 SINCE 7/1       2915              3454    -539     2887
COOLING TOTAL       0                 0       0        0
 SINCE 1/1          0                 0       0        0
..............................................................

WIND (MPH)
AVERAGE WIND SPEED              MM
HIGHEST WIND SPEED/DIRECTION    MM        DATE   MM
HIGHEST GUST SPEED/DIRECTION    MM        DATE   MM

SKY COVER
POSSIBLE SUNSHINE (PERCENT)   MM
AVERAGE SKY COVER             MM
NUMBER OF DAYS FAIR            0
NUMBER OF DAYS PC              0
NUMBER OF DAYS CLOUDY          0

AVERAGE RH (PERCENT)     MM

WEATHER CONDITIONS. NUMBER OF DAYS WITH
THUNDERSTORM              0     MIXED PRECIP               0
HEAVY RAIN                1     RAIN                       3
LIGHT RAIN               13     FREEZING RAIN              1
LT FREEZING RAIN          1     HAIL                       0
HEAVY SNOW                0     SNOW                       1
LIGHT SNOW                6     SLEET                      1
FOG                      14     FOG W/VIS <= 1/4 MILE      7
HAZE                      0

-  INDICATES NEGATIVE NUMBERS.
R  INDICATES RECORD WAS SET OR TIED.
MM INDICATES DATA IS MISSING.
T  INDICATES TRACE AMOUNT.

&&

RECORDS ESTABLISHED THIS MONTH:

* RECORD HIGH OF 62 ON THE 11TH
* RECORD HIGH OF 63 ON THE 21ST



$$
