000
CXUS53 KILX 011550
CLMILX


CLIMATE REPORT
NATIONAL WEATHER SERVICE LINCOLN IL
939 AM CST TUE MAR 1 2016

...................................

...THE LINCOLN IL CLIMATE SUMMARY FOR THE MONTH OF FEBRUARY 2016...

CLIMATE NORMAL PERIOD 1981 TO 2010
CLIMATE RECORD PERIOD 1905 TO 2016

WEATHER         OBSERVED          NORMAL  DEPART  LAST YEAR`S
                 VALUE   DATE(S)  VALUE   FROM    VALUE
                                          NORMAL
.............................................................
TEMPERATURE (F)
RECORD
 HIGH              75   02/27/1996
 LOW              -23   02/27/1934
HIGHEST            70   02/20        MM      MM       52
LOWEST              4   02/13        MM      MM       -7
AVG. MAXIMUM     42.4              38.8     3.6     28.4
AVG. MINIMUM     24.5              22.0     2.5      8.6
MEAN             33.4              30.4     3.0     18.5
DAYS MAX >= 90      0               0.0     0.0        0
DAYS MAX <= 32      7               8.0    -1.0       18
DAYS MIN <= 32     24              22.5     1.5       28
DAYS MIN <= 0       0               1.1    -1.1        5

PRECIPITATION (INCHES)
RECORD
 MAXIMUM         4.61   1942
 MINIMUM         0.12   1983
TOTALS           1.25              1.82   -0.57     1.37
DAILY AVG.       0.04                MM      MM     0.05
DAYS >= .01         5               7.9    -2.9        8
DAYS >= .10         3               4.2    -1.2        4
DAYS >= .50         1               1.1    -0.1        1
DAYS >= 1.00        0               0.3    -0.3        0
GREATEST
 24 HR. TOTAL    0.67   02/02 TO 02/02              0.65

SNOWFALL (INCHES)
RECORDS
 TOTAL           24.0   1914
TOTALS            5.7               5.8    -0.1     12.2
SINCE 7/1        12.3              18.5    -6.2     18.2
DAYS >= 1.0         1               1.7    -0.7        6
GREATEST
 SNOW DEPTH         3   02/15                          4
 24 HR TOTAL      3.7   MM                           3.2

DEGREE_DAYS
HEATING TOTAL     908               969     -61     1293
 SINCE 7/1       3795              4453    -658     4937
COOLING TOTAL       0                 0       0        0
 SINCE 1/1          0                 0       0        0
..............................................................

WIND (MPH)
AVERAGE WIND SPEED              MM
HIGHEST WIND SPEED/DIRECTION    MM        DATE   MM
HIGHEST GUST SPEED/DIRECTION    MM        DATE   MM

SKY COVER
POSSIBLE SUNSHINE (PERCENT)   MM
AVERAGE SKY COVER             MM
NUMBER OF DAYS FAIR            0
NUMBER OF DAYS PC              0
NUMBER OF DAYS CLOUDY          0

AVERAGE RH (PERCENT)     MM

WEATHER CONDITIONS. NUMBER OF DAYS WITH
THUNDERSTORM              0     MIXED PRECIP               0
HEAVY RAIN                1     RAIN                       1
LIGHT RAIN                4     FREEZING RAIN              0
LT FREEZING RAIN          1     HAIL                       0
HEAVY SNOW                1     SNOW                       2
LIGHT SNOW                6     SLEET                      0
FOG                       7     FOG W/VIS <= 1/4 MILE      4
HAZE                      0

-  INDICATES NEGATIVE NUMBERS.
R  INDICATES RECORD WAS SET OR TIED.
MM INDICATES DATA IS MISSING.
T  INDICATES TRACE AMOUNT.

&&


RECORD HIGH TEMPERATURE OF 70 DEGREES WAS SET ON FEB 20TH.
RECORD HIGH TEMPERATURE OF 68 DEGREES WAS SET ON FEB 28TH.


$$
