000
CXUS53 KILX 011509
CLMILX


CLIMATE REPORT
NATIONAL WEATHER SERVICE LINCOLN IL
956 AM CDT THU SEP 1 2016

...................................

...THE LINCOLN IL CLIMATE SUMMARY FOR THE MONTH OF AUGUST 2016...

CLIMATE NORMAL PERIOD 1981 TO 2010
CLIMATE RECORD PERIOD 1905 TO 2016

WEATHER         OBSERVED          NORMAL  DEPART  LAST YEAR`S
                 VALUE   DATE(S)  VALUE   FROM    VALUE
                                          NORMAL
.............................................................
TEMPERATURE (F)
RECORD
 HIGH             106   08/09/1934
 LOW               36   08/31/1915
HIGHEST            92   08/11        MM      MM       91
LOWEST             52   08/22        MM      MM       50
AVG. MAXIMUM     84.1              84.0     0.1     83.2
AVG. MINIMUM     65.2              62.0     3.2     60.0
MEAN             74.6              73.0     1.6     71.6
DAYS MAX >= 90      1               5.5    -4.5        2
DAYS MAX <= 32      0               0.0     0.0        0
DAYS MIN <= 32      0               0.0     0.0        0
DAYS MIN <= 0       0               0.0     0.0        0

PRECIPITATION (INCHES)
RECORD
 MAXIMUM         8.58   2002
 MINIMUM         0.31   1943
TOTALS           6.44              3.92    2.52     1.08
DAILY AVG.       0.21              0.13    0.08     0.04
DAYS >= .01        13               8.6     4.4        6
DAYS >= .10        10               5.8     4.2        4
DAYS >= .50         4               2.5     1.5        1
DAYS >= 1.00        1               1.1    -0.1        0
GREATEST
 24 HR. TOTAL    2.14   08/15 TO 08/15              0.60

SNOWFALL (INCHES)
RECORDS
 TOTAL            0.0   MM
TOTALS            0.0               0.0     0.0      0.0
SINCE 7/1         0.0               0.0     0.0      0.0
DAYS >= 1.0         0               0.0     0.0        0
GREATEST
 SNOW DEPTH         0   MM                             0
 24 HR TOTAL      0.0   MM                           0.0

DEGREE_DAYS
HEATING TOTAL       0                 7      -7        3
 SINCE 7/1          9                 9       0        9
COOLING TOTAL     310               255      55      207
 SINCE 1/1        991               889     102      804
..............................................................

WIND (MPH)
AVERAGE WIND SPEED              MM
HIGHEST WIND SPEED/DIRECTION    MM        DATE   MM
HIGHEST GUST SPEED/DIRECTION    MM        DATE   MM

SKY COVER
POSSIBLE SUNSHINE (PERCENT)   MM
AVERAGE SKY COVER             MM
NUMBER OF DAYS FAIR            0
NUMBER OF DAYS PC              0
NUMBER OF DAYS CLOUDY          0

AVERAGE RH (PERCENT)     MM

WEATHER CONDITIONS. NUMBER OF DAYS WITH
THUNDERSTORM             11     MIXED PRECIP               0
HEAVY RAIN                8     RAIN                       9
LIGHT RAIN               15     FREEZING RAIN              0
LT FREEZING RAIN          0     HAIL                       0
HEAVY SNOW                0     SNOW                       0
LIGHT SNOW                0     SLEET                      0
FOG                      14     FOG W/VIS <= 1/4 MILE      3
HAZE                      0

-  INDICATES NEGATIVE NUMBERS.
R  INDICATES RECORD WAS SET OR TIED.
MM INDICATES DATA IS MISSING.
T  INDICATES TRACE AMOUNT.
&&

RECORDS SET IN AUGUST 2016:
-RECORD DAILY RAINFALL SET ON AUGUST 15, 2.14 INCHES.
-9TH WETTEST AUGUST ON RECORD, 6.44 INCHES.

$$
