000
CXUS53 KILX 011518
CLMILX


CLIMATE REPORT
NATIONAL WEATHER SERVICE LINCOLN IL
951 AM CDT THU MAY 1 2014

...................................

...THE LINCOLN IL CLIMATE SUMMARY FOR THE MONTH OF APRIL 2014...

CLIMATE NORMAL PERIOD 1981 TO 2010
CLIMATE RECORD PERIOD 1905 TO 2014

WEATHER         OBSERVED          NORMAL  DEPART  LAST YEAR`S
                 VALUE   DATE(S)  VALUE   FROM    VALUE
                                          NORMAL
.............................................................
TEMPERATURE (F)
RECORD
 HIGH              93   04/11/1930
 LOW               14   04/05/1920
HIGHEST            82   04/26        MM      MM       83
LOWEST             27   04/15        MM      MM       22
AVG. MAXIMUM     65.3              63.9     1.4     60.8
AVG. MINIMUM     40.6              40.9    -0.3     39.3
MEAN             52.9              52.4     0.5     50.0
DAYS MAX >= 90      0               0.0     0.0        0
DAYS MAX <= 32      0               0.0     0.0        0
DAYS MIN <= 32      7               4.7     2.3        5
DAYS MIN <= 0       0               0.0     0.0        0

PRECIPITATION (INCHES)
RECORD
 MAXIMUM        10.39   1957
 MINIMUM         0.56   1971
TOTALS           2.99              3.61   -0.62     5.61
DAILY AVG.       0.10              0.12   -0.02     0.19
DAYS >= .01        13              11.6     1.4       12
DAYS >= .10         6               7.0    -1.0        9
DAYS >= .50         2               2.4    -0.4        2
DAYS >= 1.00        1               0.7     0.3        2
GREATEST
 24 HR. TOTAL    1.33   04/03 TO 04/03              2.02

SNOWFALL (INCHES)
RECORDS
 TOTAL            7.8   1920
TOTALS              T               0.3    -0.3        T
SINCE 7/1        46.3              20.5    25.8     23.0
DAYS >= 1.0         0               0.1    -0.1        0
GREATEST
 SNOW DEPTH         0   MM                             0
 24 HR TOTAL        T   04/14 TO 04/14                 T

DEGREE_DAYS
HEATING TOTAL     357               391     -34      450
 SINCE 7/1       6533              5555     978     5654
COOLING TOTAL       1                13     -12        8
 SINCE 1/1          1                15     -14        8
..............................................................

WIND (MPH)
AVERAGE WIND SPEED              MM
HIGHEST WIND SPEED/DIRECTION    MM        DATE   MM
HIGHEST GUST SPEED/DIRECTION    MM        DATE   MM

SKY COVER
POSSIBLE SUNSHINE (PERCENT)   MM
AVERAGE SKY COVER             MM
NUMBER OF DAYS FAIR            0
NUMBER OF DAYS PC              0
NUMBER OF DAYS CLOUDY          0

AVERAGE RH (PERCENT)     MM

WEATHER CONDITIONS. NUMBER OF DAYS WITH
THUNDERSTORM              4     MIXED PRECIP               0
HEAVY RAIN                1     RAIN                       4
LIGHT RAIN               17     FREEZING RAIN              0
LT FREEZING RAIN          0     HAIL                       0
HEAVY SNOW                0     SNOW                       0
LIGHT SNOW                1     SLEET                      0
FOG                       4     FOG W/VIS <= 1/4 MILE      0
HAZE                      0

-  INDICATES NEGATIVE NUMBERS.
R  INDICATES RECORD WAS SET OR TIED.
MM INDICATES DATA IS MISSING.
T  INDICATES TRACE AMOUNT.

&&

NO RECORDS WERE ESTABLISHED DURING THE MONTH

$$

EJL
