000
CXUS53 KILX 011659
CLMILX


CLIMATE REPORT
NATIONAL WEATHER SERVICE LINCOLN IL
1053 AM CDT SAT AUG 1 2015

...................................

...THE LINCOLN IL CLIMATE SUMMARY FOR THE MONTH OF JULY 2015...

CLIMATE NORMAL PERIOD 1981 TO 2010
CLIMATE RECORD PERIOD 1905 TO 2015

WEATHER         OBSERVED          NORMAL  DEPART  LAST YEAR`S
                 VALUE   DATE(S)  VALUE   FROM    VALUE
                                          NORMAL
.............................................................
TEMPERATURE (F)
RECORD
 HIGH             113   07/15/1936
 LOW               41   07/15/1930
HIGHEST            92   07/13        MM      MM       88
LOWEST             55   07/08        MM      MM       50
                        07/04
AVG. MAXIMUM     82.5              85.5    -3.0     79.5
AVG. MINIMUM     63.4              64.5    -1.1     57.8
MEAN             73.0              75.0    -2.0     68.6
DAYS MAX >= 90      3               7.1    -4.1        0
DAYS MAX <= 32      0               0.0     0.0        0
DAYS MIN <= 32      0               0.0     0.0        0
DAYS MIN <= 0       0               0.0     0.0        0

PRECIPITATION (INCHES)
RECORD
 MAXIMUM        15.93   1992
 MINIMUM         0.54   1940
TOTALS           5.93              5.06    0.87     4.78
DAILY AVG.       0.19              0.16    0.03     0.15
DAYS >= .01         9               9.2    -0.2        7
DAYS >= .10         5               6.2    -1.2        6
DAYS >= .50         3               2.9     0.1        4
DAYS >= 1.00        2               1.4     0.6        2
GREATEST
 24 HR. TOTAL    2.40   07/08 TO 07/08              1.23

SNOWFALL (INCHES)
RECORDS
 TOTAL              T   2013
TOTALS            0.0               0.0     0.0      0.0
SINCE 7/1         0.0               0.0     0.0      0.0
DAYS >= 1.0         0               0.0     0.0        0
GREATEST
 SNOW DEPTH         0   MM                             0
 24 HR TOTAL      0.0   MM                           0.0

DEGREE_DAYS
HEATING TOTAL       6                 2       4        9
 SINCE 7/1          6                 2       4        9
COOLING TOTAL     260               311     -51      129
 SINCE 1/1        597               634     -37      495
..............................................................

WIND (MPH)
AVERAGE WIND SPEED              MM
HIGHEST WIND SPEED/DIRECTION    MM        DATE   MM
HIGHEST GUST SPEED/DIRECTION    MM        DATE   MM

SKY COVER
POSSIBLE SUNSHINE (PERCENT)   MM
AVERAGE SKY COVER             MM
NUMBER OF DAYS FAIR            0
NUMBER OF DAYS PC              0
NUMBER OF DAYS CLOUDY          0

AVERAGE RH (PERCENT)     MM

WEATHER CONDITIONS. NUMBER OF DAYS WITH
THUNDERSTORM              2     MIXED PRECIP               0
HEAVY RAIN                4     RAIN                       6
LIGHT RAIN               12     FREEZING RAIN              0
LT FREEZING RAIN          0     HAIL                       0
HEAVY SNOW                0     SNOW                       0
LIGHT SNOW                0     SLEET                      0
FOG                      11     FOG W/VIS <= 1/4 MILE      1
HAZE                      0

-  INDICATES NEGATIVE NUMBERS.
R  INDICATES RECORD WAS SET OR TIED.
MM INDICATES DATA IS MISSING.
T  INDICATES TRACE AMOUNT.

&&

RECORDS ESTABLED DURING JULY 2015:
-TIED THE 9TH COOLEST JULY WITH AN AVERAGE MONTHLY TEMPERATURE OF 73.0 DEGREES
-SET RECORD COOL HIGH ON JULY 8TH WITH A HIGH OF 62 DEGREES

$$
