000
CXUS53 KILX 011449
CLMILX


CLIMATE REPORT
NATIONAL WEATHER SERVICE LINCOLN IL
847 AM CST MON FEB 1 2016

...................................

...THE LINCOLN IL CLIMATE SUMMARY FOR THE MONTH OF JANUARY 2016...

CLIMATE NORMAL PERIOD 1981 TO 2010
CLIMATE RECORD PERIOD 1905 TO 2016

WEATHER         OBSERVED          NORMAL  DEPART  LAST YEAR`S
                 VALUE   DATE(S)  VALUE   FROM    VALUE
                                          NORMAL
.............................................................
TEMPERATURE (F)
RECORD
 HIGH              70   01/25/1950
                        01/24/1950
                        01/07/1907
 LOW              -34   01/15/1927
HIGHEST            62   01/31        MM      MM       49
LOWEST             -2   01/18        MM      MM       -8
AVG. MAXIMUM     34.9              33.8     1.1     33.1
AVG. MINIMUM     17.3              18.0    -0.7     16.4
MEAN             26.1              25.9     0.2     24.8
DAYS MAX >= 90      0               0.0     0.0        0
DAYS MAX <= 32     11              13.1    -2.1       11
DAYS MIN <= 32     28              26.7     1.3       31
DAYS MIN <= 0       2               3.0    -1.0        6

PRECIPITATION (INCHES)
RECORD
 MAXIMUM         6.23   1949
 MINIMUM         0.04   1986
TOTALS           0.99              1.93   -0.94     1.39
DAILY AVG.       0.03              0.06   -0.03     0.04
DAYS >= .01         7               8.1    -1.1        8
DAYS >= .10         3               4.2    -1.2        5
DAYS >= .50         0               1.1    -1.1        1
DAYS >= 1.00        0               0.3    -0.3        0
GREATEST
 24 HR. TOTAL    0.32   01/09 TO 01/09              0.64

SNOWFALL (INCHES)
RECORDS
 TOTAL           20.0   1987
TOTALS            5.5               5.9    -0.4      4.6
SINCE 7/1         6.6              12.7    -6.1      6.0
DAYS >= 1.0         2               2.0     0.0        2
GREATEST
 SNOW DEPTH         3   01/23                          3
                        01/22
                        01/21
 24 HR TOTAL      2.9   MM                           2.0

DEGREE_DAYS
HEATING TOTAL    1200              1212     -12     1240
 SINCE 7/1       2887              3454    -567     3644
COOLING TOTAL       0                 0       0        0
 SINCE 1/1          0                 0       0        0
..............................................................

WIND (MPH)
AVERAGE WIND SPEED              MM
HIGHEST WIND SPEED/DIRECTION    MM        DATE   MM
HIGHEST GUST SPEED/DIRECTION    MM        DATE   MM

SKY COVER
POSSIBLE SUNSHINE (PERCENT)   MM
AVERAGE SKY COVER             MM
NUMBER OF DAYS FAIR            0
NUMBER OF DAYS PC              0
NUMBER OF DAYS CLOUDY          0

AVERAGE RH (PERCENT)     MM

WEATHER CONDITIONS. NUMBER OF DAYS WITH
THUNDERSTORM              0     MIXED PRECIP               0
HEAVY RAIN                0     RAIN                       1
LIGHT RAIN                5     FREEZING RAIN              0
LT FREEZING RAIN          0     HAIL                       0
HEAVY SNOW                1     SNOW                       2
LIGHT SNOW               12     SLEET                      1
FOG                       4     FOG W/VIS <= 1/4 MILE      2
HAZE                      0

-  INDICATES NEGATIVE NUMBERS.
R  INDICATES RECORD WAS SET OR TIED.
MM INDICATES DATA IS MISSING.
T  INDICATES TRACE AMOUNT.

&&

NO RECORDS SET IN JANUARY

$$
