140
CXUS53 KILX 011422 RRC
CLMILX

CLIMATE REPORT
NATIONAL WEATHER SERVICE LINCOLN IL
832 AM CDT THU JUN 1 2017

...................................

...THE LINCOLN IL CLIMATE SUMMARY FOR THE MONTH OF MAY 2017...

CLIMATE NORMAL PERIOD 1981 TO 2010
CLIMATE RECORD PERIOD 1905 TO 2017

WEATHER         OBSERVED          NORMAL  DEPART  LAST YEAR`S
                 VALUE   DATE(S)  VALUE   FROM    VALUE
                                          NORMAL
.............................................................
TEMPERATURE (F)
RECORD
 HIGH             102   05/31/1934
 LOW               24   05/10/1966
HIGHEST            88   05/18        MM      MM       87
LOWEST             37   05/03        MM      MM       39
AVG. MAXIMUM     73.2              74.3    -1.1     73.1
AVG. MINIMUM     51.5              51.8    -0.3     51.5
MEAN             62.3              63.0    -0.7     62.3
DAYS MAX >= 90      0               0.7    -0.7        0
DAYS MAX <= 32      0               0.0     0.0        0
DAYS MIN <= 32      0               0.2    -0.2        0
DAYS MIN <= 0       0               0.0     0.0        0

PRECIPITATION (INCHES)
RECORD
 MAXIMUM        12.70   1995
 MINIMUM         0.74   1934
TOTALS           3.47              4.16   -0.69     3.25
DAILY AVG.       0.11              0.13   -0.02     0.10
DAYS >= .01        12              11.7     0.3       13
DAYS >= .10         8               7.7     0.3        8
DAYS >= .50         3               2.3     0.7        2
DAYS >= 1.00        0               1.1    -1.1        1
GREATEST
 24 HR. TOTAL    0.94   05/19 TO 05/19              1.27

SNOWFALL (INCHES)
RECORDS
 TOTAL              T   2004
                        1952
                        1940
TOTALS            0.0               0.0     0.0      0.0
SINCE 7/1        10.9              20.5    -9.6     12.3
DAYS >= 1.0         0               0.0     0.0        0
GREATEST
 SNOW DEPTH         0   MM                             0
 24 HR TOTAL      0.0   05/31 TO 05/31               0.0

DEGREE_DAYS
HEATING TOTAL     152               136      16      155
 SINCE 7/1       4713              5691    -978     4873
COOLING TOTAL      76                76       0       79
 SINCE 1/1         90                91      -1       87
..............................................................

WIND (MPH)
AVERAGE WIND SPEED              MM
HIGHEST WIND SPEED/DIRECTION    MM        DATE   MM
HIGHEST GUST SPEED/DIRECTION    MM        DATE   MM

SKY COVER
POSSIBLE SUNSHINE (PERCENT)   MM
AVERAGE SKY COVER             MM
NUMBER OF DAYS FAIR            0
NUMBER OF DAYS PC              0
NUMBER OF DAYS CLOUDY          0

AVERAGE RH (PERCENT)     MM

WEATHER CONDITIONS. NUMBER OF DAYS WITH
THUNDERSTORM              6     MIXED PRECIP               0
HEAVY RAIN                4     RAIN                       5
LIGHT RAIN               14     FREEZING RAIN              0
LT FREEZING RAIN          0     HAIL                       0
HEAVY SNOW                0     SNOW                       0
LIGHT SNOW                0     SLEET                      0
FOG                       5     FOG W/VIS <= 1/4 MILE      0
HAZE                      0

-  INDICATES NEGATIVE NUMBERS.
R  INDICATES RECORD WAS SET OR TIED.
MM INDICATES DATA IS MISSING.
T  INDICATES TRACE AMOUNT.

&&

RECORDS ESTABLISHED THIS MAY:

* NONE

$$
