000
CXUS53 KILX 042044
CLSILX

CLIMATE REPORT...RESEND
NATIONAL WEATHER SERVICE LINCOLN IL
1035 AM CDT SUN SEP 1 2013

...................................

...THE LINCOLN IL CLIMATE SUMMARY FOR THE SEASON, FROM
6/1/2013 TO 8/31/2013...

CLIMATE NORMAL PERIOD 1981 TO 2010
CLIMATE RECORD PERIOD 1905 TO 2013

WEATHER         OBSERVED          NORMAL  DEPART  LAST YEAR`S
                 VALUE   DATE(S)  VALUE   FROM    VALUE
                                          NORMAL
.............................................................
TEMPERATURE (F)
RECORD
 HIGH             113   07/15/1936
 LOW               35   06/16/1917
                        06/11/1913
HIGHEST            95   08/30        MM      MM      102
LOWEST             47   08/14        MM      MM       46
AVG. MAXIMUM     82.3              84.2    -1.9     88.0
AVG. MINIMUM     61.0              62.6    -1.6     60.1
MEAN             71.7              73.4    -1.7     74.0
DAYS MAX >= 90     13              17.5    -4.5       41
DAYS MAX <= 32      0               0.0     0.0        0
DAYS MIN <= 32      0               0.0     0.0        0
DAYS MIN <= 0       0               0.0     0.0        0

PRECIPITATION (INCHES)
RECORD
 MAXIMUM        23.76   1981
 MINIMUM         3.15   1988
TOTALS           7.98             13.30   -5.32     3.41
DAILY AVG.       0.09                               0.04
DAYS >= .01        22              27.1    -5.1       18
DAYS >= .10        12              18.2    -6.2        8
DAYS >= .50         6               8.3    -2.3        1
DAYS >= 1.00        2               3.6    -1.6        1
GREATEST
 24 HR. TOTAL    1.67   MM                          1.20

SNOWFALL (INCHES)
RECORDS
 TOTAL              T   2011
                        2008
                        2004
 24 HR TOTAL      0.0   MM
TOTALS              TR              0.0     0.0      0.0
DAYS >= TRACE       1               0.0     1.0        0
DAYS >= 1.0         0               0.0     0.0        0
GREATEST
 SNOW DEPTH         0   MM                             0
 24 HR TOTAL      0.0   MM                           0.0

DEGREE_DAYS
HEATING TOTAL      39                26      13       19
 SINCE 7/1         22                 9      13        5
COOLING TOTAL     669               798    -129      879
 SINCE 1/1        771               889    -118     1070

FREEZE DATES
RECORD
 EARLIEST     09/11/1917
 LATEST       05/29/1925
EARLIEST                        10/12
LATEST                          04/18
..............................................................

SKY COVER
POSSIBLE SUNSHINE (PERCENT)   MM


WEATHER CONDITIONS. NUMBER OF DAYS WITH
THUNDERSTORM              0     MIXED PRECIP               0
HEAVY RAIN                7     RAIN                      11
LIGHT RAIN               33     FREEZING RAIN              0
LT FREEZING RAIN          0     HAIL                       1
HEAVY SNOW                0     SNOW                       0
LIGHT SNOW                0     SLEET                      0
FOG                      31     FOG W/VIS <= 1/4 MILE      4
HAZE                      1

-  INDICATES NEGATIVE NUMBERS.
R  INDICATES RECORD WAS SET OR TIED.
MM INDICATES DATA IS MISSING.
T  INDICATES TRACE AMOUNT.

$$
